{"id":42,"date":"2019-07-17T09:45:18","date_gmt":"2019-07-17T12:45:18","guid":{"rendered":"https:\/\/www.ufsm.br\/laboratorios\/leelmat\/?page_id=42"},"modified":"2020-01-02T09:41:33","modified_gmt":"2020-01-02T12:41:33","slug":"links-uteis","status":"publish","type":"page","link":"https:\/\/www.ufsm.br\/laboratorios\/leelmat\/links-uteis","title":{"rendered":"Links \u00fateis"},"content":{"rendered":"\t\t<div data-elementor-type=\"wp-post\" data-elementor-id=\"42\" class=\"elementor elementor-42\">\n\t\t\t\t\t\t<section class=\"elementor-section elementor-top-section elementor-element elementor-element-1f56b01 elementor-section-boxed elementor-section-height-default elementor-section-height-default\" data-id=\"1f56b01\" data-element_type=\"section\">\n\t\t\t\t\t\t<div class=\"elementor-container elementor-column-gap-default\">\n\t\t\t\t\t<div class=\"elementor-column elementor-col-33 elementor-top-column elementor-element elementor-element-f63bd93\" data-id=\"f63bd93\" data-element_type=\"column\">\n\t\t\t<div class=\"elementor-widget-wrap elementor-element-populated\">\n\t\t\t\t\t\t<div class=\"elementor-element elementor-element-231fed8 elementor-widget elementor-widget-text-editor\" data-id=\"231fed8\" data-element_type=\"widget\" data-widget_type=\"text-editor.default\">\n\t\t\t\t<div class=\"elementor-widget-container\">\n\t\t\t\t\t\t\t<p><strong>Links UFSM<\/strong><\/p><ul><li><a href=\"http:\/\/www.ufsm.br\/\" target=\"_blank\" rel=\"noopener noreferrer\">UFSM<\/a><\/li><li><a href=\"http:\/\/w3.ufsm.br\/ccne\/\" target=\"_blank\" rel=\"noopener noreferrer\">CCNE<\/a><\/li><li><a href=\"https:\/\/sites.google.com\/site\/pgfisicaufsm\/\" target=\"_blank\" rel=\"noopener noreferrer\">P\u00f3s-Gradua\u00e7\u00e3o F\u00edsica<\/a><\/li><li><a href=\"http:\/\/w3.ufsm.br\/cursodefisica\/\" target=\"_blank\" rel=\"noopener noreferrer\">Gradua\u00e7\u00e3o\u00a0F\u00edsica<\/a><\/li><li><a href=\"http:\/\/coral.ufsm.br\/prpgp\/\" target=\"_blank\" rel=\"noopener noreferrer\">Pr\u00f3-Reitorias\u00a0de PG e Pesquisa<\/a><\/li><li><a href=\"http:\/\/w3.ufsm.br\/biblioteca\/\" target=\"_blank\" rel=\"noopener noreferrer\">Biblioteca<\/a><\/li><li><a href=\"http:\/\/cascavel.cpd.ufsm.br\/tede\/\" target=\"_blank\" rel=\"noopener noreferrer\">BDTD-UFSM<\/a><\/li><li><a href=\"http:\/\/coral.ufsm.br\/derca\/\" target=\"_blank\" rel=\"noopener noreferrer\">DERCA<\/a><\/li><li><a href=\"https:\/\/www.ufsm.br\/orgaos-suplementares\/cpd\/\">CPD<\/a><\/li><li><a href=\"https:\/\/www.ufsm.br\/2012\/04\/09\/lancamento-do-centro-de-processamento-de-alto-desempenho-da-ufsm\/\">CPAD<\/a><\/li><\/ul><p><strong>Links diversos<\/strong><\/p><ul><li><a href=\"http:\/\/www.capes.gov.br\/\" target=\"_blank\" rel=\"noopener noreferrer\">CAPES<\/a><\/li><li><a href=\"http:\/\/www.cnpq.br\/\" target=\"_blank\" rel=\"noopener noreferrer\">CNPq<\/a><\/li><li><a href=\"http:\/\/www.fapergs.rs.gov.br\/\" target=\"_blank\" rel=\"noopener noreferrer\">FAPERGS<\/a><\/li><li><a href=\"http:\/\/www.sbfisica.org.br\/v1\/\" target=\"_blank\" rel=\"noopener noreferrer\">SBF<\/a><\/li><li><a href=\"http:\/\/www.cenapad.unicamp.br\/\" target=\"_blank\" rel=\"noopener noreferrer\">CENAPAD-SP<\/a><\/li><li><a href=\"http:\/\/www.cesup.ufrgs.br\/\" target=\"_blank\" rel=\"noopener noreferrer\">CESUP<\/a><\/li><\/ul>\t\t\t\t\t\t<\/div>\n\t\t\t\t<\/div>\n\t\t\t\t\t<\/div>\n\t\t<\/div>\n\t\t\t\t<div class=\"elementor-column elementor-col-33 elementor-top-column elementor-element elementor-element-eae5710\" data-id=\"eae5710\" data-element_type=\"column\">\n\t\t\t<div class=\"elementor-widget-wrap elementor-element-populated\">\n\t\t\t\t\t\t<div class=\"elementor-element elementor-element-fd6af78 elementor-widget elementor-widget-text-editor\" data-id=\"fd6af78\" data-element_type=\"widget\" data-widget_type=\"text-editor.default\">\n\t\t\t\t<div class=\"elementor-widget-container\">\n\t\t\t\t\t\t\t<p><strong>Links institucionais<\/strong><\/p><ul><li><a href=\"http:\/\/www.ufsm.br\/\" target=\"_blank\" rel=\"noopener\">Universidade Federal de Santa Maria<\/a><\/li><li><a href=\"http:\/\/w3.ufsm.br\/ccne\/\" target=\"_blank\" rel=\"noopener\">Centro de Ci\u00eancias Naturais e exatas &#8211; CCNE<\/a><\/li><li><a href=\"http:\/\/www.ufsm.br\/pgfisica\" target=\"_blank\" rel=\"noopener\">Programa de P\u00f3s-Gradua\u00e7\u00e3o em F\u00edsica &#8211; PGF\u00edsica &#8211; UFSM<\/a><\/li><li><a href=\"http:\/\/w3.ufsm.br\/cursodefisica\/\" target=\"_blank\" rel=\"noopener\">Gradua\u00e7\u00e3o em F\u00edsica &#8211; UFSM<\/a><\/li><li><a href=\"http:\/\/sites.multiweb.ufsm.br\/portalcpd\/index.php\/pt-BR\/\" target=\"_blank\" rel=\"noopener\">Centro de Processamento de Dados &#8211; CPD<\/a><\/li><li><a href=\"http:\/\/200.18.45.28\/sites\/cpad2\/\" target=\"_blank\" rel=\"noopener\">Centro de Processamento de Alto Desempenho &#8211; CPAD<\/a><\/li><\/ul><p><strong>Peri\u00f3dicos e ferramentas de busca<\/strong><\/p><ul><li><a href=\"http:\/\/www-periodicos-capes-gov-br.ez47.periodicos.capes.gov.br\/index.php?option=com_phome&amp;Itemid=68&amp;\" target=\"_blank\" rel=\"noopener\">Portal de Peri\u00f3dicos da CAPES<\/a><\/li><li><a href=\"http:\/\/apps.webofknowledge.com\/UA_GeneralSearch_input.do?product=UA&amp;search_mode=GeneralSearch&amp;SID=2CleOl2CxOWnNPE5f3p&amp;preferencesSaved=\" target=\"_blank\" rel=\"noopener\">Web of Knowledge<\/a><\/li><li><a href=\"http:\/\/www.scielo.org\/php\/index.php\" target=\"_blank\" rel=\"noopener\">SciELO<\/a><\/li><li><a href=\"http:\/\/www.scopus.com\/;jsessionid=14FF00C4D2AD87797BA5E2024382B2A3.WlW7NKKC52nnQNxjqAQrlA\" target=\"_blank\" rel=\"noopener\">Scopus<\/a><\/li><\/ul>\t\t\t\t\t\t<\/div>\n\t\t\t\t<\/div>\n\t\t\t\t\t<\/div>\n\t\t<\/div>\n\t\t\t\t<div class=\"elementor-column elementor-col-33 elementor-top-column elementor-element elementor-element-ffe2b5c\" data-id=\"ffe2b5c\" data-element_type=\"column\">\n\t\t\t<div class=\"elementor-widget-wrap elementor-element-populated\">\n\t\t\t\t\t\t<div class=\"elementor-element elementor-element-22fe87f elementor-widget elementor-widget-text-editor\" data-id=\"22fe87f\" data-element_type=\"widget\" data-widget_type=\"text-editor.default\">\n\t\t\t\t<div class=\"elementor-widget-container\">\n\t\t\t\t\t\t\t<p><strong>Institutos e Sociedades de F\u00edsica<\/strong><\/p><ul><li><a href=\"http:\/\/www.sbfisica.org.br\/v1\/\" target=\"_blank\" rel=\"noopener\">Sociedade Brasileira de F\u00edsica<\/a><\/li><li><a href=\"http:\/\/www.iop.org\/\" target=\"_blank\" rel=\"noopener\">Institute of Physics (EUA)<\/a><\/li><li><a href=\"http:\/\/royalsociety.org\/\" target=\"_blank\" rel=\"noopener\">The Royal Society (Reino Unido)<\/a><\/li><li><a href=\"http:\/\/www.sfpnet.fr\/index.php\" target=\"_blank\" rel=\"noopener\">Soci\u00e9t\u00e9 Fran\u00e7aise de Physique (Fran\u00e7a)<\/a><\/li><li><a href=\"http:\/\/www.dpg-physik.de\/index.html\" target=\"_blank\" rel=\"noopener\">Deutsche Physikalische Gesellschaft (Alemanha)<\/a><\/li><li><a href=\"http:\/\/www.jps.or.jp\/\" target=\"_blank\" rel=\"noopener\">The Physical Society of Japan (Jap\u00e3o)<\/a><\/li><\/ul><p><strong>Programas utilizados pelo grupo<\/strong><\/p><ul><li><a href=\"http:\/\/www.vasp.at\/\" target=\"_blank\" rel=\"noopener\">VASP<\/a><\/li><li><a href=\"http:\/\/departments.icmab.es\/leem\/siesta\/\" target=\"_blank\" rel=\"noopener\">SIESTA<\/a><\/li><li>GAUSSIAN<\/li><li><a href=\"http:\/\/www.gromacs.org\/\" target=\"_blank\" rel=\"noopener\">GROMACS<\/a><\/li><li><a href=\"http:\/\/lammps.sandia.gov\/\" target=\"_blank\" rel=\"noopener\">LAMMPS<\/a><\/li><li><a href=\"http:\/\/www.ks.uiuc.edu\/Research\/namd\/\" target=\"_blank\" rel=\"noopener\">NAMD<\/a><\/li><\/ul>\t\t\t\t\t\t<\/div>\n\t\t\t\t<\/div>\n\t\t\t\t\t<\/div>\n\t\t<\/div>\n\t\t\t\t\t<\/div>\n\t\t<\/section>\n\t\t\t\t<\/div>\n\t\t","protected":false},"excerpt":{"rendered":"<p>Links UFSM UFSM CCNE P\u00f3s-Gradua\u00e7\u00e3o F\u00edsica Gradua\u00e7\u00e3o\u00a0F\u00edsica Pr\u00f3-Reitorias\u00a0de PG e Pesquisa Biblioteca BDTD-UFSM DERCA CPD CPAD Links diversos CAPES CNPq FAPERGS SBF CENAPAD-SP CESUP Links institucionais Universidade Federal de Santa Maria Centro de Ci\u00eancias Naturais e exatas &#8211; CCNE Programa de P\u00f3s-Gradua\u00e7\u00e3o em F\u00edsica &#8211; PGF\u00edsica &#8211; UFSM Gradua\u00e7\u00e3o em F\u00edsica &#8211; UFSM Centro de [&hellip;]<\/p>\n","protected":false},"author":115,"featured_media":0,"parent":0,"menu_order":0,"comment_status":"closed","ping_status":"closed","template":"","meta":{"footnotes":""},"categories":[],"tags":[],"class_list":["post-42","page","type-page","status-publish","hentry"],"acf":[],"_links":{"self":[{"href":"https:\/\/www.ufsm.br\/laboratorios\/leelmat\/wp-json\/wp\/v2\/pages\/42","targetHints":{"allow":["GET"]}}],"collection":[{"href":"https:\/\/www.ufsm.br\/laboratorios\/leelmat\/wp-json\/wp\/v2\/pages"}],"about":[{"href":"https:\/\/www.ufsm.br\/laboratorios\/leelmat\/wp-json\/wp\/v2\/types\/page"}],"author":[{"embeddable":true,"href":"https:\/\/www.ufsm.br\/laboratorios\/leelmat\/wp-json\/wp\/v2\/users\/115"}],"replies":[{"embeddable":true,"href":"https:\/\/www.ufsm.br\/laboratorios\/leelmat\/wp-json\/wp\/v2\/comments?post=42"}],"version-history":[{"count":0,"href":"https:\/\/www.ufsm.br\/laboratorios\/leelmat\/wp-json\/wp\/v2\/pages\/42\/revisions"}],"wp:attachment":[{"href":"https:\/\/www.ufsm.br\/laboratorios\/leelmat\/wp-json\/wp\/v2\/media?parent=42"}],"wp:term":[{"taxonomy":"category","embeddable":true,"href":"https:\/\/www.ufsm.br\/laboratorios\/leelmat\/wp-json\/wp\/v2\/categories?post=42"},{"taxonomy":"post_tag","embeddable":true,"href":"https:\/\/www.ufsm.br\/laboratorios\/leelmat\/wp-json\/wp\/v2\/tags?post=42"}],"curies":[{"name":"wp","href":"https:\/\/api.w.org\/{rel}","templated":true}]}}