{"id":50,"date":"2019-07-17T10:30:02","date_gmt":"2019-07-17T13:30:02","guid":{"rendered":"https:\/\/www.ufsm.br\/laboratorios\/leelmat\/?page_id=50"},"modified":"2019-07-17T10:30:04","modified_gmt":"2019-07-17T13:30:04","slug":"galeria","status":"publish","type":"page","link":"https:\/\/www.ufsm.br\/laboratorios\/leelmat\/galeria","title":{"rendered":"Galeria"},"content":{"rendered":"\n<p><img fetchpriority=\"high\" decoding=\"async\" class=\"alignnone wp-image-51 size-large\" src=\"https:\/\/www.ufsm.br\/laboratorios\/leelmat\/wp-content\/uploads\/sites\/691\/2019\/07\/logo-leelmat-fig-azul-1024x596.jpg\" alt=\"\" width=\"1024\" height=\"596\" srcset=\"https:\/\/www.ufsm.br\/app\/uploads\/sites\/691\/2019\/07\/logo-leelmat-fig-azul-1024x596.jpg 1024w, https:\/\/www.ufsm.br\/app\/uploads\/sites\/691\/2019\/07\/logo-leelmat-fig-azul-300x175.jpg 300w, https:\/\/www.ufsm.br\/app\/uploads\/sites\/691\/2019\/07\/logo-leelmat-fig-azul-768x447.jpg 768w, https:\/\/www.ufsm.br\/app\/uploads\/sites\/691\/2019\/07\/logo-leelmat-fig-azul.jpg 1920w\" sizes=\"(max-width: 1024px) 100vw, 1024px\" \/><\/p>\n<p><img decoding=\"async\" class=\"alignnone wp-image-52 size-large\" src=\"https:\/\/www.ufsm.br\/laboratorios\/leelmat\/wp-content\/uploads\/sites\/691\/2019\/07\/2013-10-11-10.40.48-1024x768.jpg\" alt=\"\" width=\"1024\" height=\"768\" srcset=\"https:\/\/www.ufsm.br\/app\/uploads\/sites\/691\/2019\/07\/2013-10-11-10.40.48-1024x768.jpg 1024w, https:\/\/www.ufsm.br\/app\/uploads\/sites\/691\/2019\/07\/2013-10-11-10.40.48-300x225.jpg 300w, https:\/\/www.ufsm.br\/app\/uploads\/sites\/691\/2019\/07\/2013-10-11-10.40.48-768x576.jpg 768w, https:\/\/www.ufsm.br\/app\/uploads\/sites\/691\/2019\/07\/2013-10-11-10.40.48.jpg 1600w\" sizes=\"(max-width: 1024px) 100vw, 1024px\" \/><\/p>\n<p style=\"text-align: center\">Alunos da P\u00f3s-Gradua\u00e7\u00e3o<\/p>\n<p><img decoding=\"async\" class=\"alignnone wp-image-53 size-full\" src=\"https:\/\/www.ufsm.br\/laboratorios\/leelmat\/wp-content\/uploads\/sites\/691\/2019\/07\/8430325410236624735.jpg\" alt=\"\" width=\"800\" height=\"600\" srcset=\"https:\/\/www.ufsm.br\/app\/uploads\/sites\/691\/2019\/07\/8430325410236624735.jpg 800w, https:\/\/www.ufsm.br\/app\/uploads\/sites\/691\/2019\/07\/8430325410236624735-300x225.jpg 300w, https:\/\/www.ufsm.br\/app\/uploads\/sites\/691\/2019\/07\/8430325410236624735-768x576.jpg 768w\" sizes=\"(max-width: 800px) 100vw, 800px\" \/><\/p>\n","protected":false},"excerpt":{"rendered":"<p>Alunos da P\u00f3s-Gradua\u00e7\u00e3o<\/p>\n","protected":false},"author":115,"featured_media":0,"parent":0,"menu_order":0,"comment_status":"closed","ping_status":"closed","template":"","meta":{"footnotes":""},"categories":[],"tags":[],"class_list":["post-50","page","type-page","status-publish","hentry"],"acf":[],"_links":{"self":[{"href":"https:\/\/www.ufsm.br\/laboratorios\/leelmat\/wp-json\/wp\/v2\/pages\/50","targetHints":{"allow":["GET"]}}],"collection":[{"href":"https:\/\/www.ufsm.br\/laboratorios\/leelmat\/wp-json\/wp\/v2\/pages"}],"about":[{"href":"https:\/\/www.ufsm.br\/laboratorios\/leelmat\/wp-json\/wp\/v2\/types\/page"}],"author":[{"embeddable":true,"href":"https:\/\/www.ufsm.br\/laboratorios\/leelmat\/wp-json\/wp\/v2\/users\/115"}],"replies":[{"embeddable":true,"href":"https:\/\/www.ufsm.br\/laboratorios\/leelmat\/wp-json\/wp\/v2\/comments?post=50"}],"version-history":[{"count":0,"href":"https:\/\/www.ufsm.br\/laboratorios\/leelmat\/wp-json\/wp\/v2\/pages\/50\/revisions"}],"wp:attachment":[{"href":"https:\/\/www.ufsm.br\/laboratorios\/leelmat\/wp-json\/wp\/v2\/media?parent=50"}],"wp:term":[{"taxonomy":"category","embeddable":true,"href":"https:\/\/www.ufsm.br\/laboratorios\/leelmat\/wp-json\/wp\/v2\/categories?post=50"},{"taxonomy":"post_tag","embeddable":true,"href":"https:\/\/www.ufsm.br\/laboratorios\/leelmat\/wp-json\/wp\/v2\/tags?post=50"}],"curies":[{"name":"wp","href":"https:\/\/api.w.org\/{rel}","templated":true}]}}