{"id":32,"date":"2019-05-24T15:38:39","date_gmt":"2019-05-24T18:38:39","guid":{"rendered":"https:\/\/www.ufsm.br\/template-laboratprio\/?page_id=32"},"modified":"2019-07-03T12:26:15","modified_gmt":"2019-07-03T15:26:15","slug":"projetos","status":"publish","type":"page","link":"https:\/\/www.ufsm.br\/laboratorios\/lei\/projetos","title":{"rendered":"Projetos"},"content":{"rendered":"\n<p>Na \u00e1rea de ensino, de acordo com a demanda, os seguintes cursos de extens\u00e3o poder\u00e3o s\u00e3o oferecidos:<b><\/b><\/p>\n<p>1)\u00a0<a href=\"https:\/\/www.ufsm.br\/laboratorios\/lei\/wp-content\/uploads\/sites\/693\/2019\/07\/image9631.jpg\">Barragens de terra para fins agr\u00edcolas<\/a><\/p>\n<p>2)\u00a0<a href=\"https:\/\/www.ufsm.br\/laboratorios\/lei\/wp-content\/uploads\/sites\/693\/2019\/07\/image9651.jpg\">Esta\u00e7\u00f5es Elevat\u00f3rias \u2013 Elabora\u00e7\u00e3o de projetos, instala\u00e7\u00e3o e opera\u00e7\u00e3o<\/a><\/p>\n<p>3)\u00a0<a href=\"https:\/\/www.ufsm.br\/laboratorios\/lei\/wp-content\/uploads\/sites\/693\/2019\/07\/image10161.jpg\">Hidr\u00e1ulica e Elabora\u00e7\u00e3o de Projetos de Irriga\u00e7\u00e3o do Tipo Piv\u00f4 Central<\/a><\/p>\n<p>4)\u00a0<a href=\"https:\/\/www.ufsm.br\/laboratorios\/lei\/wp-content\/uploads\/sites\/693\/2019\/07\/image10161.jpg\">Hidr\u00e1ulica e Projetos de Irriga\u00e7\u00e3o Localizada<\/a><\/p>\n<p>5)\u00a0<a href=\"https:\/\/www.ufsm.br\/laboratorios\/lei\/wp-content\/uploads\/sites\/693\/2019\/07\/image11181.jpg\">Opera\u00e7\u00e3o e Manuten\u00e7\u00e3o de Sistemas de Irriga\u00e7\u00e3o do Tipo Piv\u00f4 Central<\/a><\/p>\n<p>6)\u00a0<a href=\"https:\/\/www.ufsm.br\/laboratorios\/lei\/wp-content\/uploads\/sites\/693\/2019\/07\/image11671.jpg\">Manejo de Irriga\u00e7\u00e3o \u2013 Automa\u00e7\u00e3o e crit\u00e9rios<\/a><\/p>\n<p>7)\u00a0<a href=\"https:\/\/www.ufsm.br\/laboratorios\/lei\/wp-content\/uploads\/sites\/693\/2019\/07\/image12101.jpg\">Uso de Softwares Gr\u00e1ficos para elabora\u00e7\u00e3o de Projetos de Irriga\u00e7\u00e3o<\/a><\/p>\n<p>e de Recursos H\u00eddricos<\/p>\n<p>\u00a0<\/p>\n","protected":false},"excerpt":{"rendered":"<p>Na \u00e1rea de ensino, de acordo com a demanda, os seguintes cursos de extens\u00e3o poder\u00e3o s\u00e3o oferecidos: 1)\u00a0Barragens de terra para fins agr\u00edcolas 2)\u00a0Esta\u00e7\u00f5es Elevat\u00f3rias \u2013 Elabora\u00e7\u00e3o de projetos, instala\u00e7\u00e3o e opera\u00e7\u00e3o 3)\u00a0Hidr\u00e1ulica e Elabora\u00e7\u00e3o de Projetos de Irriga\u00e7\u00e3o do Tipo Piv\u00f4 Central 4)\u00a0Hidr\u00e1ulica e Projetos de Irriga\u00e7\u00e3o Localizada 5)\u00a0Opera\u00e7\u00e3o e Manuten\u00e7\u00e3o de Sistemas de [&hellip;]<\/p>\n","protected":false},"author":25,"featured_media":0,"parent":0,"menu_order":0,"comment_status":"closed","ping_status":"closed","template":"","meta":{"footnotes":""},"categories":[],"tags":[],"class_list":["post-32","page","type-page","status-publish","hentry"],"acf":[],"_links":{"self":[{"href":"https:\/\/www.ufsm.br\/laboratorios\/lei\/wp-json\/wp\/v2\/pages\/32","targetHints":{"allow":["GET"]}}],"collection":[{"href":"https:\/\/www.ufsm.br\/laboratorios\/lei\/wp-json\/wp\/v2\/pages"}],"about":[{"href":"https:\/\/www.ufsm.br\/laboratorios\/lei\/wp-json\/wp\/v2\/types\/page"}],"author":[{"embeddable":true,"href":"https:\/\/www.ufsm.br\/laboratorios\/lei\/wp-json\/wp\/v2\/users\/25"}],"replies":[{"embeddable":true,"href":"https:\/\/www.ufsm.br\/laboratorios\/lei\/wp-json\/wp\/v2\/comments?post=32"}],"version-history":[{"count":0,"href":"https:\/\/www.ufsm.br\/laboratorios\/lei\/wp-json\/wp\/v2\/pages\/32\/revisions"}],"wp:attachment":[{"href":"https:\/\/www.ufsm.br\/laboratorios\/lei\/wp-json\/wp\/v2\/media?parent=32"}],"wp:term":[{"taxonomy":"category","embeddable":true,"href":"https:\/\/www.ufsm.br\/laboratorios\/lei\/wp-json\/wp\/v2\/categories?post=32"},{"taxonomy":"post_tag","embeddable":true,"href":"https:\/\/www.ufsm.br\/laboratorios\/lei\/wp-json\/wp\/v2\/tags?post=32"}],"curies":[{"name":"wp","href":"https:\/\/api.w.org\/{rel}","templated":true}]}}