{"id":183,"date":"2022-07-29T11:20:30","date_gmt":"2022-07-29T14:20:30","guid":{"rendered":"https:\/\/www.ufsm.br\/laboratorios\/lem\/?page_id=183"},"modified":"2024-09-06T11:51:21","modified_gmt":"2024-09-06T14:51:21","slug":"informacoes-gerais","status":"publish","type":"page","link":"https:\/\/www.ufsm.br\/laboratorios\/lem\/informacoes-gerais","title":{"rendered":"Sobre"},"content":{"rendered":"\t\t<div data-elementor-type=\"wp-page\" data-elementor-id=\"183\" class=\"elementor elementor-183\">\n\t\t\t\t\t\t<section class=\"elementor-section elementor-top-section elementor-element elementor-element-4c83a89c elementor-section-boxed elementor-section-height-default elementor-section-height-default\" data-id=\"4c83a89c\" data-element_type=\"section\">\n\t\t\t\t\t\t<div class=\"elementor-container elementor-column-gap-default\">\n\t\t\t\t\t<div class=\"elementor-column elementor-col-100 elementor-top-column elementor-element elementor-element-3353ca87\" data-id=\"3353ca87\" data-element_type=\"column\">\n\t\t\t<div class=\"elementor-widget-wrap elementor-element-populated\">\n\t\t\t\t\t\t<div class=\"elementor-element elementor-element-1785fd86 elementor-widget elementor-widget-text-editor\" data-id=\"1785fd86\" data-element_type=\"widget\" data-widget_type=\"text-editor.default\">\n\t\t\t\t<div class=\"elementor-widget-container\">\n\t\t\t\t\t\t\t<p><!-- wp:tadv\/classic-paragraph --><\/p>\n<p>O <b>Laborat\u00f3rio de Educa\u00e7\u00e3o Musical &#8211; LEM<\/b> foi&nbsp;<strong>criado no Centro de Educa\u00e7\u00e3o da UFSM, na d\u00e9cada de 1980<\/strong>, apresentando proje\u00e7\u00e3o como espa\u00e7o e lugar (CUNHA, 2008) de forma\u00e7\u00e3o e de produ\u00e7\u00e3o de conhecimentos, envolvendo o processo formativo de professores dos cursos de&nbsp;<strong>Pedagogia<\/strong>,&nbsp;<strong>Educa\u00e7\u00e3o Especial<\/strong>&nbsp;e de&nbsp;<strong>professores especialistas na \u00e1rea de M\u00fasica<\/strong>. Pensar o LEM como lugar de forma\u00e7\u00e3o \u00e9 reconhecer e conferir sentido e legitimidade ao Laborat\u00f3rio e \u00e0s pr\u00e1ticas formativas que promovemos, dotadas de significados e significa\u00e7\u00f5es que repercutem nos contextos profissionais.<\/p>\n<p>A cria\u00e7\u00e3o dos laborat\u00f3rios que comp\u00f5em o conjunto do&nbsp;<strong>LAMEN<\/strong>&nbsp;(Laborat\u00f3rios de Metodologia do Ensino) est\u00e1 vinculada ao&nbsp;<strong>Departamento de Metodologia do Ensino<\/strong>, do Centro de Educa\u00e7\u00e3o, que desde os anos 1980 busca&nbsp;<strong>qualificar os processos formativos dos futuros professores, vinculados \u00e0s diferentes licenciaturas da UFSM<\/strong>. Com vistas nisso, o Laborat\u00f3rio de M\u00fasica, atualmente Laborat\u00f3rio de Educa\u00e7\u00e3o Musical, juntamente com outros oito laborat\u00f3rios de diferentes \u00e1reas de conhecimento,&nbsp;<strong>foi criado no intuito de oferecer suporte estrutural e pedag\u00f3gico \u00e0s disciplinas<\/strong>&nbsp;de <b>Metodologias e Est\u00e1gios Supervisionados<\/b> ofertadas aos cursos atendidos pelo Centro de Educa\u00e7\u00e3o.&nbsp;Inicialmente, o conjunto dos laborat\u00f3rios localizava-se no pr\u00e9dio de extens\u00e3o da UFSM, no centro cidade, sendo transferido, nos anos 2000, para o campus.&nbsp;<\/p>\n<p>Atualmente, o <b>LEM<\/b> est\u00e1 localizado na&nbsp;<strong>sala 3368<\/strong>, do&nbsp;<strong>Centro de Educa\u00e7\u00e3o<\/strong>, em espa\u00e7o espec\u00edfico, tornando poss\u00edvel o desenvolvimento de trabalhos que envolvem&nbsp;<strong>pr\u00e1ticas vocais e instrumentais<\/strong>,&nbsp;<strong>viv\u00eancias pedag\u00f3gico-musicais<\/strong>, bem como&nbsp;<strong>reflex\u00f5es te\u00f3ricas.<\/strong>&nbsp;Com acervo de instrumentos musicais, discografia, livros e revistas especializadas, aparelhagem de som, banco de teses, disserta\u00e7\u00f5es e monografias, dentre outros materiais e equipamentos que qualificam a rela\u00e7\u00e3o dos acad\u00eamicos com a m\u00fasica e seu ensino,&nbsp;<strong>o LEM torna poss\u00edvel a constru\u00e7\u00e3o de conhecimentos basilares \u00e0 forma\u00e7\u00e3o de futuros professores, oferecendo forma\u00e7\u00e3o metodol\u00f3gica, da Did\u00e1tica da M\u00fasica, bem como de Est\u00e1gio Supervisionado<\/strong>.<\/p>\n<p>Ao longo dos anos, o Laborat\u00f3rio de Educa\u00e7\u00e3o Musical foi desenvolvendo a\u00e7\u00f5es que inclu\u00edram n\u00e3o apenas&nbsp;<strong>ensino<\/strong>, mas&nbsp;<strong>extens\u00e3o&nbsp;<\/strong>e&nbsp;<strong>pesquisa<\/strong>, acolhendo acad\u00eamicos de diferentes licenciaturas da UFSM, bem como professores de educa\u00e7\u00e3o b\u00e1sica de Santa Maria e regi\u00e3o. Neste processo, o LEM passou a constituir-se em lugar de discuss\u00e3o (CUNHA, 2008), reflex\u00e3o, produ\u00e7\u00e3o de conhecimentos e de desenvolvimento profissional para acad\u00eamicos, p\u00f3s-graduandos, professores e para os integrantes do grupo de pesquisa&nbsp;<a href=\"http:\/\/dgp.cnpq.br\/dgp\/espelhogrupo\/3639368301796280\"><strong>FAPEM: Forma\u00e7\u00e3o, A\u00e7\u00e3o e Pesquisa em Educa\u00e7\u00e3o Musical (CNPq)<\/strong><\/a>, problematizando, mediando e construindo junto a seus integrantes.<\/p>\n<p><\/p>\n<p>Desde os anos 2000, o Laborat\u00f3rio oferece&nbsp;<strong>Programa LEM: Tocar e Cantar<\/strong>, com oficinas de canto e instrumento, aberto \u00e0 acad\u00eamicos e \u00e0 comunidade externa. Al\u00e9m disso, realiza trabalhos em escolas de Santa Maria e oferta cursos de forma\u00e7\u00e3o continuada para professores da educa\u00e7\u00e3o b\u00e1sica a partir do&nbsp;<strong>Programa SOM<\/strong>&nbsp;e dos&nbsp;<strong>C\u00edrculos Formativos em M\u00fasica<\/strong>, programas de extens\u00e3o desenvolvidos pelo laborat\u00f3rio. Tais cursos t\u00eam sido, tamb\u00e9m, implementados em parceria com o FIIUFSM,&nbsp;<a href=\"https:\/\/www.ufsm.br\/unidades-universitarias\/cal\/eventos\/fiiufsm\/\"><strong>Festival de Internacional de Inverno da Universidade Federal de Santa Maria<\/strong><\/a>&nbsp;e com o Curso de&nbsp;<b><a href=\"https:\/\/www.ufsm.br\/cursos\/graduacao\/santa-maria\/musica\/licenciatura-em-musica\" target=\"_blank\">M\u00fasica &#8211; Licenciatura<\/a>.<\/b><\/p>\n<p><!-- \/wp:tadv\/classic-paragraph --><\/p>\t\t\t\t\t\t<\/div>\n\t\t\t\t<\/div>\n\t\t\t\t\t<\/div>\n\t\t<\/div>\n\t\t\t\t\t<\/div>\n\t\t<\/section>\n\t\t\t\t<\/div>\n\t\t","protected":false},"excerpt":{"rendered":"<p>O Laborat\u00f3rio de Educa\u00e7\u00e3o Musical &#8211; LEM foi&nbsp;criado no Centro de Educa\u00e7\u00e3o da UFSM, na d\u00e9cada de 1980, apresentando proje\u00e7\u00e3o como espa\u00e7o e lugar (CUNHA, 2008) de forma\u00e7\u00e3o e de produ\u00e7\u00e3o de conhecimentos, envolvendo o processo formativo de professores dos cursos de&nbsp;Pedagogia,&nbsp;Educa\u00e7\u00e3o Especial&nbsp;e de&nbsp;professores especialistas na \u00e1rea de M\u00fasica. Pensar o LEM como lugar de [&hellip;]<\/p>\n","protected":false},"author":867,"featured_media":0,"parent":0,"menu_order":0,"comment_status":"closed","ping_status":"closed","template":"","meta":{"footnotes":""},"categories":[],"tags":[],"class_list":["post-183","page","type-page","status-publish","hentry"],"acf":[],"_links":{"self":[{"href":"https:\/\/www.ufsm.br\/laboratorios\/lem\/wp-json\/wp\/v2\/pages\/183","targetHints":{"allow":["GET"]}}],"collection":[{"href":"https:\/\/www.ufsm.br\/laboratorios\/lem\/wp-json\/wp\/v2\/pages"}],"about":[{"href":"https:\/\/www.ufsm.br\/laboratorios\/lem\/wp-json\/wp\/v2\/types\/page"}],"author":[{"embeddable":true,"href":"https:\/\/www.ufsm.br\/laboratorios\/lem\/wp-json\/wp\/v2\/users\/867"}],"replies":[{"embeddable":true,"href":"https:\/\/www.ufsm.br\/laboratorios\/lem\/wp-json\/wp\/v2\/comments?post=183"}],"version-history":[{"count":0,"href":"https:\/\/www.ufsm.br\/laboratorios\/lem\/wp-json\/wp\/v2\/pages\/183\/revisions"}],"wp:attachment":[{"href":"https:\/\/www.ufsm.br\/laboratorios\/lem\/wp-json\/wp\/v2\/media?parent=183"}],"wp:term":[{"taxonomy":"category","embeddable":true,"href":"https:\/\/www.ufsm.br\/laboratorios\/lem\/wp-json\/wp\/v2\/categories?post=183"},{"taxonomy":"post_tag","embeddable":true,"href":"https:\/\/www.ufsm.br\/laboratorios\/lem\/wp-json\/wp\/v2\/tags?post=183"}],"curies":[{"name":"wp","href":"https:\/\/api.w.org\/{rel}","templated":true}]}}

<div data-elementor-type="wp-page" data-elementor-id="183" class="elementor elementor-183">
						<section class="elementor-section elementor-top-section elementor-element elementor-element-4c83a89c elementor-section-boxed elementor-section-height-default elementor-section-height-default" data-id="4c83a89c" data-element_type="section">
						<div class="elementor-container elementor-column-gap-default">
					<div class="elementor-column elementor-col-100 elementor-top-column elementor-element elementor-element-3353ca87" data-id="3353ca87" data-element_type="column">
			<div class="elementor-widget-wrap elementor-element-populated">
						<div class="elementor-element elementor-element-1785fd86 elementor-widget elementor-widget-text-editor" data-id="1785fd86" data-element_type="widget" data-widget_type="text-editor.default">
				<div class="elementor-widget-container">
							<p><!-- wp:tadv/classic-paragraph --></p>
<p>O <b>Laboratório de Educação Musical &#8211; LEM</b> foi&nbsp;<strong>criado no Centro de Educação da UFSM, na década de 1980</strong>, apresentando projeção como espaço e lugar (CUNHA, 2008) de formação e de produção de conhecimentos, envolvendo o processo formativo de professores dos cursos de&nbsp;<strong>Pedagogia</strong>,&nbsp;<strong>Educação Especial</strong>&nbsp;e de&nbsp;<strong>professores especialistas na área de Música</strong>. Pensar o LEM como lugar de formação é reconhecer e conferir sentido e legitimidade ao Laboratório e às práticas formativas que promovemos, dotadas de significados e significações que repercutem nos contextos profissionais.</p>
<p>A criação dos laboratórios que compõem o conjunto do&nbsp;<strong>LAMEN</strong>&nbsp;(Laboratórios de Metodologia do Ensino) está vinculada ao&nbsp;<strong>Departamento de Metodologia do Ensino</strong>, do Centro de Educação, que desde os anos 1980 busca&nbsp;<strong>qualificar os processos formativos dos futuros professores, vinculados às diferentes licenciaturas da UFSM</strong>. Com vistas nisso, o Laboratório de Música, atualmente Laboratório de Educação Musical, juntamente com outros oito laboratórios de diferentes áreas de conhecimento,&nbsp;<strong>foi criado no intuito de oferecer suporte estrutural e pedagógico às disciplinas</strong>&nbsp;de <b>Metodologias e Estágios Supervisionados</b> ofertadas aos cursos atendidos pelo Centro de Educação.&nbsp;Inicialmente, o conjunto dos laboratórios localizava-se no prédio de extensão da UFSM, no centro cidade, sendo transferido, nos anos 2000, para o campus.&nbsp;</p>
<p>Atualmente, o <b>LEM</b> está localizado na&nbsp;<strong>sala 3368</strong>, do&nbsp;<strong>Centro de Educação</strong>, em espaço específico, tornando possível o desenvolvimento de trabalhos que envolvem&nbsp;<strong>práticas vocais e instrumentais</strong>,&nbsp;<strong>vivências pedagógico-musicais</strong>, bem como&nbsp;<strong>reflexões teóricas.</strong>&nbsp;Com acervo de instrumentos musicais, discografia, livros e revistas especializadas, aparelhagem de som, banco de teses, dissertações e monografias, dentre outros materiais e equipamentos que qualificam a relação dos acadêmicos com a música e seu ensino,&nbsp;<strong>o LEM torna possível a construção de conhecimentos basilares à formação de futuros professores, oferecendo formação metodológica, da Didática da Música, bem como de Estágio Supervisionado</strong>.</p>
<p>Ao longo dos anos, o Laboratório de Educação Musical foi desenvolvendo ações que incluíram não apenas&nbsp;<strong>ensino</strong>, mas&nbsp;<strong>extensão&nbsp;</strong>e&nbsp;<strong>pesquisa</strong>, acolhendo acadêmicos de diferentes licenciaturas da UFSM, bem como professores de educação básica de Santa Maria e região. Neste processo, o LEM passou a constituir-se em lugar de discussão (CUNHA, 2008), reflexão, produção de conhecimentos e de desenvolvimento profissional para acadêmicos, pós-graduandos, professores e para os integrantes do grupo de pesquisa&nbsp;<a href="http://dgp.cnpq.br/dgp/espelhogrupo/3639368301796280"><strong>FAPEM: Formação, Ação e Pesquisa em Educação Musical (CNPq)</strong></a>, problematizando, mediando e construindo junto a seus integrantes.</p>
<p></p>
<p>Desde os anos 2000, o Laboratório oferece&nbsp;<strong>Programa LEM: Tocar e Cantar</strong>, com oficinas de canto e instrumento, aberto à acadêmicos e à comunidade externa. Além disso, realiza trabalhos em escolas de Santa Maria e oferta cursos de formação continuada para professores da educação básica a partir do&nbsp;<strong>Programa SOM</strong>&nbsp;e dos&nbsp;<strong>Círculos Formativos em Música</strong>, programas de extensão desenvolvidos pelo laboratório. Tais cursos têm sido, também, implementados em parceria com o FIIUFSM,&nbsp;<a href="https://www.ufsm.br/unidades-universitarias/cal/eventos/fiiufsm/"><strong>Festival de Internacional de Inverno da Universidade Federal de Santa Maria</strong></a>&nbsp;e com o Curso de&nbsp;<b><a href="https://www.ufsm.br/cursos/graduacao/santa-maria/musica/licenciatura-em-musica" target="_blank">Música &#8211; Licenciatura</a>.</b></p>
<p><!-- /wp:tadv/classic-paragraph --></p>						</div>
				</div>
					</div>
		</div>
					</div>
		</section>
				</div>

<p>O Laboratório de Educação Musical &#8211; LEM foi&nbsp;criado no Centro de Educação da UFSM, na década de 1980, apresentando projeção como espaço e lugar (CUNHA, 2008) de formação e de produção de conhecimentos, envolvendo o processo formativo de professores dos cursos de&nbsp;Pedagogia,&nbsp;Educação Especial&nbsp;e de&nbsp;professores especialistas na área de Música. Pensar o LEM como lugar de [&hellip;]</p>
