{"id":26,"date":"2019-05-14T17:03:27","date_gmt":"2019-05-14T20:03:27","guid":{"rendered":"https:\/\/www.ufsm.br\/template-laboratprio\/?page_id=26"},"modified":"2019-08-06T14:53:40","modified_gmt":"2019-08-06T17:53:40","slug":"contato","status":"publish","type":"page","link":"https:\/\/www.ufsm.br\/laboratorios\/lem\/contato","title":{"rendered":"Contato"},"content":{"rendered":"\n<p>Centro de Educa\u00e7\u00e3o &#8211; CE<br \/>Laborat\u00f3rio de Educa\u00e7\u00e3o Musical &#8211; LEM<br \/><br \/>Sala\u00a03368 &#8211; Pr\u00e9dio 16\u00a0<br \/>Fone (55) 3220-8926 (LAMEN)<br \/>E-Mail:\u00a0<a href=\"mailto:lem.som@hotmail.com\">lem.som@hotmail.com<\/a><\/p>\n<p style=\"text-align: left\" align=\"center\">Faixa de Camobi, Km 9<br \/>Campus Universit\u00e1rio<br \/>97105-900 &#8211; Santa Maria &#8211; RS<\/p>\n","protected":false},"excerpt":{"rendered":"<p>Centro de Educa\u00e7\u00e3o &#8211; CELaborat\u00f3rio de Educa\u00e7\u00e3o Musical &#8211; LEM Sala\u00a03368 &#8211; Pr\u00e9dio 16\u00a0Fone (55) 3220-8926 (LAMEN)E-Mail:\u00a0lem.som@hotmail.com Faixa de Camobi, Km 9Campus Universit\u00e1rio97105-900 &#8211; Santa Maria &#8211; RS<\/p>\n","protected":false},"author":124,"featured_media":0,"parent":0,"menu_order":0,"comment_status":"closed","ping_status":"closed","template":"","meta":{"footnotes":""},"categories":[],"tags":[],"class_list":["post-26","page","type-page","status-publish","hentry"],"acf":[],"_links":{"self":[{"href":"https:\/\/www.ufsm.br\/laboratorios\/lem\/wp-json\/wp\/v2\/pages\/26","targetHints":{"allow":["GET"]}}],"collection":[{"href":"https:\/\/www.ufsm.br\/laboratorios\/lem\/wp-json\/wp\/v2\/pages"}],"about":[{"href":"https:\/\/www.ufsm.br\/laboratorios\/lem\/wp-json\/wp\/v2\/types\/page"}],"author":[{"embeddable":true,"href":"https:\/\/www.ufsm.br\/laboratorios\/lem\/wp-json\/wp\/v2\/users\/124"}],"replies":[{"embeddable":true,"href":"https:\/\/www.ufsm.br\/laboratorios\/lem\/wp-json\/wp\/v2\/comments?post=26"}],"version-history":[{"count":0,"href":"https:\/\/www.ufsm.br\/laboratorios\/lem\/wp-json\/wp\/v2\/pages\/26\/revisions"}],"wp:attachment":[{"href":"https:\/\/www.ufsm.br\/laboratorios\/lem\/wp-json\/wp\/v2\/media?parent=26"}],"wp:term":[{"taxonomy":"category","embeddable":true,"href":"https:\/\/www.ufsm.br\/laboratorios\/lem\/wp-json\/wp\/v2\/categories?post=26"},{"taxonomy":"post_tag","embeddable":true,"href":"https:\/\/www.ufsm.br\/laboratorios\/lem\/wp-json\/wp\/v2\/tags?post=26"}],"curies":[{"name":"wp","href":"https:\/\/api.w.org\/{rel}","templated":true}]}}