{"id":39,"date":"2019-08-06T14:36:30","date_gmt":"2019-08-06T17:36:30","guid":{"rendered":"https:\/\/www.ufsm.br\/laboratorios\/lem\/?page_id=39"},"modified":"2022-07-06T11:32:13","modified_gmt":"2022-07-06T14:32:13","slug":"apresentacao","status":"publish","type":"page","link":"https:\/\/www.ufsm.br\/laboratorios\/lem\/apresentacao","title":{"rendered":"Apresenta\u00e7\u00e3o"},"content":{"rendered":"\n<p align=\"justify\">O Laborat\u00f3rio de Educa\u00e7\u00e3o Musical &#8211; LEM, do Centro de Educa\u00e7\u00e3o da UFSM, \u00e9 um laborat\u00f3rio de ensino, articulado \u00e0s atividades de pesquisa e extens\u00e3o desenvolvidas na Gradua\u00e7\u00e3o e na P\u00f3s-Gradua\u00e7\u00e3o.<\/p>\n<p align=\"justify\">Os Objetivos do LEM s\u00e3o:<\/p>\n<ul>\n<li>\n<div align=\"justify\">Proporcionar um espa\u00e7o para atividades de educa\u00e7\u00e3o musical a alunos dos cursos de Licenciatura em Pedagogia, Licenciatura em Educa\u00e7\u00e3o Especial e Licenciatura em M\u00fasica;<\/div>\n<\/li>\n<li>\n<div align=\"justify\">Desenvolver Atividades articuladas entre a Gradua\u00e7\u00e3o e o Programa de P\u00f3s-Gradua\u00e7\u00e3o em Educa\u00e7\u00e3o &#8211; Linha de Pesquisa Educa\u00e7\u00e3o e Artes (Educa\u00e7\u00e3o Musical);<\/div>\n<\/li>\n<li>\n<div align=\"justify\">Articular atividades de ensino com atividades de pesquisa e extens\u00e3o em educa\u00e7\u00e3o musical;<\/div>\n<\/li>\n<li>\n<div align=\"justify\">Manter e realizar empr\u00e9stimos de materiais did\u00e1ticos na \u00e1rea de Educa\u00e7\u00e3o Musical;<\/div>\n<\/li>\n<li>\n<div align=\"justify\">Viabilizar programas e projetos de educa\u00e7\u00e3o musical, no ensino, na pesquisa e na extens\u00e3o, que potencializem o desenvolvimento da educa\u00e7\u00e3o musical na forma\u00e7\u00e3o de professores.<\/div>\n<\/li>\n<\/ul>\n<p>O LEM est\u00e1 Organizado em Quatro grandes Linhas:<\/p>\n<p>1. Atividades de Ensino;<br \/><br \/>2.\u00a0Grupo de Pesquisa &#8211; FAPEM<br \/><br \/>3.\u00a0Programa de Forma\u00e7\u00e3o Musical na Universidade &#8211; Programa LEM:Tocar e Cantar;<br \/><br \/>4.\u00a0Programa de Forma\u00e7\u00e3o, Assessoria e Orienta\u00e7\u00e3o em M\u00fasica para Escolas e outros Espa\u00e7os Educacionais &#8211; Programa SOM.<\/p>\n","protected":false},"excerpt":{"rendered":"<p>O Laborat\u00f3rio de Educa\u00e7\u00e3o Musical &#8211; LEM, do Centro de Educa\u00e7\u00e3o da UFSM, \u00e9 um laborat\u00f3rio de ensino, articulado \u00e0s atividades de pesquisa e extens\u00e3o desenvolvidas na Gradua\u00e7\u00e3o e na P\u00f3s-Gradua\u00e7\u00e3o. Os Objetivos do LEM s\u00e3o: Proporcionar um espa\u00e7o para atividades de educa\u00e7\u00e3o musical a alunos dos cursos de Licenciatura em Pedagogia, Licenciatura em Educa\u00e7\u00e3o [&hellip;]<\/p>\n","protected":false},"author":117,"featured_media":0,"parent":0,"menu_order":0,"comment_status":"closed","ping_status":"closed","template":"","meta":{"footnotes":""},"categories":[],"tags":[],"class_list":["post-39","page","type-page","status-publish","hentry"],"acf":[],"_links":{"self":[{"href":"https:\/\/www.ufsm.br\/laboratorios\/lem\/wp-json\/wp\/v2\/pages\/39","targetHints":{"allow":["GET"]}}],"collection":[{"href":"https:\/\/www.ufsm.br\/laboratorios\/lem\/wp-json\/wp\/v2\/pages"}],"about":[{"href":"https:\/\/www.ufsm.br\/laboratorios\/lem\/wp-json\/wp\/v2\/types\/page"}],"author":[{"embeddable":true,"href":"https:\/\/www.ufsm.br\/laboratorios\/lem\/wp-json\/wp\/v2\/users\/117"}],"replies":[{"embeddable":true,"href":"https:\/\/www.ufsm.br\/laboratorios\/lem\/wp-json\/wp\/v2\/comments?post=39"}],"version-history":[{"count":0,"href":"https:\/\/www.ufsm.br\/laboratorios\/lem\/wp-json\/wp\/v2\/pages\/39\/revisions"}],"wp:attachment":[{"href":"https:\/\/www.ufsm.br\/laboratorios\/lem\/wp-json\/wp\/v2\/media?parent=39"}],"wp:term":[{"taxonomy":"category","embeddable":true,"href":"https:\/\/www.ufsm.br\/laboratorios\/lem\/wp-json\/wp\/v2\/categories?post=39"},{"taxonomy":"post_tag","embeddable":true,"href":"https:\/\/www.ufsm.br\/laboratorios\/lem\/wp-json\/wp\/v2\/tags?post=39"}],"curies":[{"name":"wp","href":"https:\/\/api.w.org\/{rel}","templated":true}]}}

Apresentação

<p align="justify">O Laboratório de Educação Musical &#8211; LEM, do Centro de Educação da UFSM, é um laboratório de ensino, articulado às atividades de pesquisa e extensão desenvolvidas na Graduação e na Pós-Graduação.</p>
<p align="justify">Os Objetivos do LEM são:</p>
<ul>
<li>
<div align="justify">Proporcionar um espaço para atividades de educação musical a alunos dos cursos de Licenciatura em Pedagogia, Licenciatura em Educação Especial e Licenciatura em Música;</div>
</li>
<li>
<div align="justify">Desenvolver Atividades articuladas entre a Graduação e o Programa de Pós-Graduação em Educação &#8211; Linha de Pesquisa Educação e Artes (Educação Musical);</div>
</li>
<li>
<div align="justify">Articular atividades de ensino com atividades de pesquisa e extensão em educação musical;</div>
</li>
<li>
<div align="justify">Manter e realizar empréstimos de materiais didáticos na área de Educação Musical;</div>
</li>
<li>
<div align="justify">Viabilizar programas e projetos de educação musical, no ensino, na pesquisa e na extensão, que potencializem o desenvolvimento da educação musical na formação de professores.</div>
</li>
</ul>
<p>O LEM está Organizado em Quatro grandes Linhas:</p>
<p>1. Atividades de Ensino;<br /><br />2. Grupo de Pesquisa &#8211; FAPEM<br /><br />3. Programa de Formação Musical na Universidade &#8211; Programa LEM:Tocar e Cantar;<br /><br />4. Programa de Formação, Assessoria e Orientação em Música para Escolas e outros Espaços Educacionais &#8211; Programa SOM.</p>

<p>O Laboratório de Educação Musical &#8211; LEM, do Centro de Educação da UFSM, é um laboratório de ensino, articulado às atividades de pesquisa e extensão desenvolvidas na Graduação e na Pós-Graduação. Os Objetivos do LEM são: Proporcionar um espaço para atividades de educação musical a alunos dos cursos de Licenciatura em Pedagogia, Licenciatura em Educação [&hellip;]</p>
