{"id":43,"date":"2019-08-06T14:44:19","date_gmt":"2019-08-06T17:44:19","guid":{"rendered":"https:\/\/www.ufsm.br\/laboratorios\/lem\/?page_id=43"},"modified":"2019-08-06T14:46:28","modified_gmt":"2019-08-06T17:46:28","slug":"programa-lem-tocar-e-cantar","status":"publish","type":"page","link":"https:\/\/www.ufsm.br\/laboratorios\/lem\/programa-lem-tocar-e-cantar","title":{"rendered":"Programa LEM: Tocar e Cantar"},"content":{"rendered":"\n<p align=\"justify\">O Programa LEM: Tocar e Cantar caracteriza-se como um programa que re\u00fane a\u00e7\u00f5es de ensino, extens\u00e3o e pesquisa, iniciado em 2003, o qual integra projetos de forma\u00e7\u00e3o musical e pedag\u00f3gico-musical desenvolvidos atrav\u00e9s de oficinas.<\/p>\n<p>Os Objetivos do Programa s\u00e3o:<\/p>\n<ul>\n<li>\n<div align=\"justify\">Ampliar trabalhos &#8221;de&#8221;, &#8221;para&#8221; e &#8221;sobre&#8221; a educa\u00e7\u00e3o musical na forma\u00e7\u00e3o inicial de professores;<\/div>\n<\/li>\n<li>\n<div align=\"justify\">Possibilitar a\u00e7\u00f5es integradas entre professores e acad\u00eamicos dos cursos de Licenciatura em M\u00fasica (oficineiros) e Pedagogia, Educa\u00e7\u00e3o Especial e demais Licenciaturas da UFSM (oficinandos);<\/div>\n<\/li>\n<li>\n<div align=\"justify\">Proporcionar o desenvolvimento musical e pedag\u00f3gico musical de alunos dos cursos de Pedagogia, Educa\u00e7\u00e3o Especial e Licenciatura em M\u00fasica;<\/div>\n<\/li>\n<li>\n<div align=\"justify\">Suscitar o debate sobre a rela\u00e7\u00e3o entre cursos na academia, visando \u00e0 qualifica\u00e7\u00e3o da forma\u00e7\u00e3o profissional do futuro professor.<\/div>\n<\/li>\n<\/ul>\n<p>A realiza\u00e7\u00e3o das oficinas ocorre em atividades semanais de:<\/p>\n<p>1. Flauta doce;<br \/><br \/>2. Percuss\u00e3o &#8211; Grupo Pedacurs\u00e3o;<br \/><br \/>3. Canto Coral &#8211; Grupo Vocal CE &#8211; Canta;<br \/><br \/>4. Viol\u00e3o;<br \/><br \/>5. Grupo Instrumental;<br \/><br \/>6. Linguagem Musical;<br \/><br \/>7. Aprecia\u00e7\u00e3o Musical.<\/p>\n","protected":false},"excerpt":{"rendered":"<p>O Programa LEM: Tocar e Cantar caracteriza-se como um programa que re\u00fane a\u00e7\u00f5es de ensino, extens\u00e3o e pesquisa, iniciado em 2003, o qual integra projetos de forma\u00e7\u00e3o musical e pedag\u00f3gico-musical desenvolvidos atrav\u00e9s de oficinas. Os Objetivos do Programa s\u00e3o: Ampliar trabalhos &#8221;de&#8221;, &#8221;para&#8221; e &#8221;sobre&#8221; a educa\u00e7\u00e3o musical na forma\u00e7\u00e3o inicial de professores; Possibilitar a\u00e7\u00f5es [&hellip;]<\/p>\n","protected":false},"author":117,"featured_media":0,"parent":0,"menu_order":0,"comment_status":"closed","ping_status":"closed","template":"","meta":{"footnotes":""},"categories":[],"tags":[],"class_list":["post-43","page","type-page","status-publish","hentry"],"acf":[],"_links":{"self":[{"href":"https:\/\/www.ufsm.br\/laboratorios\/lem\/wp-json\/wp\/v2\/pages\/43","targetHints":{"allow":["GET"]}}],"collection":[{"href":"https:\/\/www.ufsm.br\/laboratorios\/lem\/wp-json\/wp\/v2\/pages"}],"about":[{"href":"https:\/\/www.ufsm.br\/laboratorios\/lem\/wp-json\/wp\/v2\/types\/page"}],"author":[{"embeddable":true,"href":"https:\/\/www.ufsm.br\/laboratorios\/lem\/wp-json\/wp\/v2\/users\/117"}],"replies":[{"embeddable":true,"href":"https:\/\/www.ufsm.br\/laboratorios\/lem\/wp-json\/wp\/v2\/comments?post=43"}],"version-history":[{"count":0,"href":"https:\/\/www.ufsm.br\/laboratorios\/lem\/wp-json\/wp\/v2\/pages\/43\/revisions"}],"wp:attachment":[{"href":"https:\/\/www.ufsm.br\/laboratorios\/lem\/wp-json\/wp\/v2\/media?parent=43"}],"wp:term":[{"taxonomy":"category","embeddable":true,"href":"https:\/\/www.ufsm.br\/laboratorios\/lem\/wp-json\/wp\/v2\/categories?post=43"},{"taxonomy":"post_tag","embeddable":true,"href":"https:\/\/www.ufsm.br\/laboratorios\/lem\/wp-json\/wp\/v2\/tags?post=43"}],"curies":[{"name":"wp","href":"https:\/\/api.w.org\/{rel}","templated":true}]}}

<p align="justify">O Programa LEM: Tocar e Cantar caracteriza-se como um programa que reúne ações de ensino, extensão e pesquisa, iniciado em 2003, o qual integra projetos de formação musical e pedagógico-musical desenvolvidos através de oficinas.</p>
<p>Os Objetivos do Programa são:</p>
<ul>
<li>
<div align="justify">Ampliar trabalhos &#8221;de&#8221;, &#8221;para&#8221; e &#8221;sobre&#8221; a educação musical na formação inicial de professores;</div>
</li>
<li>
<div align="justify">Possibilitar ações integradas entre professores e acadêmicos dos cursos de Licenciatura em Música (oficineiros) e Pedagogia, Educação Especial e demais Licenciaturas da UFSM (oficinandos);</div>
</li>
<li>
<div align="justify">Proporcionar o desenvolvimento musical e pedagógico musical de alunos dos cursos de Pedagogia, Educação Especial e Licenciatura em Música;</div>
</li>
<li>
<div align="justify">Suscitar o debate sobre a relação entre cursos na academia, visando à qualificação da formação profissional do futuro professor.</div>
</li>
</ul>
<p>A realização das oficinas ocorre em atividades semanais de:</p>
<p>1. Flauta doce;<br /><br />2. Percussão &#8211; Grupo Pedacursão;<br /><br />3. Canto Coral &#8211; Grupo Vocal CE &#8211; Canta;<br /><br />4. Violão;<br /><br />5. Grupo Instrumental;<br /><br />6. Linguagem Musical;<br /><br />7. Apreciação Musical.</p>

<p>O Programa LEM: Tocar e Cantar caracteriza-se como um programa que reúne ações de ensino, extensão e pesquisa, iniciado em 2003, o qual integra projetos de formação musical e pedagógico-musical desenvolvidos através de oficinas. Os Objetivos do Programa são: Ampliar trabalhos &#8221;de&#8221;, &#8221;para&#8221; e &#8221;sobre&#8221; a educação musical na formação inicial de professores; Possibilitar ações [&hellip;]</p>
