{"id":72,"date":"2021-11-19T09:33:40","date_gmt":"2021-11-19T12:33:40","guid":{"rendered":"https:\/\/www.ufsm.br\/laboratorios\/lem\/?page_id=72"},"modified":"2022-10-19T13:19:19","modified_gmt":"2022-10-19T16:19:19","slug":"extensao","status":"publish","type":"page","link":"https:\/\/www.ufsm.br\/laboratorios\/lem\/extensao","title":{"rendered":"Extens\u00e3o"},"content":{"rendered":"\t\t<div data-elementor-type=\"wp-page\" data-elementor-id=\"72\" class=\"elementor elementor-72\">\n\t\t\t\t\t\t<section class=\"elementor-section elementor-top-section elementor-element elementor-element-60ec9af elementor-section-boxed elementor-section-height-default elementor-section-height-default\" data-id=\"60ec9af\" data-element_type=\"section\">\n\t\t\t\t\t\t<div class=\"elementor-container elementor-column-gap-default\">\n\t\t\t\t\t<div class=\"elementor-column elementor-col-100 elementor-top-column elementor-element elementor-element-4e2a72b\" data-id=\"4e2a72b\" data-element_type=\"column\">\n\t\t\t<div class=\"elementor-widget-wrap elementor-element-populated\">\n\t\t\t\t\t\t<div class=\"elementor-element elementor-element-975db5a elementor-widget elementor-widget-text-editor\" data-id=\"975db5a\" data-element_type=\"widget\" data-widget_type=\"text-editor.default\">\n\t\t\t\t<div class=\"elementor-widget-container\">\n\t\t\t\t\t\t\t<p>Ao longo dos anos, o Laborat\u00f3rio de Educa\u00e7\u00e3o Musical vem investindo de modo permanente em a\u00e7\u00f5es de extens\u00e3o, envolvendo forma\u00e7\u00e3o de professores e de comunidades escolares e n\u00e3o escolares. Dentre as a\u00e7\u00f5es realizadas desde os anos 2000, destacam-se:<\/p><ul><li><a href=\"https:\/\/www.ufsm.br\/laboratorios\/lem\/programa-lem-tocar-e-cantar-2\/\"><strong>Programa LEM<\/strong><\/a><ul><li>Programa LEM: Tocar e Cantar<\/li><li>Programa de Educa\u00e7\u00e3o Musical do LEM: tocar, cantar e formar<\/li><\/ul><\/li><li><a href=\"https:\/\/www.ufsm.br\/laboratorios\/lem\/programa-som\"><strong>Programa SOM<\/strong><\/a><ul><li>Programa SOM: Forma\u00e7\u00e3o, Assessoria e Orienta\u00e7\u00e3o em M\u00fasica<\/li><li>SOM: Programa de forma\u00e7\u00e3o em m\u00fasica<\/li><\/ul><\/li><li><strong><a href=\"https:\/\/www.ufsm.br\/laboratorios\/lem\/circulos-formativos-em-musica\/\">C\u00edrculos Formativos em M\u00fasica: Forma\u00e7\u00e3o e professores e pr\u00e1ticas musicais<\/a><\/strong><\/li><li><strong><a href=\"https:\/\/www.ufsm.br\/laboratorios\/lem\/producao-de-materiais-pedagogicos-para-as-escolas\/\">C\u00edrculos Formativos em M\u00fasica: Produ\u00e7\u00e3o de materiais pedag\u00f3gicos para as escolas<\/a><\/strong><\/li><li><strong>Musicais<\/strong><ul><li><strong><em>PIPA<\/em><\/strong> (Telma de Oliveira Ferreira)<\/li><li><a href=\"https:\/\/www.ufsm.br\/laboratorios\/lem\/musicais\/?\"><strong><em>Os Saltimbancos<\/em><\/strong><\/a> (Chico Buarque de Holanda)<\/li><\/ul><\/li><\/ul>\t\t\t\t\t\t<\/div>\n\t\t\t\t<\/div>\n\t\t\t\t\t<\/div>\n\t\t<\/div>\n\t\t\t\t\t<\/div>\n\t\t<\/section>\n\t\t\t\t<\/div>\n\t\t","protected":false},"excerpt":{"rendered":"<p>Ao longo dos anos, o Laborat\u00f3rio de Educa\u00e7\u00e3o Musical vem investindo de modo permanente em a\u00e7\u00f5es de extens\u00e3o, envolvendo forma\u00e7\u00e3o de professores e de comunidades escolares e n\u00e3o escolares. Dentre as a\u00e7\u00f5es realizadas desde os anos 2000, destacam-se: Programa LEM Programa LEM: Tocar e Cantar Programa de Educa\u00e7\u00e3o Musical do LEM: tocar, cantar e formar [&hellip;]<\/p>\n","protected":false},"author":867,"featured_media":0,"parent":0,"menu_order":0,"comment_status":"closed","ping_status":"closed","template":"","meta":{"footnotes":""},"categories":[],"tags":[],"class_list":["post-72","page","type-page","status-publish","hentry"],"acf":[],"_links":{"self":[{"href":"https:\/\/www.ufsm.br\/laboratorios\/lem\/wp-json\/wp\/v2\/pages\/72","targetHints":{"allow":["GET"]}}],"collection":[{"href":"https:\/\/www.ufsm.br\/laboratorios\/lem\/wp-json\/wp\/v2\/pages"}],"about":[{"href":"https:\/\/www.ufsm.br\/laboratorios\/lem\/wp-json\/wp\/v2\/types\/page"}],"author":[{"embeddable":true,"href":"https:\/\/www.ufsm.br\/laboratorios\/lem\/wp-json\/wp\/v2\/users\/867"}],"replies":[{"embeddable":true,"href":"https:\/\/www.ufsm.br\/laboratorios\/lem\/wp-json\/wp\/v2\/comments?post=72"}],"version-history":[{"count":0,"href":"https:\/\/www.ufsm.br\/laboratorios\/lem\/wp-json\/wp\/v2\/pages\/72\/revisions"}],"wp:attachment":[{"href":"https:\/\/www.ufsm.br\/laboratorios\/lem\/wp-json\/wp\/v2\/media?parent=72"}],"wp:term":[{"taxonomy":"category","embeddable":true,"href":"https:\/\/www.ufsm.br\/laboratorios\/lem\/wp-json\/wp\/v2\/categories?post=72"},{"taxonomy":"post_tag","embeddable":true,"href":"https:\/\/www.ufsm.br\/laboratorios\/lem\/wp-json\/wp\/v2\/tags?post=72"}],"curies":[{"name":"wp","href":"https:\/\/api.w.org\/{rel}","templated":true}]}}

Extensão

<div data-elementor-type="wp-page" data-elementor-id="72" class="elementor elementor-72">
						<section class="elementor-section elementor-top-section elementor-element elementor-element-60ec9af elementor-section-boxed elementor-section-height-default elementor-section-height-default" data-id="60ec9af" data-element_type="section">
						<div class="elementor-container elementor-column-gap-default">
					<div class="elementor-column elementor-col-100 elementor-top-column elementor-element elementor-element-4e2a72b" data-id="4e2a72b" data-element_type="column">
			<div class="elementor-widget-wrap elementor-element-populated">
						<div class="elementor-element elementor-element-975db5a elementor-widget elementor-widget-text-editor" data-id="975db5a" data-element_type="widget" data-widget_type="text-editor.default">
				<div class="elementor-widget-container">
							<p>Ao longo dos anos, o Laboratório de Educação Musical vem investindo de modo permanente em ações de extensão, envolvendo formação de professores e de comunidades escolares e não escolares. Dentre as ações realizadas desde os anos 2000, destacam-se:</p><ul><li><a href="https://www.ufsm.br/laboratorios/lem/programa-lem-tocar-e-cantar-2/"><strong>Programa LEM</strong></a><ul><li>Programa LEM: Tocar e Cantar</li><li>Programa de Educação Musical do LEM: tocar, cantar e formar</li></ul></li><li><a href="https://www.ufsm.br/laboratorios/lem/programa-som"><strong>Programa SOM</strong></a><ul><li>Programa SOM: Formação, Assessoria e Orientação em Música</li><li>SOM: Programa de formação em música</li></ul></li><li><strong><a href="https://www.ufsm.br/laboratorios/lem/circulos-formativos-em-musica/">Círculos Formativos em Música: Formação e professores e práticas musicais</a></strong></li><li><strong><a href="https://www.ufsm.br/laboratorios/lem/producao-de-materiais-pedagogicos-para-as-escolas/">Círculos Formativos em Música: Produção de materiais pedagógicos para as escolas</a></strong></li><li><strong>Musicais</strong><ul><li><strong><em>PIPA</em></strong> (Telma de Oliveira Ferreira)</li><li><a href="https://www.ufsm.br/laboratorios/lem/musicais/?"><strong><em>Os Saltimbancos</em></strong></a> (Chico Buarque de Holanda)</li></ul></li></ul>						</div>
				</div>
					</div>
		</div>
					</div>
		</section>
				</div>

<p>Ao longo dos anos, o Laboratório de Educação Musical vem investindo de modo permanente em ações de extensão, envolvendo formação de professores e de comunidades escolares e não escolares. Dentre as ações realizadas desde os anos 2000, destacam-se: Programa LEM Programa LEM: Tocar e Cantar Programa de Educação Musical do LEM: tocar, cantar e formar [&hellip;]</p>
