{"id":51,"date":"2019-08-06T14:30:32","date_gmt":"2019-08-06T17:30:32","guid":{"rendered":"https:\/\/www.ufsm.br\/laboratorios\/lgsr\/?page_id=51"},"modified":"2020-12-09T15:23:19","modified_gmt":"2020-12-09T18:23:19","slug":"links-uteis","status":"publish","type":"page","link":"https:\/\/www.ufsm.br\/laboratorios\/lgsr\/links-uteis","title":{"rendered":"Links  \u00fateis"},"content":{"rendered":"\n<p><span class=\"link\"><a href=\"http:\/\/coral.ufsm.br\/lgsr\/www.ufsm.br\">\u2022 UFSM &#8211; Universidade Federal de Santa Maria &#8211; Sede<\/a><\/span>\u00a0<\/p>\n<p><a href=\"https:\/\/www.ufsm.br\/unidades-universitarias\/frederico-westphalen\/\" target=\"_blank\" rel=\"noopener noreferrer\"><span class=\"link\">\u2022 UFSM &#8211; Universidade Federal de Santa Maria &#8211;\u00a0Campus de Frederico Westphalen<\/span><\/a><\/p>\n<p><\/p>\n<p><a href=\"https:\/\/www.ufsm.br\/unidades-universitarias\/frederico-westphalen\/departamentos\/depto-de-engenharia-florestal-ufsm-fw\/\" target=\"_blank\" rel=\"noopener noreferrer\"><span class=\"link\">\u2022 DEF &#8211; Departamento de Engenharia Florestal &#8211; UFSM &#8211; Campus de Frederico Westphalen<\/span><\/a><\/p>\n<p><span class=\"link\"><a href=\"http:\/\/www.dsr.inpe.br\/\">\u2022 INPE &#8211; Instituto Nacional de Pesquiasas Espaciais\u00a0<\/a><\/span><\/p>\n<p><span class=\"link\"><a href=\"http:\/\/www.icmbio.gov.br\/portal\/\">\u2022 ICMbio &#8211; Instituto Chico Mendes\u00a0<\/a><\/span><span class=\"link\"><a href=\"http:\/\/www2.ana.gov.br\/Paginas\/default.aspx\">\u2022 ANA &#8211; Ag\u00eancia Nacional de \u00c1guas<\/a><\/span><\/p>\n<p><span class=\"link\"><a href=\"http:\/\/www.sema.rs.gov.br\/\">\u2022 SEMA -Secretaria de Meio Ambiente<\/a><\/span><\/p>\n<p><span class=\"link\"><a href=\"http:\/\/www.sema.rs.gov.br\/\">\u00a0<\/a><\/span><span class=\"link\"><a href=\"http:\/\/www.cptec.inpe.br\/\">\u2022 CPTEC &#8211; Centro de Previs\u00e3o de Tempo e Estudos Clim\u00e1ticos<\/a><\/span><\/p>\n<p><span class=\"link\"><a href=\"http:\/\/www.mar.mil.br\/secirm\/atlas.htm\">\u2022 Atlas Geogr\u00e1fico das Zonas Costeiras e Oce\u00e2nicas do Brasil<\/a><\/span><\/p>\n<p><span class=\"link\"><a href=\"http:\/\/www.mec.gov.br\/\">\u2022 Minist\u00e9rio da Educa\u00e7\u00e3o<\/a><\/span><\/p>\n<p><span class=\"link\"><a href=\"http:\/\/www.comunidadespring.com.br\/\">\u2022 Comunidade Spring<\/a><\/span><\/p>\n<p><span class=\"link\"><a href=\"http:\/\/www.cdbrasil.cnpm.embrapa.br\/\">\u2022 Brasil Visto do Espa\u00e7o<\/a><\/span><\/p>\n<p><span class=\"link\"><a href=\"http:\/\/www.cnpm.embrapa.br\/\">\u2022 Embrapa &#8211; Monitoramentos por Sat\u00e9lite<\/a><\/span>\u00a0<\/p>\n<p><\/p>\n<p><span class=\"link\"><a href=\"http:\/\/www.dsr.inpe.br\/\">\u2022 INPE &#8211; Instituto Nacional de Pesquiasas Espaciais\u00a0<\/a><\/span><\/p>\n<p><span class=\"link\"><a href=\"http:\/\/www.icmbio.gov.br\/portal\/\">\u2022 ICMbio &#8211; Instituto Chico Mendes\u00a0<\/a><\/span><span class=\"link\"><a href=\"http:\/\/www2.ana.gov.br\/Paginas\/default.aspx\">\u2022 ANA &#8211; Ag\u00eancia Nacional de \u00c1guas<\/a><\/span><\/p>\n<p><span class=\"link\"><a href=\"http:\/\/www.sema.rs.gov.br\/\">\u2022 SEMA -Secretaria de Meio Ambiente<\/a><\/span><\/p>\n<p><span class=\"link\"><a href=\"http:\/\/www.sema.rs.gov.br\/\">\u00a0<\/a><\/span><span class=\"link\"><a href=\"http:\/\/www.cptec.inpe.br\/\">\u2022 CPTEC &#8211; Centro de Previs\u00e3o de Tempo e Estudos Clim\u00e1ticos<\/a><\/span><\/p>\n<p><span class=\"link\"><a href=\"http:\/\/www.mar.mil.br\/secirm\/atlas.htm\">\u2022 Atlas Geogr\u00e1fico das Zonas Costeiras e Oce\u00e2nicas do Brasil<\/a><\/span><\/p>\n<p><span class=\"link\"><a href=\"http:\/\/www.mec.gov.br\/\">\u2022 Minist\u00e9rio da Educa\u00e7\u00e3o<\/a><\/span><\/p>\n<p><span class=\"link\"><a href=\"http:\/\/www.comunidadespring.com.br\/\">\u2022 Comunidade Spring<\/a><\/span><\/p>\n<p><span class=\"link\"><a href=\"http:\/\/www.cdbrasil.cnpm.embrapa.br\/\">\u2022 Brasil Visto do Espa\u00e7o<\/a><\/span><\/p>\n<p><span class=\"link\"><a href=\"http:\/\/www.cnpm.embrapa.br\/\">\u2022 Embrapa &#8211; Monitoramentos por Sat\u00e9lite<\/a><\/span>\u00a0<\/p>\n","protected":false},"excerpt":{"rendered":"","protected":false},"author":115,"featured_media":0,"parent":0,"menu_order":0,"comment_status":"closed","ping_status":"closed","template":"","meta":{"footnotes":""},"categories":[],"tags":[],"class_list":["post-51","page","type-page","status-publish","hentry"],"acf":[],"_links":{"self":[{"href":"https:\/\/www.ufsm.br\/laboratorios\/lgsr\/wp-json\/wp\/v2\/pages\/51","targetHints":{"allow":["GET"]}}],"collection":[{"href":"https:\/\/www.ufsm.br\/laboratorios\/lgsr\/wp-json\/wp\/v2\/pages"}],"about":[{"href":"https:\/\/www.ufsm.br\/laboratorios\/lgsr\/wp-json\/wp\/v2\/types\/page"}],"author":[{"embeddable":true,"href":"https:\/\/www.ufsm.br\/laboratorios\/lgsr\/wp-json\/wp\/v2\/users\/115"}],"replies":[{"embeddable":true,"href":"https:\/\/www.ufsm.br\/laboratorios\/lgsr\/wp-json\/wp\/v2\/comments?post=51"}],"version-history":[{"count":0,"href":"https:\/\/www.ufsm.br\/laboratorios\/lgsr\/wp-json\/wp\/v2\/pages\/51\/revisions"}],"wp:attachment":[{"href":"https:\/\/www.ufsm.br\/laboratorios\/lgsr\/wp-json\/wp\/v2\/media?parent=51"}],"wp:term":[{"taxonomy":"category","embeddable":true,"href":"https:\/\/www.ufsm.br\/laboratorios\/lgsr\/wp-json\/wp\/v2\/categories?post=51"},{"taxonomy":"post_tag","embeddable":true,"href":"https:\/\/www.ufsm.br\/laboratorios\/lgsr\/wp-json\/wp\/v2\/tags?post=51"}],"curies":[{"name":"wp","href":"https:\/\/api.w.org\/{rel}","templated":true}]}}

Links  úteis

<p><span class="link"><a href="http://coral.ufsm.br/lgsr/www.ufsm.br">• UFSM &#8211; Universidade Federal de Santa Maria &#8211; Sede</a></span> </p>
<p><a href="https://www.ufsm.br/unidades-universitarias/frederico-westphalen/" target="_blank" rel="noopener noreferrer"><span class="link">• UFSM &#8211; Universidade Federal de Santa Maria &#8211; Campus de Frederico Westphalen</span></a></p>
<p></p>
<p><a href="https://www.ufsm.br/unidades-universitarias/frederico-westphalen/departamentos/depto-de-engenharia-florestal-ufsm-fw/" target="_blank" rel="noopener noreferrer"><span class="link">• DEF &#8211; Departamento de Engenharia Florestal &#8211; UFSM &#8211; Campus de Frederico Westphalen</span></a></p>
<p><span class="link"><a href="http://www.dsr.inpe.br/">• INPE &#8211; Instituto Nacional de Pesquiasas Espaciais </a></span></p>
<p><span class="link"><a href="http://www.icmbio.gov.br/portal/">• ICMbio &#8211; Instituto Chico Mendes </a></span><span class="link"><a href="http://www2.ana.gov.br/Paginas/default.aspx">• ANA &#8211; Agência Nacional de Águas</a></span></p>
<p><span class="link"><a href="http://www.sema.rs.gov.br/">• SEMA -Secretaria de Meio Ambiente</a></span></p>
<p><span class="link"><a href="http://www.sema.rs.gov.br/"> </a></span><span class="link"><a href="http://www.cptec.inpe.br/">• CPTEC &#8211; Centro de Previsão de Tempo e Estudos Climáticos</a></span></p>
<p><span class="link"><a href="http://www.mar.mil.br/secirm/atlas.htm">• Atlas Geográfico das Zonas Costeiras e Oceânicas do Brasil</a></span></p>
<p><span class="link"><a href="http://www.mec.gov.br/">• Ministério da Educação</a></span></p>
<p><span class="link"><a href="http://www.comunidadespring.com.br/">• Comunidade Spring</a></span></p>
<p><span class="link"><a href="http://www.cdbrasil.cnpm.embrapa.br/">• Brasil Visto do Espaço</a></span></p>
<p><span class="link"><a href="http://www.cnpm.embrapa.br/">• Embrapa &#8211; Monitoramentos por Satélite</a></span> </p>
<p></p>
<p><span class="link"><a href="http://www.dsr.inpe.br/">• INPE &#8211; Instituto Nacional de Pesquiasas Espaciais </a></span></p>
<p><span class="link"><a href="http://www.icmbio.gov.br/portal/">• ICMbio &#8211; Instituto Chico Mendes </a></span><span class="link"><a href="http://www2.ana.gov.br/Paginas/default.aspx">• ANA &#8211; Agência Nacional de Águas</a></span></p>
<p><span class="link"><a href="http://www.sema.rs.gov.br/">• SEMA -Secretaria de Meio Ambiente</a></span></p>
<p><span class="link"><a href="http://www.sema.rs.gov.br/"> </a></span><span class="link"><a href="http://www.cptec.inpe.br/">• CPTEC &#8211; Centro de Previsão de Tempo e Estudos Climáticos</a></span></p>
<p><span class="link"><a href="http://www.mar.mil.br/secirm/atlas.htm">• Atlas Geográfico das Zonas Costeiras e Oceânicas do Brasil</a></span></p>
<p><span class="link"><a href="http://www.mec.gov.br/">• Ministério da Educação</a></span></p>
<p><span class="link"><a href="http://www.comunidadespring.com.br/">• Comunidade Spring</a></span></p>
<p><span class="link"><a href="http://www.cdbrasil.cnpm.embrapa.br/">• Brasil Visto do Espaço</a></span></p>
<p><span class="link"><a href="http://www.cnpm.embrapa.br/">• Embrapa &#8211; Monitoramentos por Satélite</a></span> </p>
