{"id":1252,"date":"2020-09-28T10:22:57","date_gmt":"2020-09-28T13:22:57","guid":{"rendered":"https:\/\/www.ufsm.br\/laboratorios\/lince\/?page_id=1252"},"modified":"2024-07-10T09:21:07","modified_gmt":"2024-07-10T12:21:07","slug":"bolsas","status":"publish","type":"page","link":"https:\/\/www.ufsm.br\/laboratorios\/lince\/bolsas","title":{"rendered":"Informa\u00e7\u00f5es sobre Bolsas"},"content":{"rendered":"\t\t<div data-elementor-type=\"wp-page\" data-elementor-id=\"1252\" class=\"elementor elementor-1252\">\n\t\t\t\t\t\t<section class=\"elementor-section elementor-top-section elementor-element elementor-element-959b327 elementor-section-boxed elementor-section-height-default elementor-section-height-default\" data-id=\"959b327\" data-element_type=\"section\">\n\t\t\t\t\t\t<div class=\"elementor-container elementor-column-gap-default\">\n\t\t\t\t\t<div class=\"elementor-column elementor-col-100 elementor-top-column elementor-element elementor-element-6a9621c\" data-id=\"6a9621c\" data-element_type=\"column\">\n\t\t\t<div class=\"elementor-widget-wrap elementor-element-populated\">\n\t\t\t\t\t\t<div class=\"elementor-element elementor-element-7f59e90 elementor-widget elementor-widget-spacer\" data-id=\"7f59e90\" data-element_type=\"widget\" data-widget_type=\"spacer.default\">\n\t\t\t\t<div class=\"elementor-widget-container\">\n\t\t\t\t\t<div class=\"elementor-spacer\">\n\t\t\t<div class=\"elementor-spacer-inner\"><\/div>\n\t\t<\/div>\n\t\t\t\t<\/div>\n\t\t\t\t<\/div>\n\t\t\t\t\t<\/div>\n\t\t<\/div>\n\t\t\t\t\t<\/div>\n\t\t<\/section>\n\t\t\t\t<section class=\"elementor-section elementor-top-section elementor-element elementor-element-04faa02 elementor-section-boxed elementor-section-height-default elementor-section-height-default\" data-id=\"04faa02\" data-element_type=\"section\">\n\t\t\t\t\t\t<div class=\"elementor-container elementor-column-gap-default\">\n\t\t\t\t\t<div class=\"elementor-column elementor-col-100 elementor-top-column elementor-element elementor-element-d66fbb5\" data-id=\"d66fbb5\" data-element_type=\"column\">\n\t\t\t<div class=\"elementor-widget-wrap elementor-element-populated\">\n\t\t\t\t\t\t<div class=\"elementor-element elementor-element-67f1696 elementor-invisible elementor-widget elementor-widget-text-editor\" data-id=\"67f1696\" data-element_type=\"widget\" data-settings=\"{&quot;_animation&quot;:&quot;fadeInDown&quot;}\" data-widget_type=\"text-editor.default\">\n\t\t\t\t<div class=\"elementor-widget-container\">\n\t\t\t\t\t\t\t<p>A UNITI-LINCE desfruta de vagas do Programa Bolsa de Assist\u00eancia ao Estudante PRAE, confira abaixo informa\u00e7\u00f5es a respeito desse programa bem como suas devidas Resolu\u00e7\u00f5es. Tamb\u00e9m \u00e9 poss\u00edvel visualizar informa\u00e7\u00f5es mais espec\u00edficas sobre as fun\u00e7\u00f5es que os bolsistas desempenham na unidade, assim como concorrer a uma das vagas ofertadas. Para mais informa\u00e7\u00f5es entre em contato com a equipe da UNITI-LINCE.<\/p>\t\t\t\t\t\t<\/div>\n\t\t\t\t<\/div>\n\t\t\t\t\t<\/div>\n\t\t<\/div>\n\t\t\t\t\t<\/div>\n\t\t<\/section>\n\t\t\t\t<section class=\"elementor-section elementor-top-section elementor-element elementor-element-87d40a3 elementor-section-boxed elementor-section-height-default elementor-section-height-default\" data-id=\"87d40a3\" data-element_type=\"section\">\n\t\t\t\t\t\t<div class=\"elementor-container elementor-column-gap-default\">\n\t\t\t\t\t<div class=\"elementor-column elementor-col-100 elementor-top-column elementor-element elementor-element-1028b4f\" data-id=\"1028b4f\" data-element_type=\"column\">\n\t\t\t<div class=\"elementor-widget-wrap elementor-element-populated\">\n\t\t\t\t\t\t<div class=\"elementor-element elementor-element-053bc0b elementor-invisible elementor-widget elementor-widget-heading\" data-id=\"053bc0b\" data-element_type=\"widget\" data-settings=\"{&quot;_animation&quot;:&quot;lightSpeedIn&quot;}\" data-widget_type=\"heading.default\">\n\t\t\t\t<div class=\"elementor-widget-container\">\n\t\t\t<h5 class=\"elementor-heading-title elementor-size-default\">Crit\u00e9rios e orienta\u00e7\u00f5es definidos pela PRAE<\/h5>\t\t<\/div>\n\t\t\t\t<\/div>\n\t\t\t\t<div class=\"elementor-element elementor-element-c7c96fa animated-slow elementor-invisible elementor-widget elementor-widget-toggle\" data-id=\"c7c96fa\" data-element_type=\"widget\" data-settings=\"{&quot;_animation&quot;:&quot;fadeIn&quot;,&quot;_animation_delay&quot;:&quot;300&quot;}\" data-widget_type=\"toggle.default\">\n\t\t\t\t<div class=\"elementor-widget-container\">\n\t\t\t\t\t<div class=\"elementor-toggle\">\n\t\t\t\t\t\t\t<div class=\"elementor-toggle-item\">\n\t\t\t\t\t<h4 id=\"elementor-tab-title-2091\" class=\"elementor-tab-title\" data-tab=\"1\" role=\"button\" aria-controls=\"elementor-tab-content-2091\" aria-expanded=\"false\">\n\t\t\t\t\t\t\t\t\t\t\t\t<span class=\"elementor-toggle-icon elementor-toggle-icon-right\" aria-hidden=\"true\">\n\t\t\t\t\t\t\t\t\t\t\t\t\t\t\t<span class=\"elementor-toggle-icon-closed\"><i class=\"fas fa-chevron-down\"><\/i><\/span>\n\t\t\t\t\t\t\t\t<span class=\"elementor-toggle-icon-opened\"><i class=\"elementor-toggle-icon-opened fas fa-minus\"><\/i><\/span>\n\t\t\t\t\t\t\t\t\t\t\t\t\t<\/span>\n\t\t\t\t\t\t\t\t\t\t\t\t<a class=\"elementor-toggle-title\" tabindex=\"0\"><div><i class=\"fas fa-exclamation-triangle\"><\/i><span style=\"margin-left: 10px\">Crit\u00e9rios para Admiss\u00e3o no Programa de Bolsas PRAE<\/span><\/div><\/a>\n\t\t\t\t\t<\/h4>\n\n\t\t\t\t\t<div id=\"elementor-tab-content-2091\" class=\"elementor-tab-content elementor-clearfix\" data-tab=\"1\" role=\"region\" aria-labelledby=\"elementor-tab-title-2091\"><ul><li>Matr\u00edcula e frequ\u00eancia em curso de gradua\u00e7\u00e3o UFSM ou ensino m\u00e9dio UFSM;<\/li><li>Aproveitamento de, no m\u00ednimo, 50% das disciplinas cursadas no semestre anterior;<\/li><li>Perman\u00eancia na bolsa n\u00e3o poder\u00e1 exceder o per\u00edodo normal de dura\u00e7\u00e3o do curso, acrescido de 2 (dois semestres), contados a partir do ingresso na institui\u00e7\u00e3o, descontando-se os trancamentos totais;<\/li><li>Caso aluno j\u00e1 tenha sido bolsista PRAE, dever\u00e1 ter entregue relat\u00f3rio referente a essa(s) bolsa(s);<\/li><li>Habilidades e conhecimentos espec\u00edficos para desenvolver as atividades propostas no Plano de Atividades;<\/li><li>Alunos calouros n\u00e3o precisam comprovar aproveitamento de 50% e a entrega de relat\u00f3rio referente a bolsas anteriores;<\/li><\/ul><\/div>\n\t\t\t\t<\/div>\n\t\t\t\t\t\t\t<div class=\"elementor-toggle-item\">\n\t\t\t\t\t<h4 id=\"elementor-tab-title-2092\" class=\"elementor-tab-title\" data-tab=\"2\" role=\"button\" aria-controls=\"elementor-tab-content-2092\" aria-expanded=\"false\">\n\t\t\t\t\t\t\t\t\t\t\t\t<span class=\"elementor-toggle-icon elementor-toggle-icon-right\" aria-hidden=\"true\">\n\t\t\t\t\t\t\t\t\t\t\t\t\t\t\t<span class=\"elementor-toggle-icon-closed\"><i class=\"fas fa-chevron-down\"><\/i><\/span>\n\t\t\t\t\t\t\t\t<span class=\"elementor-toggle-icon-opened\"><i class=\"elementor-toggle-icon-opened fas fa-minus\"><\/i><\/span>\n\t\t\t\t\t\t\t\t\t\t\t\t\t<\/span>\n\t\t\t\t\t\t\t\t\t\t\t\t<a class=\"elementor-toggle-title\" tabindex=\"0\"><div><i class=\"fas fa-file-contract\"><\/i><span style=\"margin-left: 10px\">Resolu\u00e7\u00f5es Bolsa PRAE<\/span><\/div><\/a>\n\t\t\t\t\t<\/h4>\n\n\t\t\t\t\t<div id=\"elementor-tab-content-2092\" class=\"elementor-tab-content elementor-clearfix\" data-tab=\"2\" role=\"region\" aria-labelledby=\"elementor-tab-title-2092\"><ul><li><a href=\"https:\/\/www.ufsm.br\/app\/uploads\/sites\/762\/2019\/09\/Resolucao-2015-035-1.pdf\" target=\"_blank\" rel=\"noopener\">RESOLU\u00c7\u00c3O n\u00ba 035\/2015:<\/a> Regulamenta o Programa de Benef\u00edcio Socioecon\u00f4mico no \u00e2mbito da Universidade Federal de Santa Maria e revoga a Resolu\u00e7\u00e3o N\u00ba 005\/08;0<\/li><li><a href=\"https:\/\/www.ufsm.br\/app\/uploads\/sites\/762\/2019\/09\/criterios_bolsas_na_ufsm_resoluo_001_de_13.pdf\" target=\"_blank\" rel=\"noopener\">RESOLU\u00c7\u00c3O n\u00ba 001\/2013:<\/a> Disp\u00f5e sobre concess\u00e3o, crit\u00e9rios de acesso, perman\u00eancia e suspens\u00e3o de Bolsas Estudantis de Ensino, de Pesquisa e de Extens\u00e3o na Universidade Federal de Santa Maria;<\/li><li><a href=\"https:\/\/www.ufsm.br\/app\/uploads\/sites\/762\/2020\/09\/Resolucao-1995-026.pdf\" target=\"_blank\" rel=\"noopener\">RESOLU\u00c7\u00c3O n\u00ba 026\/95:<\/a> Institui normas para concess\u00e3o de Bolsa Assist\u00eancia ao Estudante no \u00e2mbito da Universidade Federal de Santa Maria;<\/li><\/ul><\/div>\n\t\t\t\t<\/div>\n\t\t\t\t\t\t\t<div class=\"elementor-toggle-item\">\n\t\t\t\t\t<h4 id=\"elementor-tab-title-2093\" class=\"elementor-tab-title\" data-tab=\"3\" role=\"button\" aria-controls=\"elementor-tab-content-2093\" aria-expanded=\"false\">\n\t\t\t\t\t\t\t\t\t\t\t\t<span class=\"elementor-toggle-icon elementor-toggle-icon-right\" aria-hidden=\"true\">\n\t\t\t\t\t\t\t\t\t\t\t\t\t\t\t<span class=\"elementor-toggle-icon-closed\"><i class=\"fas fa-chevron-down\"><\/i><\/span>\n\t\t\t\t\t\t\t\t<span class=\"elementor-toggle-icon-opened\"><i class=\"elementor-toggle-icon-opened fas fa-minus\"><\/i><\/span>\n\t\t\t\t\t\t\t\t\t\t\t\t\t<\/span>\n\t\t\t\t\t\t\t\t\t\t\t\t<a class=\"elementor-toggle-title\" tabindex=\"0\"><div><i class=\"fas fa-map\"><\/i><span style=\"margin-left: 10px\">Orienta\u00e7\u00f5es para Emiss\u00e3o de Certificado<\/span><\/div><\/a>\n\t\t\t\t\t<\/h4>\n\n\t\t\t\t\t<div id=\"elementor-tab-content-2093\" class=\"elementor-tab-content elementor-clearfix\" data-tab=\"3\" role=\"region\" aria-labelledby=\"elementor-tab-title-2093\"><ul><li>Envio no in\u00edcio da bolsa do Plano de Atividades do Bolsista pela UNITI-LINCE ;<\/li><li>Envio no t\u00e9rmino da bolsa do Relat\u00f3rio de Atividades do Bolsista pela UNITI-LINCE;<\/li><li>Solicita\u00e7\u00e3o do Certificado pelo Bolsista junto \u00e0 PRAE;<\/li><li>Segundo <a href=\"https:\/\/www.ufsm.br\/app\/uploads\/sites\/762\/2019\/10\/2019.10.09_-Memo-Circular-001-2019-PRAE-pra-orientadores-bolsistas-Certifica\u00e7\u00e3o-1.pdf\" target=\"_blank\" rel=\"noopener\">Memorando Circular N\u00b0 001\/2019 PRAE<\/a> o prazo de entrega do certificado \u00e9 de 10 dias;<\/li><li>Bolsistas Recursos Pr\u00f3prios receber\u00e3o certificados conforme o projeto desenvolvido;<\/li><\/ul><\/div>\n\t\t\t\t<\/div>\n\t\t\t\t\t\t\t\t<\/div>\n\t\t\t\t<\/div>\n\t\t\t\t<\/div>\n\t\t\t\t\t<\/div>\n\t\t<\/div>\n\t\t\t\t\t<\/div>\n\t\t<\/section>\n\t\t\t\t<section class=\"elementor-section elementor-top-section elementor-element elementor-element-ebdea5f elementor-section-boxed elementor-section-height-default elementor-section-height-default\" data-id=\"ebdea5f\" data-element_type=\"section\">\n\t\t\t\t\t\t<div class=\"elementor-container elementor-column-gap-default\">\n\t\t\t\t\t<div class=\"elementor-column elementor-col-100 elementor-top-column elementor-element elementor-element-8b1c9d5\" data-id=\"8b1c9d5\" data-element_type=\"column\">\n\t\t\t<div class=\"elementor-widget-wrap elementor-element-populated\">\n\t\t\t\t\t\t<div class=\"elementor-element elementor-element-a95b8bc elementor-widget elementor-widget-spacer\" data-id=\"a95b8bc\" data-element_type=\"widget\" data-widget_type=\"spacer.default\">\n\t\t\t\t<div class=\"elementor-widget-container\">\n\t\t\t\t\t<div class=\"elementor-spacer\">\n\t\t\t<div class=\"elementor-spacer-inner\"><\/div>\n\t\t<\/div>\n\t\t\t\t<\/div>\n\t\t\t\t<\/div>\n\t\t\t\t\t<\/div>\n\t\t<\/div>\n\t\t\t\t\t<\/div>\n\t\t<\/section>\n\t\t\t\t<section class=\"elementor-section elementor-top-section elementor-element elementor-element-7e386a2 elementor-section-boxed elementor-section-height-default elementor-section-height-default\" data-id=\"7e386a2\" data-element_type=\"section\">\n\t\t\t\t\t\t<div class=\"elementor-container elementor-column-gap-default\">\n\t\t\t\t\t<div class=\"elementor-column elementor-col-100 elementor-top-column elementor-element elementor-element-b500d0d\" data-id=\"b500d0d\" data-element_type=\"column\">\n\t\t\t<div class=\"elementor-widget-wrap elementor-element-populated\">\n\t\t\t\t\t\t<div class=\"elementor-element elementor-element-cbff44f elementor-invisible elementor-widget elementor-widget-heading\" data-id=\"cbff44f\" data-element_type=\"widget\" data-settings=\"{&quot;_animation&quot;:&quot;lightSpeedIn&quot;}\" data-widget_type=\"heading.default\">\n\t\t\t\t<div class=\"elementor-widget-container\">\n\t\t\t<h5 class=\"elementor-heading-title elementor-size-default\">Crit\u00e9rios e orienta\u00e7\u00f5es definidos pela UNITI-LINCE<\/h5>\t\t<\/div>\n\t\t\t\t<\/div>\n\t\t\t\t<div class=\"elementor-element elementor-element-25151cb animated-slow elementor-invisible elementor-widget elementor-widget-toggle\" data-id=\"25151cb\" data-element_type=\"widget\" data-settings=\"{&quot;_animation&quot;:&quot;fadeIn&quot;,&quot;_animation_delay&quot;:&quot;300&quot;}\" data-widget_type=\"toggle.default\">\n\t\t\t\t<div class=\"elementor-widget-container\">\n\t\t\t\t\t<div class=\"elementor-toggle\">\n\t\t\t\t\t\t\t<div class=\"elementor-toggle-item\">\n\t\t\t\t\t<h4 id=\"elementor-tab-title-3881\" class=\"elementor-tab-title\" data-tab=\"1\" role=\"button\" aria-controls=\"elementor-tab-content-3881\" aria-expanded=\"false\">\n\t\t\t\t\t\t\t\t\t\t\t\t<span class=\"elementor-toggle-icon elementor-toggle-icon-right\" aria-hidden=\"true\">\n\t\t\t\t\t\t\t\t\t\t\t\t\t\t\t<span class=\"elementor-toggle-icon-closed\"><i class=\"fas fa-chevron-down\"><\/i><\/span>\n\t\t\t\t\t\t\t\t<span class=\"elementor-toggle-icon-opened\"><i class=\"elementor-toggle-icon-opened fas fa-minus\"><\/i><\/span>\n\t\t\t\t\t\t\t\t\t\t\t\t\t<\/span>\n\t\t\t\t\t\t\t\t\t\t\t\t<a class=\"elementor-toggle-title\" tabindex=\"0\"><div><i class=\"fas fa-info-circle\"><\/i><span style=\"margin-left: 10px\">Informa\u00e7\u00f5es Gerais<\/span><\/div><\/a>\n\t\t\t\t\t<\/h4>\n\n\t\t\t\t\t<div id=\"elementor-tab-content-3881\" class=\"elementor-tab-content elementor-clearfix\" data-tab=\"1\" role=\"region\" aria-labelledby=\"elementor-tab-title-3881\"><ul><li>Os candidatos \u00e0 Bolsa na UNITI-LINCE participar\u00e3o de Edital de sele\u00e7\u00e3o, e ap\u00f3s preencher\u00e3o a ficha cadastral;<\/li><li>As informa\u00e7\u00f5es preenchidas ser\u00e3o de responsabilidade de cada candidato; e<\/li><li>Bolsa PRAE dever\u00e1 cumprir 16h semanais distribu\u00eddas conforme disponibilidade do candidato e conforme hor\u00e1rio de expediente da UNITI-LINCE;<\/li><\/ul><p><a href=\"https:\/\/www.ufsm.br\/app\/uploads\/sites\/762\/2022\/08\/FICHA-CADASTRAL-UNITI-LINCE-11.08.2022.odt\" target=\"_blank\" rel=\"noopener\">Ficha Cadastral UNITI-LINCE<\/a><\/p><p><a href=\"https:\/\/www.ufsm.br\/app\/uploads\/sites\/762\/2023\/09\/2023-FORMULARIO-CADASTRO-BOLSISTA-PRAE-COD-2-2-1-1.odt\" target=\"_blank\" rel=\"noopener\">Formul\u00e1rio para cadastro de bolsita-PRAE<\/a><\/p><p><a href=\"https:\/\/www.ufsm.br\/app\/uploads\/sites\/762\/2023\/09\/2023-Plano-de-Atividades-UNITI-LINCE-MODELO.odt\" target=\"_blank\" rel=\"noopener\">Modelo de Plano de Atividades UNITI-LINCE<\/a><\/p><p><a href=\"https:\/\/www.ufsm.br\/app\/uploads\/sites\/762\/2023\/03\/RELATORIO-SEMESTRAL-DE-ATIVIDADE-PRAE.odt\" target=\"_blank\" rel=\"noopener\">Relat\u00f3rio semestral de atividades PRAE\u00a0<\/a><\/p><p><a href=\"https:\/\/www.ufsm.br\/app\/uploads\/sites\/416\/2020\/04\/Passo-a-passo-termo-assinatura-eletronica-PEN-SIE.pdf\" target=\"_blank\" rel=\"noopener\">Passo a passo para Termo de Concord\u00e2ncia e Assinatura Eletr\u00f4nica Cadastrada no SIE<\/a><\/p><\/div>\n\t\t\t\t<\/div>\n\t\t\t\t\t\t\t<div class=\"elementor-toggle-item\">\n\t\t\t\t\t<h4 id=\"elementor-tab-title-3882\" class=\"elementor-tab-title\" data-tab=\"2\" role=\"button\" aria-controls=\"elementor-tab-content-3882\" aria-expanded=\"false\">\n\t\t\t\t\t\t\t\t\t\t\t\t<span class=\"elementor-toggle-icon elementor-toggle-icon-right\" aria-hidden=\"true\">\n\t\t\t\t\t\t\t\t\t\t\t\t\t\t\t<span class=\"elementor-toggle-icon-closed\"><i class=\"fas fa-chevron-down\"><\/i><\/span>\n\t\t\t\t\t\t\t\t<span class=\"elementor-toggle-icon-opened\"><i class=\"elementor-toggle-icon-opened fas fa-minus\"><\/i><\/span>\n\t\t\t\t\t\t\t\t\t\t\t\t\t<\/span>\n\t\t\t\t\t\t\t\t\t\t\t\t<a class=\"elementor-toggle-title\" tabindex=\"0\"><div><i class=\"fas fa-keyboard\"><\/i><span style=\"margin-left: 10px\">Atividades da Bolsa<\/span><\/div><\/a>\n\t\t\t\t\t<\/h4>\n\n\t\t\t\t\t<div id=\"elementor-tab-content-3882\" class=\"elementor-tab-content elementor-clearfix\" data-tab=\"2\" role=\"region\" aria-labelledby=\"elementor-tab-title-3882\"><ul><li>Prestar, sob supervis\u00e3o e orienta\u00e7\u00e3o, suporte de tecnologias de informa\u00e7\u00e3o no Centro de Educa\u00e7\u00e3o;<\/li><li>Apreender e executar a instala\u00e7\u00e3o e atualiza\u00e7\u00e3o de <em>softwares<\/em>, desde que sejam originais e com licen\u00e7as ou livres;<\/li><li>Incentivar o uso de Softwares Livres ou originais;<\/li><li>Encaminhar \u00e0 UNITI-LINCE os membros da comunidade do CE que solicitem indica\u00e7\u00e3o e ou especifica\u00e7\u00e3o t\u00e9cnica de<em>\u00a0<\/em><i>softwares<\/i>\u00a0ou <em>hardwares<\/em>;<\/li><li>Auxiliar na remo\u00e7\u00e3o de v\u00edrus em pendrives e demais dispositivos de armazenamento;<\/li><li>Manter a funcionalidade dos equipamentos de inform\u00e1tica nas salas e audit\u00f3rios do Centro;<\/li><li>Monitorar a rede de internet (sem fio e cabeada) do Centro;<\/li><li>Registrar os atendimentos e suportes executados em rela\u00e7\u00e3o \u00e0s tecnologias de informa\u00e7\u00e3o no CE;<\/li><li>Executar controle de acesso e agendamentos das salas e laborat\u00f3rios administrados pela UNITI-LINCE;<\/li><li>Instalar equipamentos relativos \u00e0s tecnologias de informa\u00e7\u00e3o no \u00e2mbito do CE;<\/li><li>Auxiliar na utiliza\u00e7\u00e3o de equipamentos de inform\u00e1tica;<\/li><\/ul><div>\u00a0<\/div><\/div>\n\t\t\t\t<\/div>\n\t\t\t\t\t\t\t<div class=\"elementor-toggle-item\">\n\t\t\t\t\t<h4 id=\"elementor-tab-title-3883\" class=\"elementor-tab-title\" data-tab=\"3\" role=\"button\" aria-controls=\"elementor-tab-content-3883\" aria-expanded=\"false\">\n\t\t\t\t\t\t\t\t\t\t\t\t<span class=\"elementor-toggle-icon elementor-toggle-icon-right\" aria-hidden=\"true\">\n\t\t\t\t\t\t\t\t\t\t\t\t\t\t\t<span class=\"elementor-toggle-icon-closed\"><i class=\"fas fa-chevron-down\"><\/i><\/span>\n\t\t\t\t\t\t\t\t<span class=\"elementor-toggle-icon-opened\"><i class=\"elementor-toggle-icon-opened fas fa-minus\"><\/i><\/span>\n\t\t\t\t\t\t\t\t\t\t\t\t\t<\/span>\n\t\t\t\t\t\t\t\t\t\t\t\t<a class=\"elementor-toggle-title\" tabindex=\"0\"><div><i class=\"fas fa-restroom\"><\/i><span style=\"margin-left: 10px\">Crit\u00e9rios M\u00ednimos de Sele\u00e7\u00e3o<\/span><\/div><\/a>\n\t\t\t\t\t<\/h4>\n\n\t\t\t\t\t<div id=\"elementor-tab-content-3883\" class=\"elementor-tab-content elementor-clearfix\" data-tab=\"3\" role=\"region\" aria-labelledby=\"elementor-tab-title-3883\"><ul><li>Candidato que j\u00e1 desempenhou fun\u00e7\u00f5es de bolsista na Unidade;<\/li><li>Candidato dos cursos de Ci\u00eancia da Computa\u00e7\u00e3o, Engenharias (<em>preferencialmente Eng. de Computa\u00e7\u00e3o), <\/em>Sistemas de Informa\u00e7\u00e3o, T\u00e9cnico em Inform\u00e1tica, T\u00e9cnico em Inform\u00e1tica para Internet<em>, <\/em>Tecnologia em Redes de Computadores e Tecnologia em Sistemas para a Internet;<\/li><li>Experi\u00eancia e, ou, conhecimento na \u00e1rea de TI;<\/li><\/ul><\/div>\n\t\t\t\t<\/div>\n\t\t\t\t\t\t\t<div class=\"elementor-toggle-item\">\n\t\t\t\t\t<h4 id=\"elementor-tab-title-3884\" class=\"elementor-tab-title\" data-tab=\"4\" role=\"button\" aria-controls=\"elementor-tab-content-3884\" aria-expanded=\"false\">\n\t\t\t\t\t\t\t\t\t\t\t\t<span class=\"elementor-toggle-icon elementor-toggle-icon-right\" aria-hidden=\"true\">\n\t\t\t\t\t\t\t\t\t\t\t\t\t\t\t<span class=\"elementor-toggle-icon-closed\"><i class=\"fas fa-chevron-down\"><\/i><\/span>\n\t\t\t\t\t\t\t\t<span class=\"elementor-toggle-icon-opened\"><i class=\"elementor-toggle-icon-opened fas fa-minus\"><\/i><\/span>\n\t\t\t\t\t\t\t\t\t\t\t\t\t<\/span>\n\t\t\t\t\t\t\t\t\t\t\t\t<a class=\"elementor-toggle-title\" tabindex=\"0\"><div><i class=\"fas fa-book-open\"><\/i><span style=\"margin-left: 10px\">Conhecimentos Desejados<\/span><\/div><\/a>\n\t\t\t\t\t<\/h4>\n\n\t\t\t\t\t<div id=\"elementor-tab-content-3884\" class=\"elementor-tab-content elementor-clearfix\" data-tab=\"4\" role=\"region\" aria-labelledby=\"elementor-tab-title-3884\"><ul><li>Conhecimento em Linux: formata\u00e7\u00e3o e configura\u00e7\u00e3o em dual boot, compartilhamento de pastas e impressoras e instala\u00e7\u00e3o de programas;<\/li><li>Experi\u00eancia com Softwares Livres;<\/li><li>Conhecimento em WordPress;<\/li><li>Conhecimento em Windows: formata\u00e7\u00e3o e configura\u00e7\u00e3o em dual boot, compartilhamento de pastas e impressoras e instala\u00e7\u00e3o de programa.\u00a0<\/li><\/ul><\/div>\n\t\t\t\t<\/div>\n\t\t\t\t\t\t\t\t<\/div>\n\t\t\t\t<\/div>\n\t\t\t\t<\/div>\n\t\t\t\t\t<\/div>\n\t\t<\/div>\n\t\t\t\t\t<\/div>\n\t\t<\/section>\n\t\t\t\t<\/div>\n\t\t","protected":false},"excerpt":{"rendered":"<p>A UNITI-LINCE desfruta de vagas do Programa Bolsa de Assist\u00eancia ao Estudante PRAE, confira abaixo informa\u00e7\u00f5es a respeito desse programa bem como suas devidas Resolu\u00e7\u00f5es. Tamb\u00e9m \u00e9 poss\u00edvel visualizar informa\u00e7\u00f5es mais espec\u00edficas sobre as fun\u00e7\u00f5es que os bolsistas desempenham na unidade, assim como concorrer a uma das vagas ofertadas. Para mais informa\u00e7\u00f5es entre em contato [&hellip;]<\/p>\n","protected":false},"author":1988,"featured_media":0,"parent":0,"menu_order":0,"comment_status":"closed","ping_status":"closed","template":"","meta":{"footnotes":""},"categories":[],"tags":[],"class_list":["post-1252","page","type-page","status-publish","hentry"],"acf":[],"_links":{"self":[{"href":"https:\/\/www.ufsm.br\/laboratorios\/lince\/wp-json\/wp\/v2\/pages\/1252","targetHints":{"allow":["GET"]}}],"collection":[{"href":"https:\/\/www.ufsm.br\/laboratorios\/lince\/wp-json\/wp\/v2\/pages"}],"about":[{"href":"https:\/\/www.ufsm.br\/laboratorios\/lince\/wp-json\/wp\/v2\/types\/page"}],"author":[{"embeddable":true,"href":"https:\/\/www.ufsm.br\/laboratorios\/lince\/wp-json\/wp\/v2\/users\/1988"}],"replies":[{"embeddable":true,"href":"https:\/\/www.ufsm.br\/laboratorios\/lince\/wp-json\/wp\/v2\/comments?post=1252"}],"version-history":[{"count":0,"href":"https:\/\/www.ufsm.br\/laboratorios\/lince\/wp-json\/wp\/v2\/pages\/1252\/revisions"}],"wp:attachment":[{"href":"https:\/\/www.ufsm.br\/laboratorios\/lince\/wp-json\/wp\/v2\/media?parent=1252"}],"wp:term":[{"taxonomy":"category","embeddable":true,"href":"https:\/\/www.ufsm.br\/laboratorios\/lince\/wp-json\/wp\/v2\/categories?post=1252"},{"taxonomy":"post_tag","embeddable":true,"href":"https:\/\/www.ufsm.br\/laboratorios\/lince\/wp-json\/wp\/v2\/tags?post=1252"}],"curies":[{"name":"wp","href":"https:\/\/api.w.org\/{rel}","templated":true}]}}