{"id":2441,"date":"2022-11-29T11:30:43","date_gmt":"2022-11-29T14:30:43","guid":{"rendered":"https:\/\/www.ufsm.br\/laboratorios\/lince\/?page_id=2441"},"modified":"2023-07-13T09:44:32","modified_gmt":"2023-07-13T12:44:32","slug":"laudos-tecnicos","status":"publish","type":"page","link":"https:\/\/www.ufsm.br\/laboratorios\/lince\/laudos-tecnicos","title":{"rendered":"Laudos T\u00e9cnicos de equipamento de TI para fins de recolhimento"},"content":{"rendered":"\t\t<div data-elementor-type=\"wp-page\" data-elementor-id=\"2441\" class=\"elementor elementor-2441\">\n\t\t\t\t\t\t<section class=\"elementor-section elementor-top-section elementor-element elementor-element-45c9afe elementor-section-boxed elementor-section-height-default elementor-section-height-default\" data-id=\"45c9afe\" data-element_type=\"section\">\n\t\t\t\t\t\t<div class=\"elementor-container elementor-column-gap-default\">\n\t\t\t\t\t<div class=\"elementor-column elementor-col-100 elementor-top-column elementor-element elementor-element-5c314c4\" data-id=\"5c314c4\" data-element_type=\"column\">\n\t\t\t<div class=\"elementor-widget-wrap elementor-element-populated\">\n\t\t\t\t\t\t<div class=\"elementor-element elementor-element-983ed14 elementor-widget elementor-widget-spacer\" data-id=\"983ed14\" data-element_type=\"widget\" data-widget_type=\"spacer.default\">\n\t\t\t\t<div class=\"elementor-widget-container\">\n\t\t\t\t\t<div class=\"elementor-spacer\">\n\t\t\t<div class=\"elementor-spacer-inner\"><\/div>\n\t\t<\/div>\n\t\t\t\t<\/div>\n\t\t\t\t<\/div>\n\t\t\t\t\t<\/div>\n\t\t<\/div>\n\t\t\t\t\t<\/div>\n\t\t<\/section>\n\t\t\t\t<section class=\"elementor-section elementor-top-section elementor-element elementor-element-61c8ad8 elementor-section-boxed elementor-section-height-default elementor-section-height-default\" data-id=\"61c8ad8\" data-element_type=\"section\">\n\t\t\t\t\t\t<div class=\"elementor-container elementor-column-gap-default\">\n\t\t\t\t\t<div class=\"elementor-column elementor-col-100 elementor-top-column elementor-element elementor-element-fe6ceb2\" data-id=\"fe6ceb2\" data-element_type=\"column\">\n\t\t\t<div class=\"elementor-widget-wrap elementor-element-populated\">\n\t\t\t\t\t\t<div class=\"elementor-element elementor-element-26e5165 elementor-invisible elementor-widget elementor-widget-text-editor\" data-id=\"26e5165\" data-element_type=\"widget\" data-settings=\"{&quot;_animation&quot;:&quot;fadeInDown&quot;}\" data-widget_type=\"text-editor.default\">\n\t\t\t\t<div class=\"elementor-widget-container\">\n\t\t\t\t\t\t\t<p>Nesta p\u00e1gina \u00e9 poss\u00edvel ter acesso aos procedimentos adotados pela equipe da UNITI-LINCE para a elabora\u00e7\u00e3o de Laudos de equipamentos de TI para fins de recolhimento.<\/p><ul><li>Em casos de outras d\u00favidas referentes \u00e0 solicita\u00e7\u00e3o de recolhimento ou ao uso do Portal do Patrim\u00f4nio recomenda-se entrar em contato com a <a href=\"https:\/\/www.ufsm.br\/orgaos-executivos\/demapa\/divisao-de-patrimonio\/\" target=\"_blank\" rel=\"noopener\"><strong>Divis\u00e3o de Patrim\u00f4nio (DIPAT)<\/strong><\/a>.<\/li><\/ul>\t\t\t\t\t\t<\/div>\n\t\t\t\t<\/div>\n\t\t\t\t\t<\/div>\n\t\t<\/div>\n\t\t\t\t\t<\/div>\n\t\t<\/section>\n\t\t\t\t<section class=\"elementor-section elementor-top-section elementor-element elementor-element-8348c14 elementor-section-boxed elementor-section-height-default elementor-section-height-default\" data-id=\"8348c14\" data-element_type=\"section\">\n\t\t\t\t\t\t<div class=\"elementor-container elementor-column-gap-default\">\n\t\t\t\t\t<div class=\"elementor-column elementor-col-100 elementor-top-column elementor-element elementor-element-7a2eb88\" data-id=\"7a2eb88\" data-element_type=\"column\">\n\t\t\t<div class=\"elementor-widget-wrap elementor-element-populated\">\n\t\t\t\t\t\t<div class=\"elementor-element elementor-element-e06b490 elementor-invisible elementor-widget elementor-widget-heading\" data-id=\"e06b490\" data-element_type=\"widget\" data-settings=\"{&quot;_animation&quot;:&quot;lightSpeedIn&quot;}\" data-widget_type=\"heading.default\">\n\t\t\t\t<div class=\"elementor-widget-container\">\n\t\t\t<h5 class=\"elementor-heading-title elementor-size-default\">Procedimentos para a solicita\u00e7\u00e3o de Laudos de equipamentos de TI para fins de recolhimento<\/h5>\t\t<\/div>\n\t\t\t\t<\/div>\n\t\t\t\t<div class=\"elementor-element elementor-element-1b4eb50 animated-slow elementor-invisible elementor-widget elementor-widget-toggle\" data-id=\"1b4eb50\" data-element_type=\"widget\" data-settings=\"{&quot;_animation&quot;:&quot;fadeIn&quot;,&quot;_animation_delay&quot;:&quot;300&quot;}\" data-widget_type=\"toggle.default\">\n\t\t\t\t<div class=\"elementor-widget-container\">\n\t\t\t\t\t<div class=\"elementor-toggle\">\n\t\t\t\t\t\t\t<div class=\"elementor-toggle-item\">\n\t\t\t\t\t<h4 id=\"elementor-tab-title-2861\" class=\"elementor-tab-title\" data-tab=\"1\" role=\"button\" aria-controls=\"elementor-tab-content-2861\" aria-expanded=\"false\">\n\t\t\t\t\t\t\t\t\t\t\t\t<span class=\"elementor-toggle-icon elementor-toggle-icon-right\" aria-hidden=\"true\">\n\t\t\t\t\t\t\t\t\t\t\t\t\t\t\t<span class=\"elementor-toggle-icon-closed\"><i class=\"fas fa-chevron-down\"><\/i><\/span>\n\t\t\t\t\t\t\t\t<span class=\"elementor-toggle-icon-opened\"><i class=\"elementor-toggle-icon-opened fas fa-minus\"><\/i><\/span>\n\t\t\t\t\t\t\t\t\t\t\t\t\t<\/span>\n\t\t\t\t\t\t\t\t\t\t\t\t<a class=\"elementor-toggle-title\" tabindex=\"0\"><div><i class=\"fas fa-file-contract\"><\/i><span style=\"margin-left: 10px\">Solicita\u00e7\u00e3o de Laudo de equipamentos de TI para fins de recolhimento<\/span><\/div><\/a>\n\t\t\t\t\t<\/h4>\n\n\t\t\t\t\t<div id=\"elementor-tab-content-2861\" class=\"elementor-tab-content elementor-clearfix\" data-tab=\"1\" role=\"region\" aria-labelledby=\"elementor-tab-title-2861\"><p style=\"text-align: justify\">A UNITI-LINCE informa aos Servidores Docentes e T\u00e9cnicos Administrativos em Educa\u00e7\u00e3o do Centro de Educa\u00e7\u00e3o que a realiza\u00e7\u00e3o de <strong>LAUDO T\u00c9CNICO PARA FINS DE RECOLHIMENTO DE EQUIPAMENTOS DE TI<\/strong> ocorre perante agendamento e pode ser realizada nas depend\u00eancias da UNITI-LINCE ou no local onde encontram-se os equipamentos, conforme conveni\u00eancia.<\/p><ul><li>Para a realiza\u00e7\u00e3o do laudo, inicialmente solicita-se que sejam listados os patrim\u00f4nios dos equipamentos que precisam ser avaliados. Esta solicita\u00e7\u00e3o com a listagem dos patrim\u00f4nios deve ser feita por e-mail pelo respons\u00e1vel pelos equipamentos.<\/li><li>Ao receber a solicita\u00e7\u00e3o realiza-se uma primeira avalia\u00e7\u00e3o a partir da descri\u00e7\u00e3o do bem constante no Portal do Patrim\u00f4nio da UFSM. Ap\u00f3s, \u00e9 enviado um e-mail com a data para coleta dos equipamentos ou realiza\u00e7\u00e3o de avalia\u00e7\u00e3o no pr\u00f3prio local.\u00a0<\/li><li>Na elabora\u00e7\u00e3o de laudo para computadores, ressalta-se que, caso seja de interesse do usu\u00e1rio, \u00e9 necess\u00e1rio a realiza\u00e7\u00e3o de c\u00f3pia de seguran\u00e7a de dados (backup) pelo setor respons\u00e1vel pelo equipamento. Pois, todas as informa\u00e7\u00f5es constantes na m\u00e1quina ser\u00e3o apagadas, caso o equipamento esteja funcionando. Este procedimento \u00e9 feito no intuito de que as informa\u00e7\u00f5es constantes na m\u00e1quina n\u00e3o sejam expostas e acessadas de forma indevida.<\/li><li><span style=\"font-weight: 400\">A UNITI-LINCE n\u00e3o realiza a abertura dos equipamentos para an\u00e1lise do hardware. Assim, quando identifica-se esta necessidade, o respons\u00e1vel pelo equipamento \u00e9 informado para que o mesmo seja encaminhado at\u00e9 o LAMI.<\/span><\/li><li dir=\"ltr\">Quando o laudo estiver pronto, os equipamentos s\u00e3o devolvidos, perante agendamento pr\u00e9vio, para que o setor respons\u00e1vel pela carga patrimonial realize a devida solicita\u00e7\u00e3o de recolhimento.<\/li><\/ul><\/div>\n\t\t\t\t<\/div>\n\t\t\t\t\t\t\t<div class=\"elementor-toggle-item\">\n\t\t\t\t\t<h4 id=\"elementor-tab-title-2862\" class=\"elementor-tab-title\" data-tab=\"2\" role=\"button\" aria-controls=\"elementor-tab-content-2862\" aria-expanded=\"false\">\n\t\t\t\t\t\t\t\t\t\t\t\t<span class=\"elementor-toggle-icon elementor-toggle-icon-right\" aria-hidden=\"true\">\n\t\t\t\t\t\t\t\t\t\t\t\t\t\t\t<span class=\"elementor-toggle-icon-closed\"><i class=\"fas fa-chevron-down\"><\/i><\/span>\n\t\t\t\t\t\t\t\t<span class=\"elementor-toggle-icon-opened\"><i class=\"elementor-toggle-icon-opened fas fa-minus\"><\/i><\/span>\n\t\t\t\t\t\t\t\t\t\t\t\t\t<\/span>\n\t\t\t\t\t\t\t\t\t\t\t\t<a class=\"elementor-toggle-title\" tabindex=\"0\"><div><i class=\"fas fa-tasks\"><\/i><span style=\"margin-left: 10px\">Solicita\u00e7\u00e3o de recolhimento<\/span><\/div><\/a>\n\t\t\t\t\t<\/h4>\n\n\t\t\t\t\t<div id=\"elementor-tab-content-2862\" class=\"elementor-tab-content elementor-clearfix\" data-tab=\"2\" role=\"region\" aria-labelledby=\"elementor-tab-title-2862\"><p>Ap\u00f3s receber o Laudo T\u00e9cnico \u00e9 poss\u00edvel solicitar o recolhimento dos equipamentos junto ao Portal do Patrim\u00f4nio.\u00a0 Para isso, acesse:<\/p><ul><li dir=\"ltr\">Portal do Patrim\u00f4nio: <a href=\"https:\/\/portal.ufsm.br\/patrimonio\/index.html\" target=\"_blank\" rel=\"noopener\" data-saferedirecturl=\"https:\/\/www.google.com\/url?q=https:\/\/portal.ufsm.br\/patrimonio\/index.html&amp;source=gmail&amp;ust=1669820743596000&amp;usg=AOvVaw2EHITER3Mz4FbXsoYtEN4L\">https:\/\/portal.ufsm.br\/patrimonio\/index.html<\/a><\/li><li dir=\"ltr\">Recolhimento<\/li><li dir=\"ltr\">Novo recolhimento<\/li><li dir=\"ltr\">Ao realizar o pedido o laudo dever\u00e1 ser anexado.<\/li><\/ul><\/div>\n\t\t\t\t<\/div>\n\t\t\t\t\t\t\t<div class=\"elementor-toggle-item\">\n\t\t\t\t\t<h4 id=\"elementor-tab-title-2863\" class=\"elementor-tab-title\" data-tab=\"3\" role=\"button\" aria-controls=\"elementor-tab-content-2863\" aria-expanded=\"false\">\n\t\t\t\t\t\t\t\t\t\t\t\t<span class=\"elementor-toggle-icon elementor-toggle-icon-right\" aria-hidden=\"true\">\n\t\t\t\t\t\t\t\t\t\t\t\t\t\t\t<span class=\"elementor-toggle-icon-closed\"><i class=\"fas fa-chevron-down\"><\/i><\/span>\n\t\t\t\t\t\t\t\t<span class=\"elementor-toggle-icon-opened\"><i class=\"elementor-toggle-icon-opened fas fa-minus\"><\/i><\/span>\n\t\t\t\t\t\t\t\t\t\t\t\t\t<\/span>\n\t\t\t\t\t\t\t\t\t\t\t\t<a class=\"elementor-toggle-title\" tabindex=\"0\"><div><i class=\"fas fa-laptop-code\"><\/i><span style=\"margin-left: 10px\">Equipamentos classificados como Ocioso ou Recuper\u00e1vel<\/span><\/div><\/a>\n\t\t\t\t\t<\/h4>\n\n\t\t\t\t\t<div id=\"elementor-tab-content-2863\" class=\"elementor-tab-content elementor-clearfix\" data-tab=\"3\" role=\"region\" aria-labelledby=\"elementor-tab-title-2863\"><p dir=\"ltr\">Quando um equipamento \u00e9 classificado como <strong>Ocioso ou<\/strong><span style=\"font-weight: 400\">\u00a0<strong>Recuper\u00e1vel<\/strong> recomenda-se que antes da solicita\u00e7\u00e3o de recolhimento seja realizada a publica\u00e7\u00e3o no <strong>Classificados UFSM,<\/strong> onde o bem ficar\u00e1 por pelo menos 30 dias, a fim de que outras unidades que estejam precisando desse material possam requisit\u00e1-lo, otimizando, assim, os recursos p\u00fablicos.\u00a0<\/span><\/p><\/div>\n\t\t\t\t<\/div>\n\t\t\t\t\t\t\t\t<\/div>\n\t\t\t\t<\/div>\n\t\t\t\t<\/div>\n\t\t\t\t\t<\/div>\n\t\t<\/div>\n\t\t\t\t\t<\/div>\n\t\t<\/section>\n\t\t\t\t<section class=\"elementor-section elementor-top-section elementor-element elementor-element-ee28959 elementor-section-boxed elementor-section-height-default elementor-section-height-default\" data-id=\"ee28959\" data-element_type=\"section\">\n\t\t\t\t\t\t<div class=\"elementor-container elementor-column-gap-default\">\n\t\t\t\t\t<div class=\"elementor-column elementor-col-100 elementor-top-column elementor-element elementor-element-4223c3d\" data-id=\"4223c3d\" data-element_type=\"column\">\n\t\t\t<div class=\"elementor-widget-wrap elementor-element-populated\">\n\t\t\t\t\t\t<div class=\"elementor-element elementor-element-43f5b9d elementor-invisible elementor-widget elementor-widget-heading\" data-id=\"43f5b9d\" data-element_type=\"widget\" data-settings=\"{&quot;_animation&quot;:&quot;lightSpeedIn&quot;}\" data-widget_type=\"heading.default\">\n\t\t\t\t<div class=\"elementor-widget-container\">\n\t\t\t<h5 class=\"elementor-heading-title elementor-size-default\">Fundamenta\u00e7\u00e3o legal<\/h5>\t\t<\/div>\n\t\t\t\t<\/div>\n\t\t\t\t<div class=\"elementor-element elementor-element-4c3ccc9 animated-slow elementor-invisible elementor-widget elementor-widget-toggle\" data-id=\"4c3ccc9\" data-element_type=\"widget\" data-settings=\"{&quot;_animation&quot;:&quot;fadeIn&quot;,&quot;_animation_delay&quot;:&quot;300&quot;}\" data-widget_type=\"toggle.default\">\n\t\t\t\t<div class=\"elementor-widget-container\">\n\t\t\t\t\t<div class=\"elementor-toggle\">\n\t\t\t\t\t\t\t<div class=\"elementor-toggle-item\">\n\t\t\t\t\t<h4 id=\"elementor-tab-title-7991\" class=\"elementor-tab-title\" data-tab=\"1\" role=\"button\" aria-controls=\"elementor-tab-content-7991\" aria-expanded=\"false\">\n\t\t\t\t\t\t\t\t\t\t\t\t<span class=\"elementor-toggle-icon elementor-toggle-icon-right\" aria-hidden=\"true\">\n\t\t\t\t\t\t\t\t\t\t\t\t\t\t\t<span class=\"elementor-toggle-icon-closed\"><i class=\"fas fa-chevron-down\"><\/i><\/span>\n\t\t\t\t\t\t\t\t<span class=\"elementor-toggle-icon-opened\"><i class=\"elementor-toggle-icon-opened fas fa-minus\"><\/i><\/span>\n\t\t\t\t\t\t\t\t\t\t\t\t\t<\/span>\n\t\t\t\t\t\t\t\t\t\t\t\t<a class=\"elementor-toggle-title\" tabindex=\"0\"><div><i class=\"fas fa-map\"><\/i><span style=\"margin-left: 10px\">Decreto N\u00ba 9.373, de 11 de maio de 2018<\/span><\/div><\/a>\n\t\t\t\t\t<\/h4>\n\n\t\t\t\t\t<div id=\"elementor-tab-content-7991\" class=\"elementor-tab-content elementor-clearfix\" data-tab=\"1\" role=\"region\" aria-labelledby=\"elementor-tab-title-7991\"><p>O Decreto N\u00ba 9.373, de 11 de maio de 2018 disp\u00f5e sobre a aliena\u00e7\u00e3o, a cess\u00e3o, a transfer\u00eancia, a destina\u00e7\u00e3o e a disposi\u00e7\u00e3o final ambientalmente adequadas de bens m\u00f3veis no \u00e2mbito da administra\u00e7\u00e3o p\u00fablica federal direta, aut\u00e1rquica e fundacional.<\/p><p><span style=\"font-weight: 400\">O documento alerta que <\/span><span style=\"font-weight: 400\">os bens est\u00e3o sujeitos \u00e0 seguinte classifica\u00e7\u00e3o: <\/span><b>Ocioso, Recuper\u00e1vel, Antiecon\u00f4mico ou Irrecuper\u00e1vel<\/b><span style=\"font-weight: 400\">. <\/span><\/p><p><b>Ocioso<\/b><span style=\"font-weight: 400\">: quando, embora em perfeitas condi\u00e7\u00f5es de uso, n\u00e3o estiver sendo aproveitado; <\/span><\/p><p><b>Recuper\u00e1ve<\/b><span style=\"font-weight: 400\">l: quando sua recupera\u00e7\u00e3o for poss\u00edvel e or\u00e7ar, no \u00e2mbito, a cinq\u00fcenta por cento de seu valor de mercado; <\/span><\/p><p><b>Antiecon\u00f4mico<\/b><span style=\"font-weight: 400\">: quando sua manuten\u00e7\u00e3o for onerosa, ou seu rendimento prec\u00e1rio, em virtude de uso prolongado, desgaste prematuro ou obsoletismo; e<\/span><\/p><p><b>Irrecuper\u00e1vel<\/b><span style=\"font-weight: 400\">: quando n\u00e3o mais puder ser utilizado para o fim a que se destina devido a perda de suas caracter\u00edsticas ou em raz\u00e3o da inviabilidade econ\u00f4mica de sua recupera\u00e7\u00e3o.<\/span><\/p><p><span style=\"font-weight: 400\">Ainda d<\/span><span style=\"font-weight: 400\">e acordo com o Decreto, <\/span><b>as classifica\u00e7\u00f5es e avalia\u00e7\u00f5es de bens ser\u00e3o efetuadas por comiss\u00e3o especial<\/b><span style=\"font-weight: 400\">, institu\u00edda pela autoridade competente e composta por tr\u00eas servidores do \u00f3rg\u00e3o ou da entidade, no m\u00ednimo.<\/span><\/p><p>Para acessar a legisla\u00e7\u00e3o na \u00edntegra, acesse o link abaixo:\u00a0<\/p><p><a href=\"http:\/\/www.planalto.gov.br\/ccivil_03\/_ato2015-2018\/2018\/decreto\/D9373.htm\" target=\"_blank\" rel=\"noopener\">Decreto N\u00ba 9.373, de 11 de maio de 2008<\/a><\/p><\/div>\n\t\t\t\t<\/div>\n\t\t\t\t\t\t\t\t<\/div>\n\t\t\t\t<\/div>\n\t\t\t\t<\/div>\n\t\t\t\t\t<\/div>\n\t\t<\/div>\n\t\t\t\t\t<\/div>\n\t\t<\/section>\n\t\t\t\t<section class=\"elementor-section elementor-top-section elementor-element elementor-element-826c85d elementor-section-boxed elementor-section-height-default elementor-section-height-default\" data-id=\"826c85d\" data-element_type=\"section\">\n\t\t\t\t\t\t<div class=\"elementor-container elementor-column-gap-default\">\n\t\t\t\t\t<div class=\"elementor-column elementor-col-100 elementor-top-column elementor-element elementor-element-5309429\" data-id=\"5309429\" data-element_type=\"column\">\n\t\t\t<div class=\"elementor-widget-wrap\">\n\t\t\t\t\t\t\t<\/div>\n\t\t<\/div>\n\t\t\t\t\t<\/div>\n\t\t<\/section>\n\t\t\t\t<\/div>\n\t\t","protected":false},"excerpt":{"rendered":"<p>Nesta p\u00e1gina \u00e9 poss\u00edvel ter acesso aos procedimentos adotados pela equipe da UNITI-LINCE para a elabora\u00e7\u00e3o de Laudos de equipamentos de TI para fins de recolhimento. Em casos de outras d\u00favidas referentes \u00e0 solicita\u00e7\u00e3o de recolhimento ou ao uso do Portal do Patrim\u00f4nio recomenda-se entrar em contato com a Divis\u00e3o de Patrim\u00f4nio (DIPAT). Procedimentos para [&hellip;]<\/p>\n","protected":false},"author":4756,"featured_media":0,"parent":0,"menu_order":0,"comment_status":"closed","ping_status":"closed","template":"","meta":{"footnotes":""},"categories":[],"tags":[],"class_list":["post-2441","page","type-page","status-publish","hentry"],"acf":[],"_links":{"self":[{"href":"https:\/\/www.ufsm.br\/laboratorios\/lince\/wp-json\/wp\/v2\/pages\/2441","targetHints":{"allow":["GET"]}}],"collection":[{"href":"https:\/\/www.ufsm.br\/laboratorios\/lince\/wp-json\/wp\/v2\/pages"}],"about":[{"href":"https:\/\/www.ufsm.br\/laboratorios\/lince\/wp-json\/wp\/v2\/types\/page"}],"author":[{"embeddable":true,"href":"https:\/\/www.ufsm.br\/laboratorios\/lince\/wp-json\/wp\/v2\/users\/4756"}],"replies":[{"embeddable":true,"href":"https:\/\/www.ufsm.br\/laboratorios\/lince\/wp-json\/wp\/v2\/comments?post=2441"}],"version-history":[{"count":0,"href":"https:\/\/www.ufsm.br\/laboratorios\/lince\/wp-json\/wp\/v2\/pages\/2441\/revisions"}],"wp:attachment":[{"href":"https:\/\/www.ufsm.br\/laboratorios\/lince\/wp-json\/wp\/v2\/media?parent=2441"}],"wp:term":[{"taxonomy":"category","embeddable":true,"href":"https:\/\/www.ufsm.br\/laboratorios\/lince\/wp-json\/wp\/v2\/categories?post=2441"},{"taxonomy":"post_tag","embeddable":true,"href":"https:\/\/www.ufsm.br\/laboratorios\/lince\/wp-json\/wp\/v2\/tags?post=2441"}],"curies":[{"name":"wp","href":"https:\/\/api.w.org\/{rel}","templated":true}]}}