{"id":22,"date":"2019-05-14T17:01:42","date_gmt":"2019-05-14T20:01:42","guid":{"rendered":"https:\/\/www.ufsm.br\/template-laboratprio\/?page_id=22"},"modified":"2021-01-19T16:02:04","modified_gmt":"2021-01-19T19:02:04","slug":"informacoes-gerais","status":"publish","type":"page","link":"https:\/\/www.ufsm.br\/laboratorios\/lmpf\/informacoes-gerais","title":{"rendered":"Sobre"},"content":{"rendered":"\t\t<div data-elementor-type=\"wp-page\" data-elementor-id=\"22\" class=\"elementor elementor-22\">\n\t\t\t\t\t\t<section class=\"elementor-section elementor-top-section elementor-element elementor-element-4969a74 elementor-section-boxed elementor-section-height-default elementor-section-height-default\" data-id=\"4969a74\" data-element_type=\"section\">\n\t\t\t\t\t\t<div class=\"elementor-container elementor-column-gap-default\">\n\t\t\t\t\t<div class=\"elementor-column elementor-col-100 elementor-top-column elementor-element elementor-element-38650d7\" data-id=\"38650d7\" data-element_type=\"column\">\n\t\t\t<div class=\"elementor-widget-wrap elementor-element-populated\">\n\t\t\t\t\t\t<div class=\"elementor-element elementor-element-0b030af elementor-widget elementor-widget-heading\" data-id=\"0b030af\" data-element_type=\"widget\" data-widget_type=\"heading.default\">\n\t\t\t\t<div class=\"elementor-widget-container\">\n\t\t\t<h2 class=\"elementor-heading-title elementor-size-medium\">O que n\u00f3s fazemos<\/h2>\t\t<\/div>\n\t\t\t\t<\/div>\n\t\t\t\t\t<\/div>\n\t\t<\/div>\n\t\t\t\t\t<\/div>\n\t\t<\/section>\n\t\t\t\t<section class=\"elementor-section elementor-top-section elementor-element elementor-element-74a56c8 elementor-section-boxed elementor-section-height-default elementor-section-height-default\" data-id=\"74a56c8\" data-element_type=\"section\">\n\t\t\t\t\t\t<div class=\"elementor-container elementor-column-gap-default\">\n\t\t\t\t\t<div class=\"elementor-column elementor-col-100 elementor-top-column elementor-element elementor-element-a1ea73b\" data-id=\"a1ea73b\" data-element_type=\"column\">\n\t\t\t<div class=\"elementor-widget-wrap elementor-element-populated\">\n\t\t\t\t\t\t<div class=\"elementor-element elementor-element-f7108c4 elementor-widget elementor-widget-text-editor\" data-id=\"f7108c4\" data-element_type=\"widget\" data-widget_type=\"text-editor.default\">\n\t\t\t\t<div class=\"elementor-widget-container\">\n\t\t\t\t\t\t\t<p style=\"color: #111111;margin: 0cm;line-height: 24px;background-image: initial;background-position: initial;background-size: initial;font-size: 12pt;font-family: 'Times New Roman', serif;text-align: center\" align=\"center\"><span style=\"font-family: Arial, sans-serif;font-size: 11pt;text-align: justify\">N\u00f3s conduzimos pesquisas sobre as rela\u00e7\u00f5es entre ecossistemas florestais e humanos, e sobre futuros sistemas de manejo florestal local\/global com uma perspectiva global.\u00a0<\/span><span style=\"font-family: Arial, sans-serif;text-align: justify\">Nosso laborat\u00f3rio contribui com sociedades locais pela condu\u00e7\u00e3o de pesquisas sobre problemas pr\u00e1ticos e quest\u00f5es acerca do uso global de nossa madeira.\u00a0<\/span><span style=\"font-family: Arial, sans-serif;text-align: justify\">Nossos temas centrais de pesquisa s\u00e3o governan\u00e7a florestal, silvicultura sustent\u00e1vel, implementa\u00e7\u00e3o de pol\u00edticas florestais e intera\u00e7\u00f5es entre a natureza e a sociedade.<\/span><\/p>\t\t\t\t\t\t<\/div>\n\t\t\t\t<\/div>\n\t\t\t\t\t<\/div>\n\t\t<\/div>\n\t\t\t\t\t<\/div>\n\t\t<\/section>\n\t\t\t\t<\/div>\n\t\t","protected":false},"excerpt":{"rendered":"<p>O que n\u00f3s fazemos N\u00f3s conduzimos pesquisas sobre as rela\u00e7\u00f5es entre ecossistemas florestais e humanos, e sobre futuros sistemas de manejo florestal local\/global com uma perspectiva global.&nbsp;Nosso laborat\u00f3rio contribui com sociedades locais pela condu\u00e7\u00e3o de pesquisas sobre problemas pr\u00e1ticos e quest\u00f5es acerca do uso global de nossa madeira.&nbsp;Nossos temas centrais de pesquisa s\u00e3o governan\u00e7a florestal, [&hellip;]<\/p>\n","protected":false},"author":8,"featured_media":0,"parent":0,"menu_order":0,"comment_status":"closed","ping_status":"closed","template":"","meta":{"footnotes":""},"categories":[],"tags":[],"class_list":["post-22","page","type-page","status-publish","hentry"],"acf":[],"_links":{"self":[{"href":"https:\/\/www.ufsm.br\/laboratorios\/lmpf\/wp-json\/wp\/v2\/pages\/22","targetHints":{"allow":["GET"]}}],"collection":[{"href":"https:\/\/www.ufsm.br\/laboratorios\/lmpf\/wp-json\/wp\/v2\/pages"}],"about":[{"href":"https:\/\/www.ufsm.br\/laboratorios\/lmpf\/wp-json\/wp\/v2\/types\/page"}],"author":[{"embeddable":true,"href":"https:\/\/www.ufsm.br\/laboratorios\/lmpf\/wp-json\/wp\/v2\/users\/8"}],"replies":[{"embeddable":true,"href":"https:\/\/www.ufsm.br\/laboratorios\/lmpf\/wp-json\/wp\/v2\/comments?post=22"}],"version-history":[{"count":0,"href":"https:\/\/www.ufsm.br\/laboratorios\/lmpf\/wp-json\/wp\/v2\/pages\/22\/revisions"}],"wp:attachment":[{"href":"https:\/\/www.ufsm.br\/laboratorios\/lmpf\/wp-json\/wp\/v2\/media?parent=22"}],"wp:term":[{"taxonomy":"category","embeddable":true,"href":"https:\/\/www.ufsm.br\/laboratorios\/lmpf\/wp-json\/wp\/v2\/categories?post=22"},{"taxonomy":"post_tag","embeddable":true,"href":"https:\/\/www.ufsm.br\/laboratorios\/lmpf\/wp-json\/wp\/v2\/tags?post=22"}],"curies":[{"name":"wp","href":"https:\/\/api.w.org\/{rel}","templated":true}]}}