{"id":33,"date":"2019-05-24T15:38:58","date_gmt":"2019-05-24T18:38:58","guid":{"rendered":"https:\/\/www.ufsm.br\/template-laboratprio\/?page_id=33"},"modified":"2022-10-07T13:12:08","modified_gmt":"2022-10-07T16:12:08","slug":"producao-cientifica","status":"publish","type":"page","link":"https:\/\/www.ufsm.br\/laboratorios\/lmpf\/producao-cientifica","title":{"rendered":"Produ\u00e7\u00e3o Cient\u00edfica"},"content":{"rendered":"\t\t<div data-elementor-type=\"wp-page\" data-elementor-id=\"33\" class=\"elementor elementor-33\">\n\t\t\t\t\t\t<section class=\"elementor-section elementor-top-section elementor-element elementor-element-855c68a elementor-section-boxed elementor-section-height-default elementor-section-height-default\" data-id=\"855c68a\" data-element_type=\"section\">\n\t\t\t\t\t\t<div class=\"elementor-container elementor-column-gap-default\">\n\t\t\t\t\t<div class=\"elementor-column elementor-col-100 elementor-top-column elementor-element elementor-element-0878e33\" data-id=\"0878e33\" data-element_type=\"column\">\n\t\t\t<div class=\"elementor-widget-wrap elementor-element-populated\">\n\t\t\t\t\t\t<div class=\"elementor-element elementor-element-81b5d81 elementor-widget elementor-widget-text-editor\" data-id=\"81b5d81\" data-element_type=\"widget\" data-widget_type=\"text-editor.default\">\n\t\t\t\t<div class=\"elementor-widget-container\">\n\t\t\t\t\t\t\t<p><span id=\"docs-internal-guid-15652eec-7fff-a869-570a-ab6f5c67dc3f\"><span style=\"font-size: 12pt;font-family: 'Times New Roman';color: #000000;background-color: transparent;vertical-align: baseline\">Janderson Ariel Wantz. Invent\u00e1rio florestal e gerenciamento de plantio de <\/span><span style=\"font-size: 12pt;font-family: 'Times New Roman';color: #000000;background-color: transparent;font-style: italic;vertical-align: baseline\">Pinus elliottii<\/span><span style=\"font-size: 12pt;font-family: 'Times New Roman';color: #000000;background-color: transparent;vertical-align: baseline\">, empresa Flopal Ltda.. 2017. Trabalho de Conclus\u00e3o de Curso. (Gradua\u00e7\u00e3o em Engenharia Florestal) &#8211; Universidade Federal de Santa Maria. Orientador: Rafaelo Balbinot.<\/span><\/span><span style=\"font-size: 12pt;font-family: 'Times New Roman';color: #000000;background-color: transparent;vertical-align: baseline\"><br><\/span><\/p>\n<p><span id=\"docs-internal-guid-31483ae6-7fff-ea91-9807-ea87bb027f81\"><span style=\"font-size: 12pt;font-family: 'Times New Roman';color: #000000;background-color: transparent;vertical-align: baseline\">Samara Lazarotto. An\u00e1lise s\u00f3cio ambiental do impacto da resinagem de <\/span><span style=\"font-size: 12pt;font-family: 'Times New Roman';color: #000000;background-color: transparent;font-style: italic;vertical-align: baseline\">Pinus elliottii<\/span><span style=\"font-size: 12pt;font-family: 'Times New Roman';color: #000000;background-color: transparent;vertical-align: baseline\"> na Plan\u00edcie Costeira do Rio Grande do Sul. 2017. Trabalho de Conclus\u00e3o de Curso. (Gradua\u00e7\u00e3o em Engenharia Florestal) &#8211; Universidade Federal de Santa Maria. Orientador: Rafaelo Balbinot.<\/span><\/span><\/p>\n<p><span id=\"docs-internal-guid-18165165-7fff-207a-7d10-b0d83e8e0e8f\"><span style=\"font-size: 12pt;font-family: 'Times New Roman';color: #000000;background-color: transparent;vertical-align: baseline\">Renata Pietrobelli. Caracter\u00edsticas f\u00edsicas e qu\u00edmicas de um neossolo quartzar\u00eanico no Litoral Sul do RS. 2017. Trabalho de Conclus\u00e3o de Curso. (Gradua\u00e7\u00e3o em Engenharia Florestal) &#8211; Universidade Federal de Santa Maria. Orientador: Rafaelo Balbinot.<\/span><\/span><span style=\"font-size: 12pt;font-family: 'Times New Roman';color: #000000;background-color: transparent;vertical-align: baseline\"><br><\/span><\/p>\n<p><span id=\"docs-internal-guid-b0574ebe-7fff-6be8-cbf5-fea1ebfd8936\"><span style=\"font-size: 12pt;font-family: 'Times New Roman';color: #000000;background-color: transparent;vertical-align: baseline\">Balbinot, Rafaelo; ENGEL, K. ; CHIUZA, R. ; GONZATTO, G. L. ; PEDROSO, M.N. ; AZEVEDO, J.G. . Efeito do cultivo de <\/span><span style=\"font-size: 12pt;font-family: 'Times New Roman';color: #000000;background-color: transparent;font-style: italic;vertical-align: baseline\">Pinus elliottii <\/span><span style=\"font-size: 12pt;font-family: 'Times New Roman';color: #000000;background-color: transparent;vertical-align: baseline\">Engelm. nos atributos qu\u00edmicos de um Neossolo Quartzar\u00eanico na plan\u00edcie costeira do RS. In: XII Reuni\u00e3o Sul Brasileira de Ci\u00eancia do Solo, 2018, Xanxer\u00ea SC. XII Reuni\u00e3o Sul Brasileira de Ci\u00eancia do Solo &#8211; ANAIS. Chape\u00e7\u00f3 SC: ARGOS &#8211; Editora da Unochapec\u00f3, 2018. v. 1. p. 761-764.<\/span><\/span><span style=\"font-size: 12pt;font-family: 'Times New Roman';color: #000000;background-color: transparent;vertical-align: baseline\"><br><\/span><\/p>\n<p><span id=\"docs-internal-guid-86a18c57-7fff-dc65-4148-2f88c83d6911\"><span style=\"font-size: 12pt;font-family: 'Times New Roman';color: #000000;background-color: transparent;vertical-align: baseline\">Samara Lazarrotto. Silvicultura de <\/span><span style=\"font-size: 12pt;font-family: 'Times New Roman';color: #000000;background-color: transparent;font-style: italic;vertical-align: baseline\">Pinus elliottii <\/span><span style=\"font-size: 12pt;font-family: 'Times New Roman';color: #000000;background-color: transparent;vertical-align: baseline\">Engelm, desafios t\u00e9cnicos e legais para a sustentabilidade. 2020. Disserta\u00e7\u00e3o (Mestrado em Agronomia &#8211; Agricultura e Ambiente) &#8211; Universidade Federal de Santa Maria, Funda\u00e7\u00e3o de Apoio \u00e0 Tecnologia e Ci\u00eancia. Orientador: Rafaelo Balbinot.<\/span><\/span><span style=\"color: #326c99;font-family: Tahoma, Geneva, sans-serif;font-size: 11px\"><br><\/span><\/p>\n<p><span id=\"docs-internal-guid-47e30bc2-7fff-1604-aa1c-b4b65bdbc8be\"><span style=\"font-size: 12pt;font-family: 'Times New Roman';color: #000000;background-color: transparent;vertical-align: baseline\">Elisabet Cendales Pulido. O resineiro aut\u00f4nomo no litoral m\u00e9dio do Rio Grande do Sul: aspectos sociais, t\u00e9cnicos e produtivos. 2020. Disserta\u00e7\u00e3o (Mestrado em Programa de P\u00f3s Gradua\u00e7\u00e3o em Agronomia: Agricultura e Ambiente) &#8211; Universidade Federal de Santa Maria, Coordena\u00e7\u00e3o de Aperfei\u00e7oamento de Pessoal de N\u00edvel Superior. Orientador: Rafaelo Balbinot.<\/span><\/span><span style=\"color: #326c99;font-family: Tahoma, Geneva, sans-serif;font-size: 11px\"><br><\/span><\/p>\n<p><span id=\"docs-internal-guid-4289b1de-7fff-7196-2698-716a1a7da462\"><span style=\"font-size: 12pt;font-family: 'Times New Roman';color: #000000;background-color: transparent;vertical-align: baseline\">Eduardo Rieder. Sensoriamento remoto para detec\u00e7\u00e3o de monitoramento da dispers\u00e3o de <\/span><span style=\"font-size: 12pt;font-family: 'Times New Roman';color: #000000;background-color: transparent;font-style: italic;vertical-align: baseline\">Pinus elliottii <\/span><span style=\"font-size: 12pt;font-family: 'Times New Roman';color: #000000;background-color: transparent;vertical-align: baseline\">Engelm no Bioma Pampa: uma revis\u00e3o bibliogr\u00e1fica sistem\u00e1tica. 2021. Trabalho de Conclus\u00e3o de Curso. (Gradua\u00e7\u00e3o em Engenharia Florestal) &#8211; UFSM &#8211; Campus de Frederico Westphalen. Orientador: Rafaelo Balbinot.<\/span><\/span><span style=\"font-size: 12pt;font-family: 'Times New Roman';color: #000000;background-color: transparent;vertical-align: baseline\"><br><\/span><\/p>\n<p><span style=\"color: #326c99;font-family: Tahoma, Geneva, sans-serif;font-size: 11px\">Candaten, Luana; Lazarotto, Samara ; Zwetsch, Ana Paula Reis ; Rieder, Eduardo ; Silva, Marcos Daniel da ; Machado, Gabriela ; Balbinot, Rafaelo ; Trevisan, R\u00f4mulo . RESINAGEM DE PINUS NO BRASIL: ASPECTOS GERAIS, M\u00c9TODOS EMPREGADOS E MERCADO. PRODUTOS FLORESTAIS N\u00c3O MADEIREIROS: TECNOLOGIA, MERCADO, PESQUISAS E ATUALIDADES. 1ed.: , 2021, v. , p. 44-58.<\/span><\/p>\n<p><span id=\"docs-internal-guid-4ba15546-7fff-e8be-5814-c1a2c466e1f6\"><span style=\"font-size: 12pt;font-family: 'Times New Roman';color: #000000;background-color: transparent;vertical-align: baseline\">LAZAROTTO, S. ; Balbinot, Rafaelo ; CANDATEN, L. . Aspectos sociais e satisfa\u00e7\u00e3o dos trabalhadores florestais extratores de resina de <\/span><span style=\"font-size: 12pt;font-family: 'Times New Roman';color: #000000;background-color: transparent;font-style: italic;vertical-align: baseline\">Pinus elliottii<\/span><span style=\"font-size: 12pt;font-family: 'Times New Roman';color: #000000;background-color: transparent;vertical-align: baseline\"> Engelm.. In: Robson Jos\u00e9 de Oliveira. (Org.). Engenharia Florestal &#8211; Contribui\u00e7\u00f5es, An\u00e1lises e Pr\u00e1ticas em Pesquisa. 1ed.Guaruj\u00e1 &#8211; SP: editora cientif\u00edca Digital, 2022, v. 1, p. 1-294<\/span><\/span><span style=\"color: #326c99;font-family: Tahoma, Geneva, sans-serif;font-size: 11px\"><br><\/span><\/p>\n<p><span id=\"docs-internal-guid-67f04b75-7fff-3264-1847-8a0cc6028091\"><span style=\"font-size: 12pt;font-family: 'Times New Roman';color: #000000;background-color: transparent;vertical-align: baseline\">Gabriela Machado. PR\u00c9-AVALIA\u00c7\u00c3O PARA CERTIFICA\u00c7\u00c3O Forest Stewardship Council (FSC) DE PLANTA\u00c7\u00d5ES FLORESTAIS. 2022. Trabalho de Conclus\u00e3o de Curso. (Gradua\u00e7\u00e3o em Engenharia Florestal) &#8211; UFSM &#8211; Campus de Frederico Westphalen. Orientador: Rafaelo Balbinot.<\/span><\/span><span style=\"color: #326c99;font-family: Tahoma, Geneva, sans-serif;font-size: 11px\"><br><\/span><\/p>\n<p><span style=\"color: #326c99;font-family: Tahoma, Geneva, sans-serif;font-size: 11px;text-align: left\">Balbinot, Rafaelo. Introdu\u00e7\u00e3o \u00e0 certifica\u00e7\u00e3o e auditoria de manejo florestal.. In: Gabriel de Magalh\u00e3es Miranda; Luciano Farinha Watzlawick; Gabriela Schmitz Gomes. (Org.). Atualidades florestais e ambientais. Irati: Editora UNICENTRO, 2005, v. , p. 171-178.<\/span><span style=\"font-size: 12pt;font-family: 'Times New Roman';color: #000000;background-color: transparent;vertical-align: baseline\"><br><\/span><\/p>\t\t\t\t\t\t<\/div>\n\t\t\t\t<\/div>\n\t\t\t\t\t<\/div>\n\t\t<\/div>\n\t\t\t\t\t<\/div>\n\t\t<\/section>\n\t\t\t\t<\/div>\n\t\t","protected":false},"excerpt":{"rendered":"<p>Janderson Ariel Wantz. Invent\u00e1rio florestal e gerenciamento de plantio de Pinus elliottii, empresa Flopal Ltda.. 2017. Trabalho de Conclus\u00e3o de Curso. (Gradua\u00e7\u00e3o em Engenharia Florestal) &#8211; Universidade Federal de Santa Maria. Orientador: Rafaelo Balbinot. Samara Lazarotto. An\u00e1lise s\u00f3cio ambiental do impacto da resinagem de Pinus elliottii na Plan\u00edcie Costeira do Rio Grande do Sul. 2017. [&hellip;]<\/p>\n","protected":false},"author":25,"featured_media":0,"parent":0,"menu_order":0,"comment_status":"closed","ping_status":"closed","template":"","meta":{"footnotes":""},"categories":[],"tags":[],"class_list":["post-33","page","type-page","status-publish","hentry"],"acf":[],"_links":{"self":[{"href":"https:\/\/www.ufsm.br\/laboratorios\/lmpf\/wp-json\/wp\/v2\/pages\/33","targetHints":{"allow":["GET"]}}],"collection":[{"href":"https:\/\/www.ufsm.br\/laboratorios\/lmpf\/wp-json\/wp\/v2\/pages"}],"about":[{"href":"https:\/\/www.ufsm.br\/laboratorios\/lmpf\/wp-json\/wp\/v2\/types\/page"}],"author":[{"embeddable":true,"href":"https:\/\/www.ufsm.br\/laboratorios\/lmpf\/wp-json\/wp\/v2\/users\/25"}],"replies":[{"embeddable":true,"href":"https:\/\/www.ufsm.br\/laboratorios\/lmpf\/wp-json\/wp\/v2\/comments?post=33"}],"version-history":[{"count":0,"href":"https:\/\/www.ufsm.br\/laboratorios\/lmpf\/wp-json\/wp\/v2\/pages\/33\/revisions"}],"wp:attachment":[{"href":"https:\/\/www.ufsm.br\/laboratorios\/lmpf\/wp-json\/wp\/v2\/media?parent=33"}],"wp:term":[{"taxonomy":"category","embeddable":true,"href":"https:\/\/www.ufsm.br\/laboratorios\/lmpf\/wp-json\/wp\/v2\/categories?post=33"},{"taxonomy":"post_tag","embeddable":true,"href":"https:\/\/www.ufsm.br\/laboratorios\/lmpf\/wp-json\/wp\/v2\/tags?post=33"}],"curies":[{"name":"wp","href":"https:\/\/api.w.org\/{rel}","templated":true}]}}