{"id":22,"date":"2019-05-14T17:01:42","date_gmt":"2019-05-14T20:01:42","guid":{"rendered":"https:\/\/www.ufsm.br\/template-laboratprio\/?page_id=22"},"modified":"2020-09-28T13:42:00","modified_gmt":"2020-09-28T16:42:00","slug":"informacoes-gerais","status":"publish","type":"page","link":"https:\/\/www.ufsm.br\/laboratorios\/lpc\/informacoes-gerais","title":{"rendered":"Sobre"},"content":{"rendered":"\t\t<div data-elementor-type=\"wp-page\" data-elementor-id=\"22\" class=\"elementor elementor-22\">\n\t\t\t\t\t\t<section class=\"elementor-section elementor-top-section elementor-element elementor-element-0a1a18d elementor-section-boxed elementor-section-height-default elementor-section-height-default\" data-id=\"0a1a18d\" data-element_type=\"section\">\n\t\t\t\t\t\t<div class=\"elementor-container elementor-column-gap-default\">\n\t\t\t\t\t<div class=\"elementor-column elementor-col-50 elementor-top-column elementor-element elementor-element-f6ffd76\" data-id=\"f6ffd76\" data-element_type=\"column\">\n\t\t\t<div class=\"elementor-widget-wrap elementor-element-populated\">\n\t\t\t\t\t\t<div class=\"elementor-element elementor-element-bf28de0 elementor-widget elementor-widget-image\" data-id=\"bf28de0\" data-element_type=\"widget\" data-widget_type=\"image.default\">\n\t\t\t\t<div class=\"elementor-widget-container\">\n\t\t\t\t\t\t\t\t\t\t\t\t\t<img decoding=\"async\" width=\"193\" height=\"135\" src=\"https:\/\/www.ufsm.br\/app\/uploads\/sites\/666\/2020\/09\/shapeimage_4.jpg\" class=\"attachment-medium size-medium wp-image-103\" alt=\"\" \/>\t\t\t\t\t\t\t\t\t\t\t\t\t<\/div>\n\t\t\t\t<\/div>\n\t\t\t\t\t<\/div>\n\t\t<\/div>\n\t\t\t\t<div class=\"elementor-column elementor-col-50 elementor-top-column elementor-element elementor-element-4d9da3c\" data-id=\"4d9da3c\" data-element_type=\"column\">\n\t\t\t<div class=\"elementor-widget-wrap elementor-element-populated\">\n\t\t\t\t\t\t<div class=\"elementor-element elementor-element-fa18656 elementor-widget elementor-widget-image\" data-id=\"fa18656\" data-element_type=\"widget\" data-widget_type=\"image.default\">\n\t\t\t\t<div class=\"elementor-widget-container\">\n\t\t\t\t\t\t\t\t\t\t\t\t\t<img decoding=\"async\" width=\"193\" height=\"135\" src=\"https:\/\/www.ufsm.br\/app\/uploads\/sites\/666\/2020\/09\/shapeimage_3.jpg\" class=\"attachment-large size-large wp-image-102\" alt=\"\" \/>\t\t\t\t\t\t\t\t\t\t\t\t\t<\/div>\n\t\t\t\t<\/div>\n\t\t\t\t\t<\/div>\n\t\t<\/div>\n\t\t\t\t\t<\/div>\n\t\t<\/section>\n\t\t\t\t<section class=\"elementor-section elementor-top-section elementor-element elementor-element-6911c289 elementor-section-boxed elementor-section-height-default elementor-section-height-default\" data-id=\"6911c289\" data-element_type=\"section\">\n\t\t\t\t\t\t<div class=\"elementor-container elementor-column-gap-default\">\n\t\t\t\t\t<div class=\"elementor-column elementor-col-100 elementor-top-column elementor-element elementor-element-4780279e\" data-id=\"4780279e\" data-element_type=\"column\">\n\t\t\t<div class=\"elementor-widget-wrap elementor-element-populated\">\n\t\t\t\t\t\t<div class=\"elementor-element elementor-element-5662c8cc elementor-widget elementor-widget-text-editor\" data-id=\"5662c8cc\" data-element_type=\"widget\" data-widget_type=\"text-editor.default\">\n\t\t\t\t<div class=\"elementor-widget-container\">\n\t\t\t\t\t\t\t<!-- wp:tadv\/classic-paragraph -->\n<p class=\"Body\">O LPC \u00e9 um laborat\u00f3rio de P&amp;D que atua nos t\u00f3picos mencionados ao lado. Seu compromisso principal \u00e9 harmonizar a\u00a0<span class=\"style_2\">pesquisa avan\u00e7ada<\/span>\u00a0e a<span class=\"style_2\">ci\u00eancia aplicada<\/span>, contribuindo para transforma\u00e7\u00e3o do conhecimento alcan\u00e7ado nas universidades.\u00a0<\/p>\n<p class=\"Body\">Contemplando setores de atividade das\u00a0<span class=\"style_2\">ind\u00fastrias<\/span><span class=\"style_4\">\u00a0<\/span><span class=\"style_2\">qu\u00edmica<\/span><span class=\"style_4\">,\u00a0<\/span><span class=\"style_2\">farmac\u00eautica<\/span><span class=\"style_4\">,\u00a0<\/span><span class=\"style_2\">cosm\u00e9ticos<\/span><span class=\"style_4\">,\u00a0<\/span><span class=\"style_2\">pl\u00e1sticos<\/span>\u00a0e\u00a0<span class=\"style_2\">alimentos<\/span>, este laborat\u00f3rio mant\u00e9m linhas de pesquisa fundamentais que buscam melhor compreender o comportamento de macromol\u00e9culas, al\u00e9m de oferecer servi\u00e7os \u00e0 comunidade tais como o desenvolvimento de\u00a0<span class=\"style_2\">aplica\u00e7\u00f5es de pol\u00edmeros<\/span><span class=\"style_4\">\u00a0<\/span>e<span class=\"style_4\">\u00a0<\/span><span class=\"style_2\">caracteriza\u00e7\u00e3o de materiais<\/span>.\u00a0<\/p>\n<p class=\"paragraph_style\"><span class=\"style_3\">\u201cConhecimento para Solu\u00e7\u00f5es Simples.\u201d<\/span><\/p>\n<p><strong>PD&amp;I &#8211; Pesquisa, Desenvolvimento e Inova\u00e7\u00e3o<\/strong><\/p>\n<p>Pol\u00edmeros para nanotecnologia, col\u00f3ides funcionais, aplica\u00e7\u00f5es de pol\u00edmeros e caracteriza\u00e7\u00e3o de materiais s\u00e3o os t\u00f3picos que interessam \u00e0 equipe do LPC.\u00a0<\/p>\n<p class=\"Body\">Com opera\u00e7\u00e3o, organiza\u00e7\u00e3o, seguran\u00e7a e vis\u00e3o inspirados em laborat\u00f3rios renomados, este laborat\u00f3rio \u00e9 resultado direto de investimentos do Governo na forma\u00e7\u00e3o de recursos humanos no exterior na \u00e1rea de Materiais Polim\u00e9ricos Avan\u00e7ados.\u00a0<\/p>\n<p class=\"Body\">Junto a este esfor\u00e7o, o impulso recente na C&amp;T permitiu a cria\u00e7\u00e3o do LPC, viabilizando meios de transfer\u00eancia do conhecimento para a sociedade e a implementa\u00e7\u00e3o de novas linhas de P&amp;D no Programa de P\u00f3s-Gradua\u00e7\u00e3o em Qu\u00edmica (PPGQ) da UFSM.<\/p>\n<p class=\"Body\">Na vis\u00e3o do LPC, esfor\u00e7os s\u00e3o necess\u00e1rios na academia e no setor produtivo para proporcionar maior converg\u00eancia no processo de transforma\u00e7\u00e3o da ci\u00eancia em produtos e servi\u00e7os.<\/p>\n<!-- \/wp:tadv\/classic-paragraph -->\t\t\t\t\t\t<\/div>\n\t\t\t\t<\/div>\n\t\t\t\t\t<\/div>\n\t\t<\/div>\n\t\t\t\t\t<\/div>\n\t\t<\/section>\n\t\t\t\t<\/div>\n\t\t","protected":false},"excerpt":{"rendered":"<p>O LPC \u00e9 um laborat\u00f3rio de P&amp;D que atua nos t\u00f3picos mencionados ao lado. Seu compromisso principal \u00e9 harmonizar a\u00a0pesquisa avan\u00e7ada\u00a0e aci\u00eancia aplicada, contribuindo para transforma\u00e7\u00e3o do conhecimento alcan\u00e7ado nas universidades.\u00a0 Contemplando setores de atividade das\u00a0ind\u00fastrias\u00a0qu\u00edmica,\u00a0farmac\u00eautica,\u00a0cosm\u00e9ticos,\u00a0pl\u00e1sticos\u00a0e\u00a0alimentos, este laborat\u00f3rio mant\u00e9m linhas de pesquisa fundamentais que buscam melhor compreender o comportamento de macromol\u00e9culas, al\u00e9m de oferecer servi\u00e7os [&hellip;]<\/p>\n","protected":false},"author":124,"featured_media":0,"parent":0,"menu_order":0,"comment_status":"closed","ping_status":"closed","template":"","meta":{"footnotes":""},"categories":[],"tags":[],"class_list":["post-22","page","type-page","status-publish","hentry"],"acf":[],"_links":{"self":[{"href":"https:\/\/www.ufsm.br\/laboratorios\/lpc\/wp-json\/wp\/v2\/pages\/22","targetHints":{"allow":["GET"]}}],"collection":[{"href":"https:\/\/www.ufsm.br\/laboratorios\/lpc\/wp-json\/wp\/v2\/pages"}],"about":[{"href":"https:\/\/www.ufsm.br\/laboratorios\/lpc\/wp-json\/wp\/v2\/types\/page"}],"author":[{"embeddable":true,"href":"https:\/\/www.ufsm.br\/laboratorios\/lpc\/wp-json\/wp\/v2\/users\/124"}],"replies":[{"embeddable":true,"href":"https:\/\/www.ufsm.br\/laboratorios\/lpc\/wp-json\/wp\/v2\/comments?post=22"}],"version-history":[{"count":0,"href":"https:\/\/www.ufsm.br\/laboratorios\/lpc\/wp-json\/wp\/v2\/pages\/22\/revisions"}],"wp:attachment":[{"href":"https:\/\/www.ufsm.br\/laboratorios\/lpc\/wp-json\/wp\/v2\/media?parent=22"}],"wp:term":[{"taxonomy":"category","embeddable":true,"href":"https:\/\/www.ufsm.br\/laboratorios\/lpc\/wp-json\/wp\/v2\/categories?post=22"},{"taxonomy":"post_tag","embeddable":true,"href":"https:\/\/www.ufsm.br\/laboratorios\/lpc\/wp-json\/wp\/v2\/tags?post=22"}],"curies":[{"name":"wp","href":"https:\/\/api.w.org\/{rel}","templated":true}]}}