{"id":78,"date":"2019-07-08T12:56:10","date_gmt":"2019-07-08T15:56:10","guid":{"rendered":"https:\/\/www.ufsm.br\/laboratorios\/mecaniza\/?page_id=78"},"modified":"2019-07-08T12:56:13","modified_gmt":"2019-07-08T15:56:13","slug":"links-uteis","status":"publish","type":"page","link":"https:\/\/www.ufsm.br\/laboratorios\/mecaniza\/links-uteis","title":{"rendered":"Links \u00dateis"},"content":{"rendered":"\n<p><strong>Universidades e Col\u00e9gios:<\/strong><br \/>Universidade de S\u00e3o Paulo (USP):<br \/><a href=\"http:\/\/www5.usp.br\/\">http:\/\/www5.usp.br\/<\/a><br \/><br \/>Universidade do Estado de Santa Catarina (UDESC):<br \/><a href=\"http:\/\/www.cav.udesc.br\/\">http:\/\/www.cav.udesc.br\/<\/a><br \/><br \/>Universidade Federal de Lavras (UFLA):<br \/><a href=\"http:\/\/www.ufla.br\/\">http:\/\/www.ufla.br\/<\/a><br \/><br \/>Universidade Federal de Minas Gerais (UFMG):<br \/><a href=\"https:\/\/www.ufmg.br\/\">https:\/\/www.ufmg.br\/<\/a><br \/><br \/>Universidade Federal do Paran\u00e1 (UFPR):<br \/><a href=\"http:\/\/www.ufpr.br\/portalufpr\/\">http:\/\/www.ufpr.br\/portalufpr\/<\/a><br \/><br \/>Universidade Federal de Santa Catarina (UFSC):<br \/><a href=\"http:\/\/ufsc.br\/\">http:\/\/ufsc.br\/<\/a><br \/><br \/>Universidade Federal de Santa Maria (UFSM):<br \/><a href=\"http:\/\/w3.ufsm.br\/\">http:\/\/w3.ufsm.br\/<\/a><br \/><br \/>Universidade Federal de Santa Maria CESNORS:<br \/><a href=\"http:\/\/w3.ufsm.br\/cesnors\/\">http:\/\/w3.ufsm.br\/cesnors\/<\/a><br \/><br \/>Universidade Federal de Vi\u00e7osa (UFV):<br \/><a href=\"http:\/\/www.ufv.br\/\">http:\/\/www.ufv.br\/<\/a><br \/><br \/>Centro Estadual Florestal de Educa\u00e7\u00e3o Profissional Presidente Costa e Silva:<br \/><a href=\"http:\/\/www.iriflorestalcostaesilva.seed.pr.gov.br\/modules\/noticias\/\">http:\/\/www.iriflorestalcostaesilva.seed.pr.gov.br\/modules\/noticias\/<\/a><br \/><br \/>Escola Superior de Agricultura Luiz de Queiroz &#8211; USP (ESALQ):<br \/><a href=\"http:\/\/www.esalq.usp.br\/\">http:\/\/www.esalq.usp.br\/<\/a><\/p>\n<p><strong>Laborat\u00f3rios:<\/strong><br \/>Laborat\u00f3rio de Agrotecnologia &#8211; UFSM (AGROTEC):<br \/><a href=\"http:\/\/w3.ufsm.br\/nema\/agrotec\/\">http:\/\/w3.ufsm.br\/nema\/agrotec\/<\/a><br \/><br \/>Laborat\u00f3rio de Pesquisa e Desenvolvimento de M\u00e1quinas Agr\u00edcolas &#8211; UFSM (LASERG):<br \/><a href=\"http:\/\/w3.ufsm.br\/laserg\/\">http:\/\/w3.ufsm.br\/laserg\/<\/a><br \/><br \/>Laborat\u00f3rio de Sensoriamento Remoto &#8211; UFSM (GEOSERE):<br \/><a href=\"http:\/\/geosere.ccr.ufsm.br\/\">http:\/\/geosere.ccr.ufsm.br\/<\/a><br \/><br \/>N\u00facleo de Ensaio de M\u00e1quinas Agr\u00edcolas &#8211; UFSM (NEMA):\u00a0<br \/><a href=\"http:\/\/w3.ufsm.br\/nema\/\">http:\/\/w3.ufsm.br\/nema\/<\/a><\/p>\n<p><strong>Organiza\u00e7\u00f5es e Entidades:<\/strong><br \/>Associa\u00e7\u00e3o Brasileira de Normas T\u00e9cnicas (ABNT):<br \/><a href=\"http:\/\/www.abnt.org.br\/\">http:\/\/www.abnt.org.br\/<\/a><br \/><br \/>Conselho Nacional de Desenvolvimento Cient\u00edfico e Tecnol\u00f3gico (CNPQ):<br \/><a href=\"http:\/\/www.cnpq.br\/\">http:\/\/www.cnpq.br\/<\/a><br \/><br \/>Conselho Regional de Engenharia e Agronomia do Rio Grande do Sul (CREA-RS):<br \/><a href=\"http:\/\/www.crea-rs.org.br\/site\/index.php\">http:\/\/www.crea-rs.org.br\/site\/index.php<\/a><br \/><br \/>Coordena\u00e7\u00e3o de Aperfei\u00e7oamento de Pessoal de N\u00edvel Superior (CAPES):<br \/><a href=\"http:\/\/www.capes.gov.br\/\">http:\/\/www.capes.gov.br\/<\/a><br \/><br \/>Instituto Brasileiro do Meio Ambiente e dos Recursos Ambientais Renov\u00e1veis (IBAMA):<br \/><a href=\"http:\/\/www.ibama.gov.br\/\">http:\/\/www.ibama.gov.br\/<\/a><br \/><br \/>Minist\u00e9rio da Agricultura, Pecu\u00e1ria e Abastecimento:<br \/><a href=\"http:\/\/www.agricultura.gov.br\/\">http:\/\/www.agricultura.gov.br\/<\/a><br \/><br \/>Sistema Nacional de Informa\u00e7\u00f5es Florestais (SNIF):<br \/><a href=\"http:\/\/www.florestal.gov.br\/snif\/\">http:\/\/www.florestal.gov.br\/snif\/<\/a><\/p>\n<p><strong>Institutos de Pesquisa:<\/strong><br \/>Empresa Brasileira de Pesquisa Agropecu\u00e1ria (EMBRAPA):<br \/><a href=\"https:\/\/www.embrapa.br\/\">https:\/\/www.embrapa.br\/<\/a><br \/><br \/>EMBRAPA Florestas:<br \/><a href=\"https:\/\/www.embrapa.br\/florestas\">https:\/\/www.embrapa.br\/florestas<\/a><br \/><br \/>Instituto Brasileiro de Geografia e Estat\u00edstica (IBGE):<br \/><a href=\"http:\/\/www.ibge.gov.br\/home\/\">http:\/\/www.ibge.gov.br\/home\/<\/a><br \/><br \/>Instituto de Pesquisas e Estudos Florestais (IPEF):<br \/><a href=\"http:\/\/www.ipef.br\/\">http:\/\/www.ipef.br\/<\/a><br \/><br \/>Instituto Imazon:<br \/><a href=\"http:\/\/www.imazon.org.br\/\">http:\/\/www.imazon.org.br\/<\/a><\/p>\n<p><strong>Revistas:<\/strong><br \/>Portal de Peri\u00f3dicos UFSM:<br \/><a href=\"http:\/\/cascavel.ufsm.br\/revistas\/ojs-2.2.2\/index.php\">http:\/\/cascavel.ufsm.br\/revistas\/ojs-2.2.2\/index.php<\/a><br \/><br \/>Revista \u00c1rvore (UFV):<br \/><a href=\"http:\/\/www.revistaarvore.ufv.br\/\">http:\/\/www.revistaarvore.ufv.br\/<\/a><br \/><br \/>Revista Cerne (UFLA):<br \/><a href=\"http:\/\/www.dcf.ufla.br\/cerne\">http:\/\/www.dcf.ufla.br\/cerne<\/a><br \/><br \/>Revista Ci\u00eancia Florestal (UFSM):<br \/><a href=\"http:\/\/cascavel.ufsm.br\/revistas\/ojs-2.2.2\/index.php\/cienciaflorestal\/index\">http:\/\/cascavel.ufsm.br\/revistas\/ojs-2.2.2\/index.php\/cienciaflorestal\/index<\/a><br \/><br \/>Revista Ci\u00eancia Rural (UFSM):<br \/><a href=\"http:\/\/coral.ufsm.br\/ccrrevista\/\">http:\/\/coral.ufsm.br\/ccrrevista\/<\/a><br \/><br \/>Revista Cultivar:<br \/><a href=\"http:\/\/www.grupocultivar.com.br\/site\/content\/home\/\">http:\/\/www.grupocultivar.com.br\/site\/content\/home\/<\/a><br \/><br \/>Revista da Madeira:<br \/><a href=\"http:\/\/www.revistadamadeira.com.br\/midiakit\/perfil.htm\">http:\/\/www.revistadamadeira.com.br\/midiakit\/perfil.htm<\/a><br \/><br \/>Pesquisa Florestal Brasileira (EMBRAPA Florestas):<br \/><a href=\"http:\/\/pfb.cnpf.embrapa.br\/pfb\/index.php\/pfb\">http:\/\/pfb.cnpf.embrapa.br\/pfb\/index.php\/pfb<\/a><br \/><br \/>Revista Scientia Florestalis (IPEF):<br \/><a href=\"http:\/\/www.ipef.br\/publicacoes\/scientia\/\">http:\/\/www.ipef.br\/publicacoes\/scientia\/<\/a><br \/><br \/>Revista Refer\u00eancia Florestal:<br \/><a>http:\/\/www.referenciaflorestal.com.br\/ref\/<\/a><a href=\"http:\/\/www.referenciaflorestal.com.br\/ref\/\"><br \/><br \/><\/a>Revista B. Forest:<br \/><a href=\"http:\/\/colheitademadeira.com.br\/b-forest\/\">http:\/\/colheitademadeira.com.br\/b-forest\/<\/a><\/p>\n<p><strong>Setor Florestal:<\/strong><br \/>Associa\u00e7\u00e3o Ga\u00facha de Empresas Florestais:<br \/><a href=\"http:\/\/ageflor.com.br\/\">http:\/\/ageflor.com.br\/<\/a><br \/><br \/>Colheita da Madeira:<br \/><a href=\"http:\/\/colheitademadeira.com.br\/\">http:\/\/colheitademadeira.com.br\/<\/a><br \/><br \/>Painel Florestal:<br \/><a href=\"http:\/\/www.painelflorestal.com.br\/\">http:\/\/www.painelflorestal.com.br\/<\/a><br \/><br \/>Expo Forest:<br \/><a href=\"http:\/\/www.expoforest.com.br\/\">http:\/\/www.expoforest.com.br\/<\/a><\/p>\n","protected":false},"excerpt":{"rendered":"<p>Universidades e Col\u00e9gios:Universidade de S\u00e3o Paulo (USP):http:\/\/www5.usp.br\/ Universidade do Estado de Santa Catarina (UDESC):http:\/\/www.cav.udesc.br\/ Universidade Federal de Lavras (UFLA):http:\/\/www.ufla.br\/ Universidade Federal de Minas Gerais (UFMG):https:\/\/www.ufmg.br\/ Universidade Federal do Paran\u00e1 (UFPR):http:\/\/www.ufpr.br\/portalufpr\/ Universidade Federal de Santa Catarina (UFSC):http:\/\/ufsc.br\/ Universidade Federal de Santa Maria (UFSM):http:\/\/w3.ufsm.br\/ Universidade Federal de Santa Maria CESNORS:http:\/\/w3.ufsm.br\/cesnors\/ Universidade Federal de Vi\u00e7osa (UFV):http:\/\/www.ufv.br\/ Centro Estadual [&hellip;]<\/p>\n","protected":false},"author":115,"featured_media":0,"parent":0,"menu_order":0,"comment_status":"closed","ping_status":"closed","template":"","meta":{"footnotes":""},"categories":[],"tags":[],"class_list":["post-78","page","type-page","status-publish","hentry"],"acf":[],"_links":{"self":[{"href":"https:\/\/www.ufsm.br\/laboratorios\/mecaniza\/wp-json\/wp\/v2\/pages\/78","targetHints":{"allow":["GET"]}}],"collection":[{"href":"https:\/\/www.ufsm.br\/laboratorios\/mecaniza\/wp-json\/wp\/v2\/pages"}],"about":[{"href":"https:\/\/www.ufsm.br\/laboratorios\/mecaniza\/wp-json\/wp\/v2\/types\/page"}],"author":[{"embeddable":true,"href":"https:\/\/www.ufsm.br\/laboratorios\/mecaniza\/wp-json\/wp\/v2\/users\/115"}],"replies":[{"embeddable":true,"href":"https:\/\/www.ufsm.br\/laboratorios\/mecaniza\/wp-json\/wp\/v2\/comments?post=78"}],"version-history":[{"count":0,"href":"https:\/\/www.ufsm.br\/laboratorios\/mecaniza\/wp-json\/wp\/v2\/pages\/78\/revisions"}],"wp:attachment":[{"href":"https:\/\/www.ufsm.br\/laboratorios\/mecaniza\/wp-json\/wp\/v2\/media?parent=78"}],"wp:term":[{"taxonomy":"category","embeddable":true,"href":"https:\/\/www.ufsm.br\/laboratorios\/mecaniza\/wp-json\/wp\/v2\/categories?post=78"},{"taxonomy":"post_tag","embeddable":true,"href":"https:\/\/www.ufsm.br\/laboratorios\/mecaniza\/wp-json\/wp\/v2\/tags?post=78"}],"curies":[{"name":"wp","href":"https:\/\/api.w.org\/{rel}","templated":true}]}}