{"id":26,"date":"2019-05-14T17:03:27","date_gmt":"2019-05-14T20:03:27","guid":{"rendered":"https:\/\/www.ufsm.br\/template-laboratprio\/?page_id=26"},"modified":"2025-10-08T15:05:38","modified_gmt":"2025-10-08T18:05:38","slug":"contato","status":"publish","type":"page","link":"https:\/\/www.ufsm.br\/laboratorios\/microbio\/contato","title":{"rendered":"Contato"},"content":{"rendered":"\n<div class=\"wp-block-columns is-layout-flex wp-container-core-columns-is-layout-9d6595d7 wp-block-columns-is-layout-flex\">\n<div class=\"wp-block-column is-layout-flow wp-block-column-is-layout-flow\">\n<p><strong>Laborat\u00f3rio de An\u00e1lises de Microrganismos Agr\u00edcolas (MicroBio)<\/strong><br \/>E-mail: microbio@ufsm.br<\/p>\n<p><br \/><em>ENTREGA DAS AMOSTRAS:<\/em><br \/>No Laborat\u00f3rio de An\u00e1lise de Solos<br \/>Pr\u00e9dio 43 &#8211; Sala 4101 (t\u00e9rreo)<br \/>Universidade Federal de Santa Maria<br \/>Camobi &#8211; Santa Maria\/RS<br \/>De segunda a sexta feira, das 8:00 \u00e0s 12:00 e das 13:00 hs \u00e0s 17:00 hs<\/p>\n<\/div>\n\n\n\n<div class=\"wp-block-column is-layout-flow wp-block-column-is-layout-flow\">\n<figure id=\"attachment_60\" aria-describedby=\"caption-attachment-60\" style=\"width: 470px\" class=\"wp-caption alignnone\"><a href=\"https:\/\/www.ufsm.br\/laboratorios\/microbio\/wp-content\/uploads\/sites\/835\/2020\/08\/localiza\u00e7\u00e3o.jpg\"><img fetchpriority=\"high\" decoding=\"async\" class=\"wp-image-60\" src=\"https:\/\/www.ufsm.br\/laboratorios\/microbio\/wp-content\/uploads\/sites\/835\/2020\/08\/localiza\u00e7\u00e3o-256x300.jpg\" alt=\"Mapa com localiza\u00e7\u00e3o\" width=\"470\" height=\"551\" srcset=\"https:\/\/www.ufsm.br\/app\/uploads\/sites\/835\/2020\/08\/localiza\u00e7\u00e3o-256x300.jpg 256w, https:\/\/www.ufsm.br\/app\/uploads\/sites\/835\/2020\/08\/localiza\u00e7\u00e3o-875x1024.jpg 875w, https:\/\/www.ufsm.br\/app\/uploads\/sites\/835\/2020\/08\/localiza\u00e7\u00e3o-768x899.jpg 768w, https:\/\/www.ufsm.br\/app\/uploads\/sites\/835\/2020\/08\/localiza\u00e7\u00e3o-1312x1536.jpg 1312w, https:\/\/www.ufsm.br\/app\/uploads\/sites\/835\/2020\/08\/localiza\u00e7\u00e3o-1750x2048.jpg 1750w, https:\/\/www.ufsm.br\/app\/uploads\/sites\/835\/2020\/08\/localiza\u00e7\u00e3o.jpg 1920w\" sizes=\"(max-width: 470px) 100vw, 470px\" \/><\/a><figcaption id=\"caption-attachment-60\" class=\"wp-caption-text\">Mapa com localiza\u00e7\u00e3o<\/figcaption><\/figure>\n<\/div>\n<\/div>\n","protected":false},"excerpt":{"rendered":"<p>Laborat\u00f3rio de An\u00e1lises de Microrganismos Agr\u00edcolas (MicroBio)E-mail: microbio@ufsm.br ENTREGA DAS AMOSTRAS:No Laborat\u00f3rio de An\u00e1lise de SolosPr\u00e9dio 43 &#8211; Sala 4101 (t\u00e9rreo)Universidade Federal de Santa MariaCamobi &#8211; Santa Maria\/RSDe segunda a sexta feira, das 8:00 \u00e0s 12:00 e das 13:00 hs \u00e0s 17:00 hs<\/p>\n","protected":false},"author":124,"featured_media":0,"parent":0,"menu_order":0,"comment_status":"closed","ping_status":"closed","template":"","meta":{"footnotes":""},"categories":[],"tags":[],"class_list":["post-26","page","type-page","status-publish","hentry"],"acf":[],"_links":{"self":[{"href":"https:\/\/www.ufsm.br\/laboratorios\/microbio\/wp-json\/wp\/v2\/pages\/26","targetHints":{"allow":["GET"]}}],"collection":[{"href":"https:\/\/www.ufsm.br\/laboratorios\/microbio\/wp-json\/wp\/v2\/pages"}],"about":[{"href":"https:\/\/www.ufsm.br\/laboratorios\/microbio\/wp-json\/wp\/v2\/types\/page"}],"author":[{"embeddable":true,"href":"https:\/\/www.ufsm.br\/laboratorios\/microbio\/wp-json\/wp\/v2\/users\/124"}],"replies":[{"embeddable":true,"href":"https:\/\/www.ufsm.br\/laboratorios\/microbio\/wp-json\/wp\/v2\/comments?post=26"}],"version-history":[{"count":0,"href":"https:\/\/www.ufsm.br\/laboratorios\/microbio\/wp-json\/wp\/v2\/pages\/26\/revisions"}],"wp:attachment":[{"href":"https:\/\/www.ufsm.br\/laboratorios\/microbio\/wp-json\/wp\/v2\/media?parent=26"}],"wp:term":[{"taxonomy":"category","embeddable":true,"href":"https:\/\/www.ufsm.br\/laboratorios\/microbio\/wp-json\/wp\/v2\/categories?post=26"},{"taxonomy":"post_tag","embeddable":true,"href":"https:\/\/www.ufsm.br\/laboratorios\/microbio\/wp-json\/wp\/v2\/tags?post=26"}],"curies":[{"name":"wp","href":"https:\/\/api.w.org\/{rel}","templated":true}]}}