{"id":151,"date":"2019-05-20T13:25:09","date_gmt":"2019-05-20T16:25:09","guid":{"rendered":"https:\/\/www.ufsm.br\/projetos-extensao-webservatorio\/?page_id=151"},"modified":"2022-01-04T10:02:36","modified_gmt":"2022-01-04T13:02:36","slug":"dados-basicos","status":"publish","type":"page","link":"https:\/\/www.ufsm.br\/laboratorios\/observatorio-astronomico\/dados-basicos","title":{"rendered":"Dados B\u00e1sicos"},"content":{"rendered":"\n<p>O projeto Webservat\u00f3rio est\u00e1 registrado da UFSM na forma de dois projetos distintos, no \u00e2mbito do Centro de Tecnologia e do Centro de Ci\u00eancias Naturais e Exatas:<\/p>\n<ul>\n<li>\n<p><strong>Astronomia a Dist\u00e2ncia: Abrindo as Janelas da UFSM para o Universo Atrav\u00e9s da Internet (CT)<\/strong>. Coordenado pelo prof. Marcelo Serrano Zanetti e registrado sob o n\u00famero 23081.025713\/2021-61, visa operar o Observat\u00f3rio Astron\u00f4mico da UFSM de forma remota, atrav\u00e9s da Internet, abrindo as janelas da UFSM para o Universo a uma audi\u00eancia que n\u00e3o poderia ser atendida no formato presencial.<\/p>\n<\/li>\n<li><strong>Divulga\u00e7\u00e3o de ci\u00eancias online via Observat\u00f3rio Astron\u00f4mico da UFSM (CCNE)<\/strong>. Coordenado pelo prof. Sandro Barboza Rembold e registrado sob o n\u00famero 23081.026007\/2021-37, tem como objetivo utilizar a estrutura disponibilizada e operada pelo projeto 23081.025713\/2021-61 para levar as observa\u00e7\u00f5es astron\u00f4micas a uma audi\u00eancia ampla e em tempo real, em conjunto com a discuss\u00e3o de temas astron\u00f4micos, cient\u00edficos e tecnol\u00f3gicos.<\/li>\n<\/ul>\n<p>Os dois projetos operam em sintonia, contando com o apoio de professores colaboradores de ambos os Centros, de bolsistas de extens\u00e3o financiados pelo edital FIEX, e por volunt\u00e1rios.<\/p>\n","protected":false},"excerpt":{"rendered":"<p>O projeto Webservat\u00f3rio est\u00e1 registrado da UFSM na forma de dois projetos distintos, no \u00e2mbito do Centro de Tecnologia e do Centro de Ci\u00eancias Naturais e Exatas: Astronomia a Dist\u00e2ncia: Abrindo as Janelas da UFSM para o Universo Atrav\u00e9s da Internet (CT). Coordenado pelo prof. Marcelo Serrano Zanetti e registrado sob o n\u00famero 23081.025713\/2021-61, visa [&hellip;]<\/p>\n","protected":false},"author":25,"featured_media":0,"parent":0,"menu_order":0,"comment_status":"closed","ping_status":"closed","template":"","meta":{"footnotes":""},"categories":[],"tags":[],"class_list":["post-151","page","type-page","status-publish","hentry"],"acf":[],"_links":{"self":[{"href":"https:\/\/www.ufsm.br\/laboratorios\/observatorio-astronomico\/wp-json\/wp\/v2\/pages\/151","targetHints":{"allow":["GET"]}}],"collection":[{"href":"https:\/\/www.ufsm.br\/laboratorios\/observatorio-astronomico\/wp-json\/wp\/v2\/pages"}],"about":[{"href":"https:\/\/www.ufsm.br\/laboratorios\/observatorio-astronomico\/wp-json\/wp\/v2\/types\/page"}],"author":[{"embeddable":true,"href":"https:\/\/www.ufsm.br\/laboratorios\/observatorio-astronomico\/wp-json\/wp\/v2\/users\/25"}],"replies":[{"embeddable":true,"href":"https:\/\/www.ufsm.br\/laboratorios\/observatorio-astronomico\/wp-json\/wp\/v2\/comments?post=151"}],"version-history":[{"count":0,"href":"https:\/\/www.ufsm.br\/laboratorios\/observatorio-astronomico\/wp-json\/wp\/v2\/pages\/151\/revisions"}],"wp:attachment":[{"href":"https:\/\/www.ufsm.br\/laboratorios\/observatorio-astronomico\/wp-json\/wp\/v2\/media?parent=151"}],"wp:term":[{"taxonomy":"category","embeddable":true,"href":"https:\/\/www.ufsm.br\/laboratorios\/observatorio-astronomico\/wp-json\/wp\/v2\/categories?post=151"},{"taxonomy":"post_tag","embeddable":true,"href":"https:\/\/www.ufsm.br\/laboratorios\/observatorio-astronomico\/wp-json\/wp\/v2\/tags?post=151"}],"curies":[{"name":"wp","href":"https:\/\/api.w.org\/{rel}","templated":true}]}}