{"id":24,"date":"2019-05-14T17:02:52","date_gmt":"2019-05-14T20:02:52","guid":{"rendered":"https:\/\/www.ufsm.br\/template-laboratprio\/?page_id=24"},"modified":"2025-04-07T15:09:49","modified_gmt":"2025-04-07T18:09:49","slug":"infraestrutura","status":"publish","type":"page","link":"https:\/\/www.ufsm.br\/laboratorios\/rmn\/infraestrutura","title":{"rendered":"Infraestrutura"},"content":{"rendered":"\t\t<div data-elementor-type=\"wp-page\" data-elementor-id=\"24\" class=\"elementor elementor-24\">\n\t\t\t\t\t\t<section class=\"elementor-section elementor-top-section elementor-element elementor-element-5fce4b9 elementor-section-boxed elementor-section-height-default elementor-section-height-default\" data-id=\"5fce4b9\" data-element_type=\"section\">\n\t\t\t\t\t\t<div class=\"elementor-container elementor-column-gap-default\">\n\t\t\t\t\t<div class=\"elementor-column elementor-col-100 elementor-top-column elementor-element elementor-element-4fc0efd\" data-id=\"4fc0efd\" data-element_type=\"column\">\n\t\t\t<div class=\"elementor-widget-wrap elementor-element-populated\">\n\t\t\t\t\t\t<div class=\"elementor-element elementor-element-7ffd1e3 elementor-widget elementor-widget-text-editor\" data-id=\"7ffd1e3\" data-element_type=\"widget\" data-widget_type=\"text-editor.default\">\n\t\t\t\t<div class=\"elementor-widget-container\">\n\t\t\t\t\t\t\t<div class=\"item-page\"><div><p>O Laborat\u00f3rio de Resson\u00e2ncia Magn\u00e9tica Nuclear est\u00e1 equipado com dois equipamentos da marca BRUKER, modelos: DPX200 e DPX400.<br \/>Estes equipamentos possibilitam realizar an\u00e1lises uni e bi dimensionais, variados experimentos em RMN no estado l\u00edquido tanto 1D: (1H, 13C{1H}, NOESY, DEPT, etc) como 2D: (COSY, NOESY, ROESY, HSQC, HMBC, TOCSY).<\/p><\/div><p>Os equipamentos foram adquiridos na d\u00e9cada de 90 atrav\u00e9s de conv\u00eanios entre GZT\/Alemanha e FINEP\/Brazil.<\/p><p><span style=\"color: #ff0000\"><strong>Os equipamentos encontram-se fora de opera\u00e7\u00e3o.<\/strong><\/span><\/p><\/div>\t\t\t\t\t\t<\/div>\n\t\t\t\t<\/div>\n\t\t\t\t\t<\/div>\n\t\t<\/div>\n\t\t\t\t\t<\/div>\n\t\t<\/section>\n\t\t\t\t<\/div>\n\t\t","protected":false},"excerpt":{"rendered":"<p>O Laborat\u00f3rio de Resson\u00e2ncia Magn\u00e9tica Nuclear est\u00e1 equipado com dois equipamentos da marca BRUKER, modelos: DPX200 e DPX400.Estes equipamentos possibilitam realizar an\u00e1lises uni e bi dimensionais, variados experimentos em RMN no estado l\u00edquido tanto 1D: (1H, 13C{1H}, NOESY, DEPT, etc) como 2D: (COSY, NOESY, ROESY, HSQC, HMBC, TOCSY). Os equipamentos foram adquiridos na d\u00e9cada de [&hellip;]<\/p>\n","protected":false},"author":124,"featured_media":0,"parent":0,"menu_order":0,"comment_status":"closed","ping_status":"closed","template":"","meta":{"footnotes":""},"categories":[],"tags":[],"class_list":["post-24","page","type-page","status-publish","hentry"],"acf":[],"_links":{"self":[{"href":"https:\/\/www.ufsm.br\/laboratorios\/rmn\/wp-json\/wp\/v2\/pages\/24","targetHints":{"allow":["GET"]}}],"collection":[{"href":"https:\/\/www.ufsm.br\/laboratorios\/rmn\/wp-json\/wp\/v2\/pages"}],"about":[{"href":"https:\/\/www.ufsm.br\/laboratorios\/rmn\/wp-json\/wp\/v2\/types\/page"}],"author":[{"embeddable":true,"href":"https:\/\/www.ufsm.br\/laboratorios\/rmn\/wp-json\/wp\/v2\/users\/124"}],"replies":[{"embeddable":true,"href":"https:\/\/www.ufsm.br\/laboratorios\/rmn\/wp-json\/wp\/v2\/comments?post=24"}],"version-history":[{"count":0,"href":"https:\/\/www.ufsm.br\/laboratorios\/rmn\/wp-json\/wp\/v2\/pages\/24\/revisions"}],"wp:attachment":[{"href":"https:\/\/www.ufsm.br\/laboratorios\/rmn\/wp-json\/wp\/v2\/media?parent=24"}],"wp:term":[{"taxonomy":"category","embeddable":true,"href":"https:\/\/www.ufsm.br\/laboratorios\/rmn\/wp-json\/wp\/v2\/categories?post=24"},{"taxonomy":"post_tag","embeddable":true,"href":"https:\/\/www.ufsm.br\/laboratorios\/rmn\/wp-json\/wp\/v2\/tags?post=24"}],"curies":[{"name":"wp","href":"https:\/\/api.w.org\/{rel}","templated":true}]}}