{"id":66,"date":"2025-04-07T15:25:03","date_gmt":"2025-04-07T18:25:03","guid":{"rendered":"https:\/\/www.ufsm.br\/laboratorios\/rmn\/?page_id=66"},"modified":"2025-04-07T15:26:52","modified_gmt":"2025-04-07T18:26:52","slug":"agendamento","status":"publish","type":"page","link":"https:\/\/www.ufsm.br\/laboratorios\/rmn\/agendamento","title":{"rendered":"Agendamento"},"content":{"rendered":"\t\t<div data-elementor-type=\"wp-page\" data-elementor-id=\"66\" class=\"elementor elementor-66\">\n\t\t\t\t\t\t<section class=\"elementor-section elementor-top-section elementor-element elementor-element-735ca2c elementor-section-boxed elementor-section-height-default elementor-section-height-default\" data-id=\"735ca2c\" data-element_type=\"section\">\n\t\t\t\t\t\t<div class=\"elementor-container elementor-column-gap-default\">\n\t\t\t\t\t<div class=\"elementor-column elementor-col-100 elementor-top-column elementor-element elementor-element-15e23ad9\" data-id=\"15e23ad9\" data-element_type=\"column\">\n\t\t\t<div class=\"elementor-widget-wrap elementor-element-populated\">\n\t\t\t\t\t\t<div class=\"elementor-element elementor-element-5df7a915 elementor-widget elementor-widget-text-editor\" data-id=\"5df7a915\" data-element_type=\"widget\" data-widget_type=\"text-editor.default\">\n\t\t\t\t<div class=\"elementor-widget-container\">\n\t\t\t\t\t\t\t<!-- wp:tadv\/classic-paragraph -->\n<p>Para agendar um hor\u00e1rio ap\u00f3s ter sido aprovado o planejamento de utiliza\u00e7\u00e3o dos equipamentos, o pesquisador\/usu\u00e1rio externo dever\u00e1 acessar os links abaixo e preencher as informa\u00e7\u00f5es solicitadas.<br \/><br \/><a href=\"https:\/\/www.ufsm.br\/grupos\/lasrafto\/paginas\/agendamento\">Espectr\u00f4metro de Resson\u00e2ncia Magn\u00e9tica Nuclear 400 MHz<\/a><br \/><br \/><a href=\"https:\/\/www.ufsm.br\/grupos\/lasrafto\/paginas\/agendamento\">Espectr\u00f4metro de Resson\u00e2ncia Magn\u00e9tica Nuclear 200 MHz<\/a><\/p>\n<!-- \/wp:tadv\/classic-paragraph -->\t\t\t\t\t\t<\/div>\n\t\t\t\t<\/div>\n\t\t\t\t\t<\/div>\n\t\t<\/div>\n\t\t\t\t\t<\/div>\n\t\t<\/section>\n\t\t\t\t<\/div>\n\t\t","protected":false},"excerpt":{"rendered":"<p>Para agendar um hor\u00e1rio ap\u00f3s ter sido aprovado o planejamento de utiliza\u00e7\u00e3o dos equipamentos, o pesquisador\/usu\u00e1rio externo dever\u00e1 acessar os links abaixo e preencher as informa\u00e7\u00f5es solicitadas. Espectr\u00f4metro de Resson\u00e2ncia Magn\u00e9tica Nuclear 400 MHz Espectr\u00f4metro de Resson\u00e2ncia Magn\u00e9tica Nuclear 200 MHz<\/p>\n","protected":false},"author":5089,"featured_media":0,"parent":0,"menu_order":0,"comment_status":"closed","ping_status":"closed","template":"","meta":{"footnotes":""},"categories":[],"tags":[],"class_list":["post-66","page","type-page","status-publish","hentry"],"acf":[],"_links":{"self":[{"href":"https:\/\/www.ufsm.br\/laboratorios\/rmn\/wp-json\/wp\/v2\/pages\/66","targetHints":{"allow":["GET"]}}],"collection":[{"href":"https:\/\/www.ufsm.br\/laboratorios\/rmn\/wp-json\/wp\/v2\/pages"}],"about":[{"href":"https:\/\/www.ufsm.br\/laboratorios\/rmn\/wp-json\/wp\/v2\/types\/page"}],"author":[{"embeddable":true,"href":"https:\/\/www.ufsm.br\/laboratorios\/rmn\/wp-json\/wp\/v2\/users\/5089"}],"replies":[{"embeddable":true,"href":"https:\/\/www.ufsm.br\/laboratorios\/rmn\/wp-json\/wp\/v2\/comments?post=66"}],"version-history":[{"count":0,"href":"https:\/\/www.ufsm.br\/laboratorios\/rmn\/wp-json\/wp\/v2\/pages\/66\/revisions"}],"wp:attachment":[{"href":"https:\/\/www.ufsm.br\/laboratorios\/rmn\/wp-json\/wp\/v2\/media?parent=66"}],"wp:term":[{"taxonomy":"category","embeddable":true,"href":"https:\/\/www.ufsm.br\/laboratorios\/rmn\/wp-json\/wp\/v2\/categories?post=66"},{"taxonomy":"post_tag","embeddable":true,"href":"https:\/\/www.ufsm.br\/laboratorios\/rmn\/wp-json\/wp\/v2\/tags?post=66"}],"curies":[{"name":"wp","href":"https:\/\/api.w.org\/{rel}","templated":true}]}}