{"id":23,"date":"2019-05-14T17:02:03","date_gmt":"2019-05-14T20:02:03","guid":{"rendered":"https:\/\/www.ufsm.br\/template-laboratprio\/?page_id=23"},"modified":"2021-01-04T18:01:58","modified_gmt":"2021-01-04T21:01:58","slug":"equipe","status":"publish","type":"page","link":"https:\/\/www.ufsm.br\/laboratorios\/sementes\/equipe","title":{"rendered":"Equipe do setor de sementes da UFSM"},"content":{"rendered":"\n<p><strong>Professores<\/strong><\/p>\n<p>Prof. Dr. Rog\u00e9rio Luiz Backes &#8211;&nbsp;<span id=\"cloak9585\"><a href=\"mailto:rogerio@backes.com.br\">rogerio@backes.com.br<\/a><\/span><\/p>\n<div>Prof. Dr. Ubirajara Russi Nunes &#8211;&nbsp;<span id=\"cloak21319\"><a href=\"mailto:russinunes@yahoo.com.br\">russinunes@yahoo.com.br<\/a><\/span><\/div>\n<div>&nbsp;<\/div>\n<div>&nbsp;<\/div>\n<p><strong>Respons\u00e1vel T\u00e9cnico&nbsp;<br><\/strong><\/p>\n<p>Eng. Agr. Dr. Nilson Matheus Mattioni &#8211;&nbsp;<span id=\"cloak29343\"><a href=\"mailto:nilsonmattioni@gmail.com\">nilsonmattioni@gmail.com<\/a><\/span><\/p>\n<p>&nbsp;<\/p>\n<p><strong>Respons\u00e1vel Gest\u00e3o da Qualidade (SGQ)<br><\/strong><\/p>\n<p>Biol. Nic\u00e9ia Spanholi Calgaroto<\/p>\n<p>&nbsp;<\/p>\n<p><strong>Laboratoristas<\/strong><\/p>\n<p>Biol. Analista Nic\u00e9ia S. Calgaroto<\/p>\n<p>Eng. Agr. Analista Ricardo Elso Le\u00e3o<\/p>\n<p>&nbsp;<\/p>\n<p><strong>Estagi\u00e1rios<\/strong><\/p>\n<p>Estagi\u00e1rios t\u00e9cnicos dos cursos de Agronomia e Engenharia Florestal.<\/p>\n<p>Estagi\u00e1rio Assistente da Qualidade do curso de Engenharia de Produ\u00e7\u00e3o.<\/p>\n<p>&nbsp;<\/p>\n","protected":false},"excerpt":{"rendered":"<p>Professores Prof. Dr. Rog\u00e9rio Luiz Backes &#8211;&nbsp;rogerio@backes.com.br Prof. Dr. Ubirajara Russi Nunes &#8211;&nbsp;russinunes@yahoo.com.br &nbsp; &nbsp; Respons\u00e1vel T\u00e9cnico&nbsp; Eng. Agr. Dr. Nilson Matheus Mattioni &#8211;&nbsp;nilsonmattioni@gmail.com &nbsp; Respons\u00e1vel Gest\u00e3o da Qualidade (SGQ) Biol. Nic\u00e9ia Spanholi Calgaroto &nbsp; Laboratoristas Biol. Analista Nic\u00e9ia S. Calgaroto Eng. Agr. Analista Ricardo Elso Le\u00e3o &nbsp; Estagi\u00e1rios Estagi\u00e1rios t\u00e9cnicos dos cursos de Agronomia [&hellip;]<\/p>\n","protected":false},"author":124,"featured_media":0,"parent":0,"menu_order":0,"comment_status":"closed","ping_status":"closed","template":"","meta":{"footnotes":""},"categories":[],"tags":[],"class_list":["post-23","page","type-page","status-publish","hentry"],"acf":[],"_links":{"self":[{"href":"https:\/\/www.ufsm.br\/laboratorios\/sementes\/wp-json\/wp\/v2\/pages\/23","targetHints":{"allow":["GET"]}}],"collection":[{"href":"https:\/\/www.ufsm.br\/laboratorios\/sementes\/wp-json\/wp\/v2\/pages"}],"about":[{"href":"https:\/\/www.ufsm.br\/laboratorios\/sementes\/wp-json\/wp\/v2\/types\/page"}],"author":[{"embeddable":true,"href":"https:\/\/www.ufsm.br\/laboratorios\/sementes\/wp-json\/wp\/v2\/users\/124"}],"replies":[{"embeddable":true,"href":"https:\/\/www.ufsm.br\/laboratorios\/sementes\/wp-json\/wp\/v2\/comments?post=23"}],"version-history":[{"count":0,"href":"https:\/\/www.ufsm.br\/laboratorios\/sementes\/wp-json\/wp\/v2\/pages\/23\/revisions"}],"wp:attachment":[{"href":"https:\/\/www.ufsm.br\/laboratorios\/sementes\/wp-json\/wp\/v2\/media?parent=23"}],"wp:term":[{"taxonomy":"category","embeddable":true,"href":"https:\/\/www.ufsm.br\/laboratorios\/sementes\/wp-json\/wp\/v2\/categories?post=23"},{"taxonomy":"post_tag","embeddable":true,"href":"https:\/\/www.ufsm.br\/laboratorios\/sementes\/wp-json\/wp\/v2\/tags?post=23"}],"curies":[{"name":"wp","href":"https:\/\/api.w.org\/{rel}","templated":true}]}}