{"id":26,"date":"2019-05-14T17:03:27","date_gmt":"2019-05-14T20:03:27","guid":{"rendered":"https:\/\/www.ufsm.br\/template-laboratprio\/?page_id=26"},"modified":"2025-09-25T08:03:18","modified_gmt":"2025-09-25T11:03:18","slug":"contato","status":"publish","type":"page","link":"https:\/\/www.ufsm.br\/laboratorios\/sglab\/contato","title":{"rendered":"Contato"},"content":{"rendered":"\t\t<div data-elementor-type=\"wp-page\" data-elementor-id=\"26\" class=\"elementor elementor-26\">\n\t\t\t\t\t\t<section class=\"elementor-section elementor-top-section elementor-element elementor-element-46ce706 elementor-section-boxed elementor-section-height-default elementor-section-height-default\" data-id=\"46ce706\" data-element_type=\"section\">\n\t\t\t\t\t\t<div class=\"elementor-container elementor-column-gap-default\">\n\t\t\t\t\t<div class=\"elementor-column elementor-col-100 elementor-top-column elementor-element elementor-element-34cec01\" data-id=\"34cec01\" data-element_type=\"column\">\n\t\t\t<div class=\"elementor-widget-wrap elementor-element-populated\">\n\t\t\t\t\t\t<div class=\"elementor-element elementor-element-e0bb9b2 elementor-widget elementor-widget-text-editor\" data-id=\"e0bb9b2\" data-element_type=\"widget\" data-widget_type=\"text-editor.default\">\n\t\t\t\t<div class=\"elementor-widget-container\">\n\t\t\t\t\t\t\t<p><span class=\"contact-street\">Av. Roraima n\u00ba 1000<br>Centro de Tecnologia &#8211; Pr\u00e9dio 7 &#8211; Sala 116<br>Cidade Universit\u00e1ria<br>Bairro Camobi<br>Santa Maria &#8211; RS<br>97105-900<\/span><\/p>\n<p><strong>Hor\u00e1rios de Atendimento<\/strong><\/p>\n<p>De Segunda-feira a Sexta-feira<br>Manh\u00e3: 07h \u00e0s 12h<br>Tarde: 13h30 \u00e0s 17h<\/p>\n<p><b>Telefone<\/b><\/p>\n<p>(55) 3220-8093<\/p>\n<p><b>Email de contato<\/b><\/p>\n<p><span class=\"contact-emailto\"><span id=\"cloak78117\">E-mail: <a href=\"mailto:sglabct@ufsm.br\">sglabct@ufsm.br<\/a><\/span><\/span><\/p>\t\t\t\t\t\t<\/div>\n\t\t\t\t<\/div>\n\t\t\t\t\t<\/div>\n\t\t<\/div>\n\t\t\t\t\t<\/div>\n\t\t<\/section>\n\t\t\t\t<\/div>\n\t\t","protected":false},"excerpt":{"rendered":"<p>Av. Roraima n\u00ba 1000Centro de Tecnologia &#8211; Pr\u00e9dio 7 &#8211; Sala 116Cidade Universit\u00e1riaBairro CamobiSanta Maria &#8211; RS97105-900 Hor\u00e1rios de Atendimento De Segunda-feira a Sexta-feiraManh\u00e3: 07h \u00e0s 12hTarde: 13h30 \u00e0s 17h Telefone (55) 3220-8093 Email de contato E-mail: sglabct@ufsm.br<\/p>\n","protected":false},"author":124,"featured_media":0,"parent":0,"menu_order":0,"comment_status":"closed","ping_status":"closed","template":"","meta":{"footnotes":""},"categories":[],"tags":[],"class_list":["post-26","page","type-page","status-publish","hentry"],"acf":[],"_links":{"self":[{"href":"https:\/\/www.ufsm.br\/laboratorios\/sglab\/wp-json\/wp\/v2\/pages\/26","targetHints":{"allow":["GET"]}}],"collection":[{"href":"https:\/\/www.ufsm.br\/laboratorios\/sglab\/wp-json\/wp\/v2\/pages"}],"about":[{"href":"https:\/\/www.ufsm.br\/laboratorios\/sglab\/wp-json\/wp\/v2\/types\/page"}],"author":[{"embeddable":true,"href":"https:\/\/www.ufsm.br\/laboratorios\/sglab\/wp-json\/wp\/v2\/users\/124"}],"replies":[{"embeddable":true,"href":"https:\/\/www.ufsm.br\/laboratorios\/sglab\/wp-json\/wp\/v2\/comments?post=26"}],"version-history":[{"count":0,"href":"https:\/\/www.ufsm.br\/laboratorios\/sglab\/wp-json\/wp\/v2\/pages\/26\/revisions"}],"wp:attachment":[{"href":"https:\/\/www.ufsm.br\/laboratorios\/sglab\/wp-json\/wp\/v2\/media?parent=26"}],"wp:term":[{"taxonomy":"category","embeddable":true,"href":"https:\/\/www.ufsm.br\/laboratorios\/sglab\/wp-json\/wp\/v2\/categories?post=26"},{"taxonomy":"post_tag","embeddable":true,"href":"https:\/\/www.ufsm.br\/laboratorios\/sglab\/wp-json\/wp\/v2\/tags?post=26"}],"curies":[{"name":"wp","href":"https:\/\/api.w.org\/{rel}","templated":true}]}}