{"id":91,"date":"2020-02-21T08:28:27","date_gmt":"2020-02-21T11:28:27","guid":{"rendered":"https:\/\/www.ufsm.br\/laboratorios\/sglab\/?page_id=91"},"modified":"2025-09-10T15:03:01","modified_gmt":"2025-09-10T18:03:01","slug":"solicitar-orcamento","status":"publish","type":"page","link":"https:\/\/www.ufsm.br\/laboratorios\/sglab\/solicitar-orcamento","title":{"rendered":"Solicitar Or\u00e7amento"},"content":{"rendered":"\t\t<div data-elementor-type=\"wp-page\" data-elementor-id=\"91\" class=\"elementor elementor-91\">\n\t\t\t\t\t\t<section class=\"elementor-section elementor-top-section elementor-element elementor-element-3e5d68aa elementor-section-boxed elementor-section-height-default elementor-section-height-default\" data-id=\"3e5d68aa\" data-element_type=\"section\">\n\t\t\t\t\t\t<div class=\"elementor-container elementor-column-gap-default\">\n\t\t\t\t\t<div class=\"elementor-column elementor-col-100 elementor-top-column elementor-element elementor-element-7b0c9fa3\" data-id=\"7b0c9fa3\" data-element_type=\"column\">\n\t\t\t<div class=\"elementor-widget-wrap elementor-element-populated\">\n\t\t\t\t\t\t<div class=\"elementor-element elementor-element-73e068ec elementor-widget elementor-widget-text-editor\" data-id=\"73e068ec\" data-element_type=\"widget\" data-widget_type=\"text-editor.default\">\n\t\t\t\t<div class=\"elementor-widget-container\">\n\t\t\t\t\t\t\t<!-- wp:tadv\/classic-paragraph \/-->\t\t\t\t\t\t<\/div>\n\t\t\t\t<\/div>\n\t\t\t\t\t<\/div>\n\t\t<\/div>\n\t\t\t\t\t<\/div>\n\t\t<\/section>\n\t\t\t\t<section class=\"elementor-section elementor-top-section elementor-element elementor-element-7f88173 elementor-section-boxed elementor-section-height-default elementor-section-height-default\" data-id=\"7f88173\" data-element_type=\"section\">\n\t\t\t\t\t\t<div class=\"elementor-container elementor-column-gap-default\">\n\t\t\t\t\t<div class=\"elementor-column elementor-col-100 elementor-top-column elementor-element elementor-element-7f2e812\" data-id=\"7f2e812\" data-element_type=\"column\">\n\t\t\t<div class=\"elementor-widget-wrap elementor-element-populated\">\n\t\t\t\t\t\t<div class=\"elementor-element elementor-element-5e194ab elementor-widget elementor-widget-text-editor\" data-id=\"5e194ab\" data-element_type=\"widget\" data-widget_type=\"text-editor.default\">\n\t\t\t\t<div class=\"elementor-widget-container\">\n\t\t\t\t\t\t\t<h5><strong>Como solicitar um or\u00e7amento?<\/strong><\/h5>\n<p>&nbsp; Voc\u00ea deve escolher um ensaio\/calibra\u00e7\u00e3o dentre as op\u00e7\u00f5es abaixo e ap\u00f3s enviar a solicita\u00e7\u00e3o ao email do SGLab CT.<\/p>\n<h5><strong>Como realizar o contato?<\/strong><\/h5>\n<p>&nbsp; O contato \u00e9 realizado pelo email&nbsp;<span id=\"cloak92488\"><a href=\"mailto:sglabct@ufsm.br\">sglabct@ufsm.br<\/a><\/span>.<\/p>\t\t\t\t\t\t<\/div>\n\t\t\t\t<\/div>\n\t\t\t\t\t<\/div>\n\t\t<\/div>\n\t\t\t\t\t<\/div>\n\t\t<\/section>\n\t\t\t\t<section class=\"elementor-section elementor-top-section elementor-element elementor-element-b752baa elementor-section-boxed elementor-section-height-default elementor-section-height-default\" data-id=\"b752baa\" data-element_type=\"section\">\n\t\t\t\t\t\t<div class=\"elementor-container elementor-column-gap-default\">\n\t\t\t\t\t<div class=\"elementor-column elementor-col-100 elementor-top-column elementor-element elementor-element-1a95cda\" data-id=\"1a95cda\" data-element_type=\"column\">\n\t\t\t<div class=\"elementor-widget-wrap elementor-element-populated\">\n\t\t\t\t\t\t<div class=\"elementor-element elementor-element-6cbcbb8 elementor-widget elementor-widget-text-editor\" data-id=\"6cbcbb8\" data-element_type=\"widget\" data-widget_type=\"text-editor.default\">\n\t\t\t\t<div class=\"elementor-widget-container\">\n\t\t\t\t\t\t\t<h5>IEM DERlab<\/h5>\n<ol>\n<li>Inversores fotovoltaicos conectados \u00e0 rede el\u00e9trica &#8211;\u00a0<strong><a href=\"https:\/\/iemufsm.com.br\/servicos\/\" target=\"_blank\" rel=\"noopener\">Solicitar or\u00e7amento<\/a><\/strong><\/li>\n<\/ol>\t\t\t\t\t\t<\/div>\n\t\t\t\t<\/div>\n\t\t\t\t\t<\/div>\n\t\t<\/div>\n\t\t\t\t\t<\/div>\n\t\t<\/section>\n\t\t\t\t<section class=\"elementor-section elementor-top-section elementor-element elementor-element-cbaa4f7 elementor-section-boxed elementor-section-height-default elementor-section-height-default\" data-id=\"cbaa4f7\" data-element_type=\"section\">\n\t\t\t\t\t\t<div class=\"elementor-container elementor-column-gap-default\">\n\t\t\t\t\t<div class=\"elementor-column elementor-col-100 elementor-top-column elementor-element elementor-element-e488668\" data-id=\"e488668\" data-element_type=\"column\">\n\t\t\t<div class=\"elementor-widget-wrap elementor-element-populated\">\n\t\t\t\t\t\t<div class=\"elementor-element elementor-element-21a9a41 elementor-widget elementor-widget-text-editor\" data-id=\"21a9a41\" data-element_type=\"widget\" data-widget_type=\"text-editor.default\">\n\t\t\t\t<div class=\"elementor-widget-container\">\n\t\t\t\t\t\t\t<h5>IEM HVlab<\/h5>\n<ol>\n<li>\u00a0Ensaios em transformadores &#8211; <a href=\"https:\/\/iemufsm.com.br\/servicos\/\"><strong>Solicitar or\u00e7amento<\/strong><\/a><\/li>\n<\/ol>\t\t\t\t\t\t<\/div>\n\t\t\t\t<\/div>\n\t\t\t\t\t<\/div>\n\t\t<\/div>\n\t\t\t\t\t<\/div>\n\t\t<\/section>\n\t\t\t\t<section class=\"elementor-section elementor-top-section elementor-element elementor-element-10914fa elementor-section-boxed elementor-section-height-default elementor-section-height-default\" data-id=\"10914fa\" data-element_type=\"section\">\n\t\t\t\t\t\t<div class=\"elementor-container elementor-column-gap-default\">\n\t\t\t\t\t<div class=\"elementor-column elementor-col-100 elementor-top-column elementor-element elementor-element-698ee4b\" data-id=\"698ee4b\" data-element_type=\"column\">\n\t\t\t<div class=\"elementor-widget-wrap elementor-element-populated\">\n\t\t\t\t\t\t<div class=\"elementor-element elementor-element-1a3150c elementor-widget elementor-widget-text-editor\" data-id=\"1a3150c\" data-element_type=\"widget\" data-widget_type=\"text-editor.default\">\n\t\t\t\t<div class=\"elementor-widget-container\">\n\t\t\t\t\t\t\t<h5>LADIPP &#8211; Laborat\u00f3rio de Apoio ao Desenvolvimento e Inova\u00e7\u00e3o de Produtos e Processos<\/h5>\n<p><strong>Ensaios:<\/strong><\/p>\n<ol>\n<li>Medi\u00e7\u00e3o tridimensional (Dimen\u00e7\u00f5es\u00a0m\u00e1ximas\u00a0600x800x200 mm e 30 kg) &#8211;<strong> <a href=\"https:\/\/www.ufsm.br\/laboratorios\/sglab\/wp-content\/uploads\/sites\/809\/2020\/02\/RL.LADIPP.04.05_R04_Solicita\u00e7\u00e3o_de_or\u00e7amento_-_Medi\u00e7\u00e3o_tridimensional.docx\">Solicitar or\u00e7amento<\/a><\/strong><strong><br \/><\/strong><\/li>\n<li>Ensaios destrutivos de for\u00e7a (Carga M\u00e1xima 20kN)\u00a0<strong>&#8211; <a href=\"https:\/\/www.ufsm.br\/laboratorios\/sglab\/wp-content\/uploads\/sites\/809\/2020\/02\/RL.LADIPP.04.05_R04_Solicita\u00e7\u00e3o_de_or\u00e7amento_-_Medi\u00e7\u00e3o_tridimensional-1.docx\">Solicitar or\u00e7amento<\/a><\/strong><\/li>\n<\/ol>\n<div class=\"item-page\">\n<div>\n<p><strong>Calibra\u00e7\u00e3o:<\/strong><\/p>\n<ol>\n<li>Calibra\u00e7\u00e3o de paqu\u00edmetros (0-300 mm)\/micr\u00f4metros (0-25; 25-50; 50-75; 75-100 mm)\u00a0&#8211; <strong><a href=\"http:\/\/200.132.35.63\/formsSglab\/paquimetro_e_micrometro\/\">Solicitar or\u00e7amento<\/a><\/strong><\/li>\n<li>Calibra\u00e7\u00e3o de balan\u00e7as\u00a0&#8211; <strong><a href=\"http:\/\/200.132.35.63\/formsSglab\/calibracao_balancas\/\" target=\"_blank\" rel=\"noopener\">Solicitar or\u00e7amento<\/a><\/strong><\/li>\n<\/ol>\n<\/div>\n<\/div>\t\t\t\t\t\t<\/div>\n\t\t\t\t<\/div>\n\t\t\t\t\t<\/div>\n\t\t<\/div>\n\t\t\t\t\t<\/div>\n\t\t<\/section>\n\t\t\t\t<section class=\"elementor-section elementor-top-section elementor-element elementor-element-4f65c19 elementor-section-boxed elementor-section-height-default elementor-section-height-default\" data-id=\"4f65c19\" data-element_type=\"section\">\n\t\t\t\t\t\t<div class=\"elementor-container elementor-column-gap-default\">\n\t\t\t\t\t<div class=\"elementor-column elementor-col-100 elementor-top-column elementor-element elementor-element-f533d23\" data-id=\"f533d23\" data-element_type=\"column\">\n\t\t\t<div class=\"elementor-widget-wrap elementor-element-populated\">\n\t\t\t\t\t\t<div class=\"elementor-element elementor-element-2e355ca elementor-widget elementor-widget-text-editor\" data-id=\"2e355ca\" data-element_type=\"widget\" data-widget_type=\"text-editor.default\">\n\t\t\t\t<div class=\"elementor-widget-container\">\n\t\t\t\t\t\t\t<h5>LMCC &#8211; Laborat\u00f3rio de Materiais de Constru\u00e7\u00e3o Civil<\/h5>\n<ol>\n<li>\n<p><span style=\"font-weight: 400\">Ensaios PBQP-H: ensaios de resist\u00eancia de blocos, argamassas e prismas de alvenaria estrutural, resist\u00eancia de corpos de prova de concreto &#8211; <strong><a href=\"https:\/\/www.ufsm.br\/laboratorios\/sglab\/lmcc\">Solicitar or\u00e7amento<\/a><\/strong><\/span><\/p>\n<\/li>\n<li>\n<p><span style=\"font-weight: 400\">Demais ensaios: caracteriza\u00e7\u00e3o de argamassas, ensaios de solos e agregados, pavimenta\u00e7\u00e3o asf\u00e1ltica e de concreto, ensaios de ac\u00fastica, ensaios de tubos e postes de concreto, dentre outros &#8211; <strong><a href=\"https:\/\/www.ufsm.br\/laboratorios\/sglab\/lmcc\">Solicitar or\u00e7amento<\/a><\/strong><\/span><\/p>\n<\/li>\n<\/ol>\n<p>\u00a0<\/p>\t\t\t\t\t\t<\/div>\n\t\t\t\t<\/div>\n\t\t\t\t\t<\/div>\n\t\t<\/div>\n\t\t\t\t\t<\/div>\n\t\t<\/section>\n\t\t\t\t<\/div>\n\t\t","protected":false},"excerpt":{"rendered":"<p>Como solicitar um or\u00e7amento? &nbsp; Voc\u00ea deve escolher um ensaio\/calibra\u00e7\u00e3o dentre as op\u00e7\u00f5es abaixo e ap\u00f3s enviar a solicita\u00e7\u00e3o ao email do SGLab CT. Como realizar o contato? &nbsp; O contato \u00e9 realizado pelo email&nbsp;sglabct@ufsm.br. IEM DERlab Inversores fotovoltaicos conectados \u00e0 rede el\u00e9trica &#8211;\u00a0Solicitar or\u00e7amento IEM HVlab \u00a0Ensaios em transformadores &#8211; Solicitar or\u00e7amento LADIPP &#8211; [&hellip;]<\/p>\n","protected":false},"author":867,"featured_media":0,"parent":0,"menu_order":0,"comment_status":"closed","ping_status":"closed","template":"","meta":{"footnotes":""},"categories":[],"tags":[],"class_list":["post-91","page","type-page","status-publish","hentry"],"acf":[],"_links":{"self":[{"href":"https:\/\/www.ufsm.br\/laboratorios\/sglab\/wp-json\/wp\/v2\/pages\/91","targetHints":{"allow":["GET"]}}],"collection":[{"href":"https:\/\/www.ufsm.br\/laboratorios\/sglab\/wp-json\/wp\/v2\/pages"}],"about":[{"href":"https:\/\/www.ufsm.br\/laboratorios\/sglab\/wp-json\/wp\/v2\/types\/page"}],"author":[{"embeddable":true,"href":"https:\/\/www.ufsm.br\/laboratorios\/sglab\/wp-json\/wp\/v2\/users\/867"}],"replies":[{"embeddable":true,"href":"https:\/\/www.ufsm.br\/laboratorios\/sglab\/wp-json\/wp\/v2\/comments?post=91"}],"version-history":[{"count":0,"href":"https:\/\/www.ufsm.br\/laboratorios\/sglab\/wp-json\/wp\/v2\/pages\/91\/revisions"}],"wp:attachment":[{"href":"https:\/\/www.ufsm.br\/laboratorios\/sglab\/wp-json\/wp\/v2\/media?parent=91"}],"wp:term":[{"taxonomy":"category","embeddable":true,"href":"https:\/\/www.ufsm.br\/laboratorios\/sglab\/wp-json\/wp\/v2\/categories?post=91"},{"taxonomy":"post_tag","embeddable":true,"href":"https:\/\/www.ufsm.br\/laboratorios\/sglab\/wp-json\/wp\/v2\/tags?post=91"}],"curies":[{"name":"wp","href":"https:\/\/api.w.org\/{rel}","templated":true}]}}