{"id":29,"date":"2018-01-18T09:10:07","date_gmt":"2018-01-18T11:10:07","guid":{"rendered":"https:\/\/www.ufsm.br\/cursos\/graduacao\/nutricao\/12352\/?page_id=29"},"modified":"2021-07-16T09:08:22","modified_gmt":"2021-07-16T12:08:22","slug":"contato","status":"publish","type":"page","link":"https:\/\/www.ufsm.br\/midias\/arco\/contato","title":{"rendered":"Sobre"},"content":{"rendered":"<p>A Arco \u00e9 a revista de jornalismo cient\u00edfico e cultural da Universidade Federal de Santa Maria (UFSM). Nossa proposta \u00e9 que o conhecimento n\u00e3o fique restrito aos laborat\u00f3rios e \u00e0s salas de aula. Por meio de linguagem did\u00e1tica e de visual atraente, buscamos discutir temas de interesse m\u00faltiplo, em geral desenvolvidos por pesquisadores da UFSM.<\/p>\n<p>Na busca por informar de maneira clara sobre os estudos desenvolvidos na Universidade, a Arco interpreta dados e \u201ctraduz\u201d termos para que os conte\u00fados atraiam o interesse da comunidade. Ao pensar as pautas da revista, o foco est\u00e1\u00a0 no p\u00fablico e os temas tratados devem ser de relev\u00e2ncia social.<\/p>\n<p>A Revista Arco existe desde 2013, e foi desenvolvida pela Coordenadoria de Comunica\u00e7\u00e3o Social da UFSM em parceria com o curso de Jornalismo de Santa Maria.<strong>\u00a0<\/strong><\/p>\n<p><!--more--><\/p>\n<p><strong>A Revista Impressa<\/strong><strong style=\"font-size: 1.125rem\">\u00a0<\/strong><\/p>\n<p>Cada edi\u00e7\u00e3o da Arco conta com tiragem de 5000 exemplares. As revistas s\u00e3o distribu\u00eddas gratuitamente nas bibliotecas da Universidade, em caf\u00e9s e livrarias do centro da cidade, e em eventos relevantes da UFSM, como o Descubra, e da regi\u00e3o de abrang\u00eancia da institui\u00e7\u00e3o, como Feira do Livro de Santa Maria.<\/p>\n<p>Tornar acess\u00edvel o conhecimento produzido na UFSM \u00e9 compromisso da Universidade. Por isso, visando atingir um p\u00fablico mais amplo, as mat\u00e9rias da revista impressa est\u00e3o dispon\u00edveis neste site, no formato digital. Voc\u00ea pode navegar pelos temas de seu interesse, ou conhecer o conte\u00fado completo de cada edi\u00e7\u00e3o. \u00c9 s\u00f3 acessar \u201c<a href=\"https:\/\/www.ufsm.br\/midias\/arco\/edicoes-impressas\/\">Edi\u00e7\u00f5es Impressas<\/a>\u201d.<\/p>\n<p>O ano de 2020 marca o lan\u00e7amento da primeira publica\u00e7\u00e3o em ingl\u00eas, coproduzida pela Secretaria de Apoio Internacional (SAI).<\/p>\n<p><strong>A Arco Digital<\/strong><\/p>\n<p>Desde o come\u00e7o de 2016, a equipe da Revista Arco investe na vers\u00e3o digital da publica\u00e7\u00e3o. A proposta do site \u00e9 que possamos produzir mais conte\u00fado com a mesma qualidade \u2013 no site, aprofundamos temas explorados nas edi\u00e7\u00f5es impressas, mas tamb\u00e9m produzimos conte\u00fados exclusivos sobre a o dia a dia da ci\u00eancia na UFSM. Al\u00e9m disso, o ambiente digital nos permite explorar novos formatos e linguagens para a produ\u00e7\u00e3o das reportagens em um contexto multim\u00eddia.<\/p>\n<p>A expans\u00e3o da revista para o ambiente digital permitiu que a Arco ampliasse e solidificasse a rela\u00e7\u00e3o entre a Coordenadoria de Comunica\u00e7\u00e3o Social da UFSM e o curso de Jornalismo de Santa Maria, por meio de parceria com o Laborat\u00f3rio de Experimenta\u00e7\u00e3o em Jornalismo (LEx). Com a colabora\u00e7\u00e3o do LEx novos formatos foram testados, como o Mit\u00f4metro, que explica mitos ligados \u00e0 ci\u00eancia.<\/p>\n<p>Atualmente a publica\u00e7\u00e3o passa por uma nova fase, focada na qualifica\u00e7\u00e3o dos conte\u00fados para o site, para m\u00eddias sociais, em especial o Instagram, e podcast, o Arco No Fone.<\/p>\n<p>A Arco quer ser reconhecida como refer\u00eancia de divulga\u00e7\u00e3o cient\u00edfica na regi\u00e3o e se prop\u00f5e a\u00a0pensar o ensino, a pesquisa e a extens\u00e3o no contexto universit\u00e1rio de forma ampla, pautando a UFSM como refer\u00eancia em produ\u00e7\u00e3o cient\u00edfica no pa\u00eds.<\/p>\n<p><strong>Filosofia Institucional<\/strong><\/p>\n<p><strong>Miss\u00e3o<\/strong><\/p>\n<p>Produzir jornalismo cient\u00edfico e cultural com excel\u00eancia editorial e gr\u00e1fica, divulgando para a sociedade, de forma acess\u00edvel e em diferentes m\u00eddias, as pesquisas, atividades de extens\u00e3o e projetos culturais da UFSM.<\/p>\n<p><strong>Vis\u00e3o<\/strong><\/p>\n<p>Ser reconhecida pela comunidade acad\u00eamica como principal ve\u00edculo multimidi\u00e1tico de divulga\u00e7\u00e3o cient\u00edfica, cultural e de projetos de extens\u00e3o da Universidade Federal de Santa Maria, com autonomia editorial e sustentabilidade financeira.<\/p>\n<p><strong>Valores<\/strong><\/p>\n<p>\u2013 Diversidade<br \/>\u2013 Descontra\u00e7\u00e3o<br \/>\u2013 Democracia<br \/>\u2013 Responsabilidade<br \/>\u2013 \u00c9tica<br \/>\u2013 Inova\u00e7\u00e3o<br \/>\u2013 Compromisso social<br \/>\u2013 Liberdade de express\u00e3o<br \/>\u2013 Qualidade gr\u00e1fica<\/p>\n<p><strong>Confira o nosso v\u00eddeo institucional:<\/strong><\/p>\n<p><iframe title=\"Institucional Revista Arco 2018 - com legendas\" width=\"500\" height=\"281\" src=\"https:\/\/www.youtube.com\/embed\/h_LbxUxr1uA?feature=oembed\" frameborder=\"0\" allow=\"accelerometer; autoplay; clipboard-write; encrypted-media; gyroscope; picture-in-picture; web-share\" referrerpolicy=\"strict-origin-when-cross-origin\" allowfullscreen><\/iframe><\/p>\n<p><strong>Siga-nos nas redes sociais:<\/strong><\/p>\n<p><a href=\"https:\/\/www.facebook.com\/RevistaArco\/\" target=\"_blank\" rel=\"noopener noreferrer\">Facebook<\/a> \/ <a href=\"https:\/\/www.instagram.com\/revistaarco\/\" target=\"_blank\" rel=\"noopener noreferrer\">Instagram<\/a> \/ <a href=\"https:\/\/twitter.com\/RevistaArco\" target=\"_blank\" rel=\"noopener noreferrer\">Twitter<\/a><\/p>\n<p><strong>Inscreva-se na:<\/strong><\/p>\n<p><a href=\"https:\/\/us15.list-manage.com\/subscribe?u=79d0270d9db69d3941a2a7d45&amp;id=93f8f4db2f\">Newsletter<\/a><\/p>\n<p><strong>Acompanhe o Arco No Fone em uma das plataformas:<\/strong><\/p>\n<p><a href=\"https:\/\/anchor.fm\/revista-arco\">Anchor<\/a> \/ <a href=\"https:\/\/www.breaker.audio\/arco-no-fone\">Breaker<\/a> \/ <a href=\"https:\/\/open.spotify.com\/show\/52aA6CBN7JaTFmR5ecILqU\">Deezer<\/a> \/ <a href=\"https:\/\/www.google.com\/podcasts?feed=aHR0cHM6Ly9hbmNob3IuZm0vcy80YzgxYzUwOC9wb2RjYXN0L3Jzcw==\">Google Podcast<\/a> \/ <a href=\"https:\/\/pca.st\/xk006aan\">Pocket Cast<\/a> \/ <a href=\"https:\/\/radiopublic.com\/arco-no-fone-6LBraa\">RadioPublic<\/a> \/ <a href=\"https:\/\/open.spotify.com\/show\/52aA6CBN7JaTFmR5ecILqU\">Spotify<\/a><\/p>\n\n","protected":false},"excerpt":{"rendered":"<p>A Arco \u00e9 a revista de jornalismo cient\u00edfico e cultural da Universidade Federal de Santa Maria (UFSM). Nossa proposta \u00e9 que o conhecimento n\u00e3o fique restrito aos laborat\u00f3rios e \u00e0s salas de aula. Por meio de linguagem did\u00e1tica e de visual atraente, buscamos discutir temas de interesse m\u00faltiplo, em geral desenvolvidos por pesquisadores da UFSM. [&hellip;]<\/p>\n","protected":false},"author":8,"featured_media":0,"parent":0,"menu_order":0,"comment_status":"closed","ping_status":"closed","template":"","meta":{"footnotes":""},"categories":[],"tags":[],"class_list":["post-29","page","type-page","status-publish","hentry"],"acf":[],"_links":{"self":[{"href":"https:\/\/www.ufsm.br\/midias\/arco\/wp-json\/wp\/v2\/pages\/29","targetHints":{"allow":["GET"]}}],"collection":[{"href":"https:\/\/www.ufsm.br\/midias\/arco\/wp-json\/wp\/v2\/pages"}],"about":[{"href":"https:\/\/www.ufsm.br\/midias\/arco\/wp-json\/wp\/v2\/types\/page"}],"author":[{"embeddable":true,"href":"https:\/\/www.ufsm.br\/midias\/arco\/wp-json\/wp\/v2\/users\/8"}],"replies":[{"embeddable":true,"href":"https:\/\/www.ufsm.br\/midias\/arco\/wp-json\/wp\/v2\/comments?post=29"}],"version-history":[{"count":0,"href":"https:\/\/www.ufsm.br\/midias\/arco\/wp-json\/wp\/v2\/pages\/29\/revisions"}],"wp:attachment":[{"href":"https:\/\/www.ufsm.br\/midias\/arco\/wp-json\/wp\/v2\/media?parent=29"}],"wp:term":[{"taxonomy":"category","embeddable":true,"href":"https:\/\/www.ufsm.br\/midias\/arco\/wp-json\/wp\/v2\/categories?post=29"},{"taxonomy":"post_tag","embeddable":true,"href":"https:\/\/www.ufsm.br\/midias\/arco\/wp-json\/wp\/v2\/tags?post=29"}],"curies":[{"name":"wp","href":"https:\/\/api.w.org\/{rel}","templated":true}]}}