{"id":17,"date":"2010-10-03T17:07:54","date_gmt":"2010-10-03T20:07:54","guid":{"rendered":"http:\/\/w3.ufsm.br\/revistatxt\/?page_id=17"},"modified":"2010-10-03T17:07:54","modified_gmt":"2010-10-03T20:07:54","slug":"versao-impressa","status":"publish","type":"page","link":"https:\/\/www.ufsm.br\/midias\/experimental\/educom\/versao-impressa","title":{"rendered":"Vers\u00e3o Impressa"},"content":{"rendered":"<div class=\"issuuembed\" style=\"width: 525px;height: 370px\" data-configid=\"0\/37310598\"><a href=\"http:\/\/www.ufsm.br\/revistatxt\/?attachment_id=2305\" rel=\"attachment wp-att-2305\">\u00a0<\/a><\/div>\n<div class=\"issuuembed\" style=\"width: 525px;height: 370px\" data-configid=\"0\/37310598\"><strong>Edi\u00e7\u00f5es anteriores:<\/strong><span style=\"font-weight: 300\">\u00a0<a href=\"https:\/\/issuu.com\/revistatxt\/docs\/txt2015\">.txt n\u00famero 20<\/a><\/span><\/div>\n<div class=\"issuuembed\" style=\"width: 320px;height: 240px\" data-configid=\"0\/37310625\"><\/div>\n<p>&nbsp;<\/p>\n<p>.txt n\u00famero 18<\/p>\n<div class=\"issuuembed\" style=\"width: 320px;height: 240px\" data-configid=\"8422704\/3969406\"><\/div>\n<p>&nbsp;<\/p>\n<p>.txt n\u00famero 17<\/p>\n<div class=\"issuuembed\" style=\"width: 320px;height: 240px\" data-configid=\"2768881\/2872924\"><\/div>\n<p>&nbsp;<\/p>\n<p>.txt n\u00famero 16<\/p>\n<div class=\"issuuembed\" style=\"width: 320px;height: 240px\" data-configid=\"2768881\/2945663\"><\/div>\n<p>&nbsp;<\/p>\n<p>.txt n\u00famero 15<\/p>\n<div class=\"issuuembed\" style=\"width: 320px;height: 240px\" data-configid=\"2768881\/2946004\"><\/div>\n<p>&nbsp;<\/p>\n<p>.txt n\u00famero 14<\/p>\n<div class=\"issuuembed\" style=\"width: 320px;height: 240px\" data-configid=\"2768881\/2945595\"><\/div>\n<p>.txt n\u00famero 13<\/p>\n<div class=\"issuuembed\" style=\"width: 320px;height: 240px\" data-configid=\"2768881\/1212269\"><\/div>\n<p>.txt n\u00famero 12<\/p>\n<div class=\"issuuembed\" style=\"width: 320px;height: 240px\" data-configid=\"2768881\/2946823\"><\/div>\n<p>&nbsp;<\/p>\n<p>.txt n\u00famero 11<\/p>\n<div class=\"issuuembed\" style=\"width: 320px;height: 240px\" data-configid=\"2768881\/2873178\"><\/div>\n<p>&nbsp;<\/p>\n<p>.txt n\u00famero 10<\/p>\n<div class=\"issuuembed\" style=\"width: 320px;height: 240px\" data-configid=\"2768881\/2946912\"><\/div>\n<p>.txt n\u00famero 9<\/p>\n<div class=\"issuuembed\" style=\"width: 320px;height: 240px\" data-configid=\"2768881\/2946941\"><\/div>\n<p>.txt n\u00famero 6<\/p>\n","protected":false},"excerpt":{"rendered":"<p>\u00a0 Edi\u00e7\u00f5es anteriores:\u00a0.txt n\u00famero 20 &nbsp; .txt n\u00famero 18 &nbsp; .txt n\u00famero 17 &nbsp; .txt n\u00famero 16 &nbsp; .txt n\u00famero 15 &nbsp; .txt n\u00famero 14 .txt n\u00famero 13 .txt n\u00famero 12 &nbsp; .txt n\u00famero 11 &nbsp; .txt n\u00famero 10 .txt n\u00famero 9 .txt n\u00famero 6<\/p>\n","protected":false},"author":25,"featured_media":0,"parent":0,"menu_order":0,"comment_status":"closed","ping_status":"closed","template":"","meta":{"footnotes":""},"categories":[],"tags":[],"class_list":["post-17","page","type-page","status-publish","hentry"],"acf":[],"_links":{"self":[{"href":"https:\/\/www.ufsm.br\/midias\/experimental\/educom\/wp-json\/wp\/v2\/pages\/17","targetHints":{"allow":["GET"]}}],"collection":[{"href":"https:\/\/www.ufsm.br\/midias\/experimental\/educom\/wp-json\/wp\/v2\/pages"}],"about":[{"href":"https:\/\/www.ufsm.br\/midias\/experimental\/educom\/wp-json\/wp\/v2\/types\/page"}],"author":[{"embeddable":true,"href":"https:\/\/www.ufsm.br\/midias\/experimental\/educom\/wp-json\/wp\/v2\/users\/25"}],"replies":[{"embeddable":true,"href":"https:\/\/www.ufsm.br\/midias\/experimental\/educom\/wp-json\/wp\/v2\/comments?post=17"}],"version-history":[{"count":0,"href":"https:\/\/www.ufsm.br\/midias\/experimental\/educom\/wp-json\/wp\/v2\/pages\/17\/revisions"}],"wp:attachment":[{"href":"https:\/\/www.ufsm.br\/midias\/experimental\/educom\/wp-json\/wp\/v2\/media?parent=17"}],"wp:term":[{"taxonomy":"category","embeddable":true,"href":"https:\/\/www.ufsm.br\/midias\/experimental\/educom\/wp-json\/wp\/v2\/categories?post=17"},{"taxonomy":"post_tag","embeddable":true,"href":"https:\/\/www.ufsm.br\/midias\/experimental\/educom\/wp-json\/wp\/v2\/tags?post=17"}],"curies":[{"name":"wp","href":"https:\/\/api.w.org\/{rel}","templated":true}]}}