{"id":3341,"date":"2020-02-06T10:23:09","date_gmt":"2020-02-06T13:23:09","guid":{"rendered":"https:\/\/www.ufsm.br\/midias\/experimental\/educom\/?page_id=3341"},"modified":"2020-02-06T10:24:38","modified_gmt":"2020-02-06T13:24:38","slug":"grupo-de-pesquisas","status":"publish","type":"page","link":"https:\/\/www.ufsm.br\/midias\/experimental\/educom\/grupo-de-pesquisas","title":{"rendered":"Grupo de Pesquisas"},"content":{"rendered":"\t\t<div data-elementor-type=\"wp-page\" data-elementor-id=\"3341\" class=\"elementor elementor-3341\">\n\t\t\t\t\t\t<section class=\"elementor-section elementor-top-section elementor-element elementor-element-5fc2bc6 elementor-section-boxed elementor-section-height-default elementor-section-height-default\" data-id=\"5fc2bc6\" data-element_type=\"section\">\n\t\t\t\t\t\t<div class=\"elementor-container elementor-column-gap-default\">\n\t\t\t\t\t<div class=\"elementor-column elementor-col-100 elementor-top-column elementor-element elementor-element-078a0db\" data-id=\"078a0db\" data-element_type=\"column\">\n\t\t\t<div class=\"elementor-widget-wrap elementor-element-populated\">\n\t\t\t\t\t\t<div class=\"elementor-element elementor-element-e3ea597 elementor-widget elementor-widget-text-editor\" data-id=\"e3ea597\" data-element_type=\"widget\" data-widget_type=\"text-editor.default\">\n\t\t\t\t<div class=\"elementor-widget-container\">\n\t\t\t\t\t\t\t<p><img fetchpriority=\"high\" decoding=\"async\" class=\"aligncenter wp-image-3342 \" src=\"https:\/\/www.ufsm.br\/midias\/experimental\/educom\/wp-content\/uploads\/sites\/802\/2020\/02\/grupo_de_pesquisas.jpg\" alt=\"\" width=\"507\" height=\"323\" srcset=\"https:\/\/www.ufsm.br\/app\/uploads\/sites\/802\/2020\/02\/grupo_de_pesquisas.jpg 1024w, https:\/\/www.ufsm.br\/app\/uploads\/sites\/802\/2020\/02\/grupo_de_pesquisas-300x191.jpg 300w, https:\/\/www.ufsm.br\/app\/uploads\/sites\/802\/2020\/02\/grupo_de_pesquisas-768x490.jpg 768w\" sizes=\"(max-width: 507px) 100vw, 507px\" \/><\/p><div>Integra professores e pesquisadores, alunos da gradua\u00e7\u00e3o e p\u00f3s-gradua\u00e7\u00e3o do campo de inter-rela\u00e7\u00f5es\u00a0<strong>Comunica\u00e7\u00e3o, Pol\u00edticas P\u00fablicas e Cidadania.\u00a0<br \/><br \/><\/strong>Ligado a linha de pesquisa M\u00eddia e Identidades Contempor\u00e2neas do\u00a0<a href=\"http:\/\/w3.ufsm.br\/poscom\/\" target=\"_blank\" rel=\"noopener\">Programa de P\u00f3s-Gradua\u00e7\u00e3o em Comunica\u00e7\u00e3o Midi\u00e1tica<\/a>\u00a0da Universidade Federal de Santa Maria, dedica-se \u00e0 pesquisas que exploram os aspectos te\u00f3rico-metodol\u00f3gicos e emp\u00edricos de experi\u00eancias e pr\u00e1ticas comunicacionais e medi\u00e1ticas relacionados ao estudo de tem\u00e1ticas como: m\u00eddia, identidade, diferen\u00e7as, alteridade e multiculturalismo, pr\u00e1ticas de consumo, sustentabilidade e pol\u00edticas p\u00fablicas s\u00f3cio-culturais.\u00a0<br \/><br \/>\u00c9 um espa\u00e7o de\u00a0<strong>reflex\u00e3o<\/strong>\u00a0e\u00a0<strong>interc\u00e2mbio<\/strong>\u00a0de\u00a0<strong>conhecimentos<\/strong>, congregando os estudos em desenvolvimento sobre observa\u00e7\u00f5es, apropria\u00e7\u00f5es e usos das m\u00eddias como pr\u00e1ticas cidad\u00e3s relacionadas a dimens\u00f5es s\u00f3cio-identit\u00e1rias.\u00a0<\/div><div><br \/>Al\u00e9m do<strong>\u00a0fortaleciment<\/strong>o e da<strong>\u00a0incrementa\u00e7\u00e3o<\/strong>\u00a0das\u00a0<strong>pesquisas em comunica\u00e7\u00e3o educativa<\/strong>\u00a0e\u00a0<strong>comunit\u00e1ria<\/strong>\u00a0em n\u00edvel de Gradua\u00e7\u00e3o e P\u00f3s-Gradua\u00e7\u00e3o, o Grupo tem como proposta, a promo\u00e7\u00e3o de articula\u00e7\u00f5es interinstitucionais para a produ\u00e7ao te\u00f3rica e o assessoramento cient\u00edfico em projetos educativos na \u00e1rea comunicacional.<br \/><br \/>Neste contexto, procura\u00a0<strong>fomentar parcerias<\/strong>\u00a0com o poder p\u00fablico local, estadual e federal, traduzindo-se em atividades de extens\u00e3o e desenvolvimento em forma de oficinas, assessoria comunit\u00e1ria e observat\u00f3rios de m\u00eddia.<br \/><br \/>A repercuss\u00e3o do grupo pode ser<strong>\u00a0mensurado<\/strong>\u00a0na sala de aula da gradua\u00e7\u00e3o e de p\u00f3s-gradua\u00e7\u00e3o nas disciplinas de M\u00eddia e Pol\u00edticas P\u00fablicas, Comunica\u00e7\u00e3o e Cidadania e M\u00eddia e Pluralismo, nos relat\u00f3rios de pesquisa, orienta\u00e7\u00f5es e produ\u00e7\u00e3o de monografias e disserta\u00e7\u00f5es, participa\u00e7\u00e3o em eventos cient\u00edficos e publica\u00e7\u00f5es. O grupo ir\u00e1 se consolidando \u00e0 medida em que novos pesquisadores interligam suas pesquisas.<p>\u00a0<\/p><p><strong>Participantes do grupo<\/strong><\/p><p><a href=\"http:\/\/buscatextual.cnpq.br\/buscatextual\/visualizacv.do?id=K4704937U2\" target=\"_blank\" rel=\"noopener\">Prof\u00aa. Dr\u00aa. Rosane Rosa<\/a>\u00a0(coordenadora)\u00a0<\/p><p><a href=\"http:\/\/buscatextual.cnpq.br\/buscatextual\/visualizacv.do?id=K4275577Z4\" target=\"_blank\" rel=\"noopener\">Ang\u00e9lica Moreira Pereira<\/a>\u00a0(mestranda &#8211; PPGTER)<\/p><p><a href=\"http:\/\/buscatextual.cnpq.br\/buscatextual\/visualizacv.do?id=K4551107T8\" target=\"_blank\" rel=\"noopener\">Alex Souza Cabistani<\/a>\u00a0(mestrando &#8211; PPGTER)<\/p><p><a href=\"http:\/\/buscatextual.cnpq.br\/buscatextual\/visualizacv.do?id=K4307705D7\" target=\"_blank\" rel=\"noopener\">\u00c2ngela Sowa<\/a>\u00a0(acad\u00eamica de Rela\u00e7\u00f5es P\u00fablicas)<\/p><p><a href=\"http:\/\/buscatextual.cnpq.br\/buscatextual\/visualizacv.do?id=K4973662Z0\" target=\"_blank\" rel=\"noopener\">Bruna Fernanda Mussolin<\/a>\u00a0(publicit\u00e1ria)<\/p><p><a href=\"http:\/\/buscatextual.cnpq.br\/buscatextual\/visualizacv.do?id=K4449414Z6\" target=\"_blank\" rel=\"noopener\">Fernanda de Ara\u00fajo Patrocinio<\/a>\u00a0(mestranda &#8211; POSCOM)<\/p><p><a href=\"http:\/\/buscatextual.cnpq.br\/buscatextual\/visualizacv.do?id=K4337286A6\" target=\"_blank\" rel=\"noopener\">Gabriela Cleveston Gelain<\/a>\u00a0(jornalista)<\/p><p><a href=\"http:\/\/buscatextual.cnpq.br\/buscatextual\/visualizacv.do?id=K4211739Z0\" target=\"_blank\" rel=\"noopener\">Maur\u00edcio Lavarda do Nascimento<\/a>\u00a0(mestrando &#8211; POSCOM)<\/p><p><a href=\"http:\/\/buscatextual.cnpq.br\/buscatextual\/visualizacv.do?id=K4493605Z4\" target=\"_blank\" rel=\"noopener\">Pedro Barcellos<\/a>\u00a0(acad\u00eamico de Produ\u00e7\u00e3o Editorial)<\/p><p>\u00a0<\/p><\/div>\t\t\t\t\t\t<\/div>\n\t\t\t\t<\/div>\n\t\t\t\t\t<\/div>\n\t\t<\/div>\n\t\t\t\t\t<\/div>\n\t\t<\/section>\n\t\t\t\t<\/div>\n\t\t","protected":false},"excerpt":{"rendered":"<p>Integra professores e pesquisadores, alunos da gradua\u00e7\u00e3o e p\u00f3s-gradua\u00e7\u00e3o do campo de inter-rela\u00e7\u00f5es\u00a0Comunica\u00e7\u00e3o, Pol\u00edticas P\u00fablicas e Cidadania.\u00a0 Ligado a linha de pesquisa M\u00eddia e Identidades Contempor\u00e2neas do\u00a0Programa de P\u00f3s-Gradua\u00e7\u00e3o em Comunica\u00e7\u00e3o Midi\u00e1tica\u00a0da Universidade Federal de Santa Maria, dedica-se \u00e0 pesquisas que exploram os aspectos te\u00f3rico-metodol\u00f3gicos e emp\u00edricos de experi\u00eancias e pr\u00e1ticas comunicacionais e medi\u00e1ticas relacionados [&hellip;]<\/p>\n","protected":false},"author":867,"featured_media":0,"parent":0,"menu_order":0,"comment_status":"closed","ping_status":"closed","template":"","meta":{"footnotes":""},"categories":[],"tags":[],"class_list":["post-3341","page","type-page","status-publish","hentry"],"acf":[],"_links":{"self":[{"href":"https:\/\/www.ufsm.br\/midias\/experimental\/educom\/wp-json\/wp\/v2\/pages\/3341","targetHints":{"allow":["GET"]}}],"collection":[{"href":"https:\/\/www.ufsm.br\/midias\/experimental\/educom\/wp-json\/wp\/v2\/pages"}],"about":[{"href":"https:\/\/www.ufsm.br\/midias\/experimental\/educom\/wp-json\/wp\/v2\/types\/page"}],"author":[{"embeddable":true,"href":"https:\/\/www.ufsm.br\/midias\/experimental\/educom\/wp-json\/wp\/v2\/users\/867"}],"replies":[{"embeddable":true,"href":"https:\/\/www.ufsm.br\/midias\/experimental\/educom\/wp-json\/wp\/v2\/comments?post=3341"}],"version-history":[{"count":0,"href":"https:\/\/www.ufsm.br\/midias\/experimental\/educom\/wp-json\/wp\/v2\/pages\/3341\/revisions"}],"wp:attachment":[{"href":"https:\/\/www.ufsm.br\/midias\/experimental\/educom\/wp-json\/wp\/v2\/media?parent=3341"}],"wp:term":[{"taxonomy":"category","embeddable":true,"href":"https:\/\/www.ufsm.br\/midias\/experimental\/educom\/wp-json\/wp\/v2\/categories?post=3341"},{"taxonomy":"post_tag","embeddable":true,"href":"https:\/\/www.ufsm.br\/midias\/experimental\/educom\/wp-json\/wp\/v2\/tags?post=3341"}],"curies":[{"name":"wp","href":"https:\/\/api.w.org\/{rel}","templated":true}]}}