{"id":3344,"date":"2020-02-06T10:25:59","date_gmt":"2020-02-06T13:25:59","guid":{"rendered":"https:\/\/www.ufsm.br\/midias\/experimental\/educom\/?page_id=3344"},"modified":"2020-02-06T10:26:22","modified_gmt":"2020-02-06T13:26:22","slug":"teses","status":"publish","type":"page","link":"https:\/\/www.ufsm.br\/midias\/experimental\/educom\/teses","title":{"rendered":"Teses"},"content":{"rendered":"\t\t<div data-elementor-type=\"wp-page\" data-elementor-id=\"3344\" class=\"elementor elementor-3344\">\n\t\t\t\t\t\t<section class=\"elementor-section elementor-top-section elementor-element elementor-element-7ce9a4f0 elementor-section-boxed elementor-section-height-default elementor-section-height-default\" data-id=\"7ce9a4f0\" data-element_type=\"section\">\n\t\t\t\t\t\t<div class=\"elementor-container elementor-column-gap-default\">\n\t\t\t\t\t<div class=\"elementor-column elementor-col-100 elementor-top-column elementor-element elementor-element-138f9a9d\" data-id=\"138f9a9d\" data-element_type=\"column\">\n\t\t\t<div class=\"elementor-widget-wrap elementor-element-populated\">\n\t\t\t\t\t\t<div class=\"elementor-element elementor-element-234b1dc4 elementor-widget elementor-widget-text-editor\" data-id=\"234b1dc4\" data-element_type=\"widget\" data-widget_type=\"text-editor.default\">\n\t\t\t\t<div class=\"elementor-widget-container\">\n\t\t\t\t\t\t\t<!-- wp:paragraph -->\n<p><strong>Em andamento<\/strong><\/p>\n<!-- \/wp:paragraph --><!-- wp:paragraph -->\n<p><strong>T\u00edtulo:<\/strong>\u00a0Educomunica\u00e7\u00e3o e Cidadania: uma investiga\u00e7\u00e3o do Instituto Insikiran em Boa Vista &#8211; RR<br \/><strong>Autoria:<\/strong>\u00a0Roni Petterson de Miranda Pacheco<br \/><strong>Orienta\u00e7\u00e3o:<\/strong>\u00a0Prof\u00aa. Dr\u00aa. Rosane Rosa<br \/><strong>Previs\u00e3o de defesa:<\/strong> Mar\u00e7o\/ 2019<\/p>\n<!-- \/wp:paragraph --><!-- wp:paragraph -->\n<p><strong>T\u00edtulo:<\/strong>\u00a0A circula\u00e7\u00e3o de sentidos sobre o feminismo nas redes sociais digitais: uma cartografia dos Coletivos Feministas no Facebook ligados \u00e0s Institui\u00e7\u00f5es de Ensino Superior &#8211; IES\u00a0<br \/><strong>Autoria:<\/strong>\u00a0Vera Sirlei Martins<br \/><strong>Orienta\u00e7\u00e3o:<\/strong>\u00a0Prof\u00aa. Dr\u00aa. Rosane Rosa<br \/><strong>Previs\u00e3o de defesa:<\/strong>\u00a0Dezembro\/ 2020<\/p>\n<!-- \/wp:paragraph -->\t\t\t\t\t\t<\/div>\n\t\t\t\t<\/div>\n\t\t\t\t\t<\/div>\n\t\t<\/div>\n\t\t\t\t\t<\/div>\n\t\t<\/section>\n\t\t\t\t<\/div>\n\t\t","protected":false},"excerpt":{"rendered":"<p>Em andamento T\u00edtulo:\u00a0Educomunica\u00e7\u00e3o e Cidadania: uma investiga\u00e7\u00e3o do Instituto Insikiran em Boa Vista &#8211; RRAutoria:\u00a0Roni Petterson de Miranda PachecoOrienta\u00e7\u00e3o:\u00a0Prof\u00aa. Dr\u00aa. Rosane RosaPrevis\u00e3o de defesa: Mar\u00e7o\/ 2019 T\u00edtulo:\u00a0A circula\u00e7\u00e3o de sentidos sobre o feminismo nas redes sociais digitais: uma cartografia dos Coletivos Feministas no Facebook ligados \u00e0s Institui\u00e7\u00f5es de Ensino Superior &#8211; IES\u00a0Autoria:\u00a0Vera Sirlei MartinsOrienta\u00e7\u00e3o:\u00a0Prof\u00aa. Dr\u00aa. [&hellip;]<\/p>\n","protected":false},"author":867,"featured_media":0,"parent":0,"menu_order":0,"comment_status":"closed","ping_status":"closed","template":"","meta":{"footnotes":""},"categories":[],"tags":[],"class_list":["post-3344","page","type-page","status-publish","hentry"],"acf":[],"_links":{"self":[{"href":"https:\/\/www.ufsm.br\/midias\/experimental\/educom\/wp-json\/wp\/v2\/pages\/3344","targetHints":{"allow":["GET"]}}],"collection":[{"href":"https:\/\/www.ufsm.br\/midias\/experimental\/educom\/wp-json\/wp\/v2\/pages"}],"about":[{"href":"https:\/\/www.ufsm.br\/midias\/experimental\/educom\/wp-json\/wp\/v2\/types\/page"}],"author":[{"embeddable":true,"href":"https:\/\/www.ufsm.br\/midias\/experimental\/educom\/wp-json\/wp\/v2\/users\/867"}],"replies":[{"embeddable":true,"href":"https:\/\/www.ufsm.br\/midias\/experimental\/educom\/wp-json\/wp\/v2\/comments?post=3344"}],"version-history":[{"count":0,"href":"https:\/\/www.ufsm.br\/midias\/experimental\/educom\/wp-json\/wp\/v2\/pages\/3344\/revisions"}],"wp:attachment":[{"href":"https:\/\/www.ufsm.br\/midias\/experimental\/educom\/wp-json\/wp\/v2\/media?parent=3344"}],"wp:term":[{"taxonomy":"category","embeddable":true,"href":"https:\/\/www.ufsm.br\/midias\/experimental\/educom\/wp-json\/wp\/v2\/categories?post=3344"},{"taxonomy":"post_tag","embeddable":true,"href":"https:\/\/www.ufsm.br\/midias\/experimental\/educom\/wp-json\/wp\/v2\/tags?post=3344"}],"curies":[{"name":"wp","href":"https:\/\/api.w.org\/{rel}","templated":true}]}}

<div data-elementor-type="wp-page" data-elementor-id="3344" class="elementor elementor-3344">
						<section class="elementor-section elementor-top-section elementor-element elementor-element-7ce9a4f0 elementor-section-boxed elementor-section-height-default elementor-section-height-default" data-id="7ce9a4f0" data-element_type="section">
						<div class="elementor-container elementor-column-gap-default">
					<div class="elementor-column elementor-col-100 elementor-top-column elementor-element elementor-element-138f9a9d" data-id="138f9a9d" data-element_type="column">
			<div class="elementor-widget-wrap elementor-element-populated">
						<div class="elementor-element elementor-element-234b1dc4 elementor-widget elementor-widget-text-editor" data-id="234b1dc4" data-element_type="widget" data-widget_type="text-editor.default">
				<div class="elementor-widget-container">
							<!-- wp:paragraph -->
<p><strong>Em andamento</strong></p>
<!-- /wp:paragraph --><!-- wp:paragraph -->
<p><strong>Título:</strong> Educomunicação e Cidadania: uma investigação do Instituto Insikiran em Boa Vista &#8211; RR<br /><strong>Autoria:</strong> Roni Petterson de Miranda Pacheco<br /><strong>Orientação:</strong> Profª. Drª. Rosane Rosa<br /><strong>Previsão de defesa:</strong> Março/ 2019</p>
<!-- /wp:paragraph --><!-- wp:paragraph -->
<p><strong>Título:</strong> A circulação de sentidos sobre o feminismo nas redes sociais digitais: uma cartografia dos Coletivos Feministas no Facebook ligados às Instituições de Ensino Superior &#8211; IES <br /><strong>Autoria:</strong> Vera Sirlei Martins<br /><strong>Orientação:</strong> Profª. Drª. Rosane Rosa<br /><strong>Previsão de defesa:</strong> Dezembro/ 2020</p>
<!-- /wp:paragraph -->						</div>
				</div>
					</div>
		</div>
					</div>
		</section>
				</div>

<p>Em andamento Título: Educomunicação e Cidadania: uma investigação do Instituto Insikiran em Boa Vista &#8211; RRAutoria: Roni Petterson de Miranda PachecoOrientação: Profª. Drª. Rosane RosaPrevisão de defesa: Março/ 2019 Título: A circulação de sentidos sobre o feminismo nas redes sociais digitais: uma cartografia dos Coletivos Feministas no Facebook ligados às Instituições de Ensino Superior &#8211; IES Autoria: Vera Sirlei MartinsOrientação: Profª. Drª. [&hellip;]</p>
