{"id":3356,"date":"2020-02-06T10:54:25","date_gmt":"2020-02-06T13:54:25","guid":{"rendered":"https:\/\/www.ufsm.br\/midias\/experimental\/educom\/?page_id=3356"},"modified":"2020-02-06T10:56:48","modified_gmt":"2020-02-06T13:56:48","slug":"radio-escola","status":"publish","type":"page","link":"https:\/\/www.ufsm.br\/midias\/experimental\/educom\/radio-escola","title":{"rendered":"R\u00e1dio Escola"},"content":{"rendered":"\t\t<div data-elementor-type=\"wp-page\" data-elementor-id=\"3356\" class=\"elementor elementor-3356\">\n\t\t\t\t\t\t<section class=\"elementor-section elementor-top-section elementor-element elementor-element-8f73662 elementor-section-boxed elementor-section-height-default elementor-section-height-default\" data-id=\"8f73662\" data-element_type=\"section\">\n\t\t\t\t\t\t<div class=\"elementor-container elementor-column-gap-default\">\n\t\t\t\t\t<div class=\"elementor-column elementor-col-100 elementor-top-column elementor-element elementor-element-51a3b24\" data-id=\"51a3b24\" data-element_type=\"column\">\n\t\t\t<div class=\"elementor-widget-wrap elementor-element-populated\">\n\t\t\t\t\t\t<div class=\"elementor-element elementor-element-80399eb elementor-widget elementor-widget-heading\" data-id=\"80399eb\" data-element_type=\"widget\" data-widget_type=\"heading.default\">\n\t\t\t\t<div class=\"elementor-widget-container\">\n\t\t\t<h2 class=\"elementor-heading-title elementor-size-large\">Oficinas educomunicativas<\/h2>\t\t<\/div>\n\t\t\t\t<\/div>\n\t\t\t\t\t<\/div>\n\t\t<\/div>\n\t\t\t\t\t<\/div>\n\t\t<\/section>\n\t\t\t\t<section class=\"elementor-section elementor-top-section elementor-element elementor-element-6cf4b17 elementor-section-boxed elementor-section-height-default elementor-section-height-default\" data-id=\"6cf4b17\" data-element_type=\"section\">\n\t\t\t\t\t\t<div class=\"elementor-container elementor-column-gap-default\">\n\t\t\t\t\t<div class=\"elementor-column elementor-col-100 elementor-top-column elementor-element elementor-element-12d931f\" data-id=\"12d931f\" data-element_type=\"column\">\n\t\t\t<div class=\"elementor-widget-wrap elementor-element-populated\">\n\t\t\t\t\t\t<div class=\"elementor-element elementor-element-ad3c61a elementor-widget elementor-widget-text-editor\" data-id=\"ad3c61a\" data-element_type=\"widget\" data-widget_type=\"text-editor.default\">\n\t\t\t\t<div class=\"elementor-widget-container\">\n\t\t\t\t\t\t\t<div>As oficinas tem como objetivo criar um ambiente favor\u00e1vel \u00e0 express\u00e3o, a comunica\u00e7\u00e3o e \u00e0 aprendizagem por meio da linguagem e produ\u00e7\u00e3o sonora; ensinar os fundamentos da comunica\u00e7\u00e3o radiof\u00f4nica para uso e apropria\u00e7\u00e3o da comunidade escolar.<br \/>Influ\u00eancia nas escolas: Desenvolvimento da responsabilidade e autonomia na produ\u00e7\u00e3o dos programas. Capacita\u00e7\u00e3o para produ\u00e7\u00e3o, grava\u00e7\u00e3o e edi\u00e7\u00e3o de produtos sonoros. Recreio informativo e divertido. Valoriza\u00e7\u00e3o do aluno como produtor de conte\u00fado passando a contribuir ativamente no pr\u00f3prio processo de aprendizagem.<\/div>\t\t\t\t\t\t<\/div>\n\t\t\t\t<\/div>\n\t\t\t\t\t<\/div>\n\t\t<\/div>\n\t\t\t\t\t<\/div>\n\t\t<\/section>\n\t\t\t\t<section class=\"elementor-section elementor-top-section elementor-element elementor-element-2614953 elementor-section-boxed elementor-section-height-default elementor-section-height-default\" data-id=\"2614953\" data-element_type=\"section\">\n\t\t\t\t\t\t<div class=\"elementor-container elementor-column-gap-default\">\n\t\t\t\t\t<div class=\"elementor-column elementor-col-100 elementor-top-column elementor-element elementor-element-1ef2e52\" data-id=\"1ef2e52\" data-element_type=\"column\">\n\t\t\t<div class=\"elementor-widget-wrap elementor-element-populated\">\n\t\t\t\t\t\t<div class=\"elementor-element elementor-element-8e55656 elementor-widget elementor-widget-wp-widget-custom_html\" data-id=\"8e55656\" data-element_type=\"widget\" data-widget_type=\"wp-widget-custom_html.default\">\n\t\t\t\t<div class=\"elementor-widget-container\">\n\t\t\t<div class=\"textwidget custom-html-widget\"><iframe width=\"100%\" height=\"166\" scrolling=\"no\" frameborder=\"no\" src=\"https:\/\/w.soundcloud.com\/player\/?url=https%3A\/\/api.soundcloud.com\/tracks\/120980408&amp;color=ff5500\"><\/iframe><\/div>\t\t<\/div>\n\t\t\t\t<\/div>\n\t\t\t\t\t<\/div>\n\t\t<\/div>\n\t\t\t\t\t<\/div>\n\t\t<\/section>\n\t\t\t\t<section class=\"elementor-section elementor-top-section elementor-element elementor-element-4643864 elementor-section-boxed elementor-section-height-default elementor-section-height-default\" data-id=\"4643864\" data-element_type=\"section\">\n\t\t\t\t\t\t<div class=\"elementor-container elementor-column-gap-default\">\n\t\t\t\t\t<div class=\"elementor-column elementor-col-100 elementor-top-column elementor-element elementor-element-178e647\" data-id=\"178e647\" data-element_type=\"column\">\n\t\t\t<div class=\"elementor-widget-wrap elementor-element-populated\">\n\t\t\t\t\t\t<div class=\"elementor-element elementor-element-48c9cc3 elementor-widget elementor-widget-text-editor\" data-id=\"48c9cc3\" data-element_type=\"widget\" data-widget_type=\"text-editor.default\">\n\t\t\t\t<div class=\"elementor-widget-container\">\n\t\t\t\t\t\t\t<p style=\"text-align: center\"><strong>Dic\u00e7\u00e3o, Orat\u00f3ria e Desinibi\u00e7\u00e3o<\/strong><\/p><p>A oficina tem como objetivo desenvolver a compet\u00eancia comunicacional dos alunos em rela\u00e7\u00e3o \u00e0 dic\u00e7\u00e3o, orat\u00f3ria e desinibi\u00e7\u00e3o; aprimorar a capacidade de comunica\u00e7\u00e3o e express\u00e3o, vencendo o nervosismo e a timidez; preparar para um melhor desempenho nas demais oficinas como a de r\u00e1dio e jornal.<br \/>Influ\u00eancia nas escolas: Alunos mais comunicativos e participantes. Sujeitos preparados para falar em p\u00fablico e em outros espa\u00e7os sociais.<\/p>\t\t\t\t\t\t<\/div>\n\t\t\t\t<\/div>\n\t\t\t\t\t<\/div>\n\t\t<\/div>\n\t\t\t\t\t<\/div>\n\t\t<\/section>\n\t\t\t\t<\/div>\n\t\t","protected":false},"excerpt":{"rendered":"<p>Oficinas educomunicativas As oficinas tem como objetivo criar um ambiente favor\u00e1vel \u00e0 express\u00e3o, a comunica\u00e7\u00e3o e \u00e0 aprendizagem por meio da linguagem e produ\u00e7\u00e3o sonora; ensinar os fundamentos da comunica\u00e7\u00e3o radiof\u00f4nica para uso e apropria\u00e7\u00e3o da comunidade escolar.Influ\u00eancia nas escolas: Desenvolvimento da responsabilidade e autonomia na produ\u00e7\u00e3o dos programas. Capacita\u00e7\u00e3o para produ\u00e7\u00e3o, grava\u00e7\u00e3o e edi\u00e7\u00e3o [&hellip;]<\/p>\n","protected":false},"author":867,"featured_media":0,"parent":0,"menu_order":0,"comment_status":"closed","ping_status":"closed","template":"","meta":{"footnotes":""},"categories":[],"tags":[],"class_list":["post-3356","page","type-page","status-publish","hentry"],"acf":[],"_links":{"self":[{"href":"https:\/\/www.ufsm.br\/midias\/experimental\/educom\/wp-json\/wp\/v2\/pages\/3356","targetHints":{"allow":["GET"]}}],"collection":[{"href":"https:\/\/www.ufsm.br\/midias\/experimental\/educom\/wp-json\/wp\/v2\/pages"}],"about":[{"href":"https:\/\/www.ufsm.br\/midias\/experimental\/educom\/wp-json\/wp\/v2\/types\/page"}],"author":[{"embeddable":true,"href":"https:\/\/www.ufsm.br\/midias\/experimental\/educom\/wp-json\/wp\/v2\/users\/867"}],"replies":[{"embeddable":true,"href":"https:\/\/www.ufsm.br\/midias\/experimental\/educom\/wp-json\/wp\/v2\/comments?post=3356"}],"version-history":[{"count":0,"href":"https:\/\/www.ufsm.br\/midias\/experimental\/educom\/wp-json\/wp\/v2\/pages\/3356\/revisions"}],"wp:attachment":[{"href":"https:\/\/www.ufsm.br\/midias\/experimental\/educom\/wp-json\/wp\/v2\/media?parent=3356"}],"wp:term":[{"taxonomy":"category","embeddable":true,"href":"https:\/\/www.ufsm.br\/midias\/experimental\/educom\/wp-json\/wp\/v2\/categories?post=3356"},{"taxonomy":"post_tag","embeddable":true,"href":"https:\/\/www.ufsm.br\/midias\/experimental\/educom\/wp-json\/wp\/v2\/tags?post=3356"}],"curies":[{"name":"wp","href":"https:\/\/api.w.org\/{rel}","templated":true}]}}

Rádio Escola

<div data-elementor-type="wp-page" data-elementor-id="3356" class="elementor elementor-3356">
						<section class="elementor-section elementor-top-section elementor-element elementor-element-8f73662 elementor-section-boxed elementor-section-height-default elementor-section-height-default" data-id="8f73662" data-element_type="section">
						<div class="elementor-container elementor-column-gap-default">
					<div class="elementor-column elementor-col-100 elementor-top-column elementor-element elementor-element-51a3b24" data-id="51a3b24" data-element_type="column">
			<div class="elementor-widget-wrap elementor-element-populated">
						<div class="elementor-element elementor-element-80399eb elementor-widget elementor-widget-heading" data-id="80399eb" data-element_type="widget" data-widget_type="heading.default">
				<div class="elementor-widget-container">
			<h2 class="elementor-heading-title elementor-size-large">Oficinas educomunicativas</h2>		</div>
				</div>
					</div>
		</div>
					</div>
		</section>
				<section class="elementor-section elementor-top-section elementor-element elementor-element-6cf4b17 elementor-section-boxed elementor-section-height-default elementor-section-height-default" data-id="6cf4b17" data-element_type="section">
						<div class="elementor-container elementor-column-gap-default">
					<div class="elementor-column elementor-col-100 elementor-top-column elementor-element elementor-element-12d931f" data-id="12d931f" data-element_type="column">
			<div class="elementor-widget-wrap elementor-element-populated">
						<div class="elementor-element elementor-element-ad3c61a elementor-widget elementor-widget-text-editor" data-id="ad3c61a" data-element_type="widget" data-widget_type="text-editor.default">
				<div class="elementor-widget-container">
							<div>As oficinas tem como objetivo criar um ambiente favorável à expressão, a comunicação e à aprendizagem por meio da linguagem e produção sonora; ensinar os fundamentos da comunicação radiofônica para uso e apropriação da comunidade escolar.<br />Influência nas escolas: Desenvolvimento da responsabilidade e autonomia na produção dos programas. Capacitação para produção, gravação e edição de produtos sonoros. Recreio informativo e divertido. Valorização do aluno como produtor de conteúdo passando a contribuir ativamente no próprio processo de aprendizagem.</div>						</div>
				</div>
					</div>
		</div>
					</div>
		</section>
				<section class="elementor-section elementor-top-section elementor-element elementor-element-2614953 elementor-section-boxed elementor-section-height-default elementor-section-height-default" data-id="2614953" data-element_type="section">
						<div class="elementor-container elementor-column-gap-default">
					<div class="elementor-column elementor-col-100 elementor-top-column elementor-element elementor-element-1ef2e52" data-id="1ef2e52" data-element_type="column">
			<div class="elementor-widget-wrap elementor-element-populated">
						<div class="elementor-element elementor-element-8e55656 elementor-widget elementor-widget-wp-widget-custom_html" data-id="8e55656" data-element_type="widget" data-widget_type="wp-widget-custom_html.default">
				<div class="elementor-widget-container">
			<div class="textwidget custom-html-widget"><iframe width="100%" height="166" scrolling="no" frameborder="no" src="https://w.soundcloud.com/player/?url=https%3A//api.soundcloud.com/tracks/120980408&amp;color=ff5500"></iframe></div>		</div>
				</div>
					</div>
		</div>
					</div>
		</section>
				<section class="elementor-section elementor-top-section elementor-element elementor-element-4643864 elementor-section-boxed elementor-section-height-default elementor-section-height-default" data-id="4643864" data-element_type="section">
						<div class="elementor-container elementor-column-gap-default">
					<div class="elementor-column elementor-col-100 elementor-top-column elementor-element elementor-element-178e647" data-id="178e647" data-element_type="column">
			<div class="elementor-widget-wrap elementor-element-populated">
						<div class="elementor-element elementor-element-48c9cc3 elementor-widget elementor-widget-text-editor" data-id="48c9cc3" data-element_type="widget" data-widget_type="text-editor.default">
				<div class="elementor-widget-container">
							<p style="text-align: center"><strong>Dicção, Oratória e Desinibição</strong></p><p>A oficina tem como objetivo desenvolver a competência comunicacional dos alunos em relação à dicção, oratória e desinibição; aprimorar a capacidade de comunicação e expressão, vencendo o nervosismo e a timidez; preparar para um melhor desempenho nas demais oficinas como a de rádio e jornal.<br />Influência nas escolas: Alunos mais comunicativos e participantes. Sujeitos preparados para falar em público e em outros espaços sociais.</p>						</div>
				</div>
					</div>
		</div>
					</div>
		</section>
				</div>

<p>Oficinas educomunicativas As oficinas tem como objetivo criar um ambiente favorável à expressão, a comunicação e à aprendizagem por meio da linguagem e produção sonora; ensinar os fundamentos da comunicação radiofônica para uso e apropriação da comunidade escolar.Influência nas escolas: Desenvolvimento da responsabilidade e autonomia na produção dos programas. Capacitação para produção, gravação e edição [&hellip;]</p>
