{"id":3358,"date":"2020-02-06T11:09:38","date_gmt":"2020-02-06T14:09:38","guid":{"rendered":"https:\/\/www.ufsm.br\/midias\/experimental\/educom\/?page_id=3358"},"modified":"2020-02-06T11:10:17","modified_gmt":"2020-02-06T14:10:17","slug":"ciranda-cultural","status":"publish","type":"page","link":"https:\/\/www.ufsm.br\/midias\/experimental\/educom\/ciranda-cultural","title":{"rendered":"Ciranda Cultural"},"content":{"rendered":"\t\t<div data-elementor-type=\"wp-page\" data-elementor-id=\"3358\" class=\"elementor elementor-3358\">\n\t\t\t\t\t\t<section class=\"elementor-section elementor-top-section elementor-element elementor-element-c253bfe elementor-section-boxed elementor-section-height-default elementor-section-height-default\" data-id=\"c253bfe\" data-element_type=\"section\">\n\t\t\t\t\t\t<div class=\"elementor-container elementor-column-gap-default\">\n\t\t\t\t\t<div class=\"elementor-column elementor-col-100 elementor-top-column elementor-element elementor-element-fd9028f\" data-id=\"fd9028f\" data-element_type=\"column\">\n\t\t\t<div class=\"elementor-widget-wrap elementor-element-populated\">\n\t\t\t\t\t\t<div class=\"elementor-element elementor-element-9437115 elementor-widget elementor-widget-text-editor\" data-id=\"9437115\" data-element_type=\"widget\" data-widget_type=\"text-editor.default\">\n\t\t\t\t<div class=\"elementor-widget-container\">\n\t\t\t\t\t\t\t<p>O\u00a0<strong>Projeto Ciranda Cultural<\/strong>\u00a0foi desenvolvido por acad\u00eamicos do curso de Produ\u00e7\u00e3o Editorial, na disciplina de M\u00eddia e Pol\u00edticas P\u00fablicas, da UFSM em Escolas P\u00fablicas de Santa Maria, no segundo semestre de 2012. Seu principal objetivo \u00e9 a promo\u00e7\u00e3o da cultura, por meio de atividades de incentivo \u00e0 leitura. \u00c9 constitu\u00eddo de campanha de doa\u00e7\u00e3o de livros, feira do livro, troca-troca, sebo, oficinas de conta\u00e7\u00e3o de hist\u00f3rias e exposi\u00e7\u00e3o de produ\u00e7\u00f5es dos alunos.<\/p>\t\t\t\t\t\t<\/div>\n\t\t\t\t<\/div>\n\t\t\t\t\t<\/div>\n\t\t<\/div>\n\t\t\t\t\t<\/div>\n\t\t<\/section>\n\t\t\t\t<section class=\"elementor-section elementor-top-section elementor-element elementor-element-e8aecc7 elementor-section-boxed elementor-section-height-default elementor-section-height-default\" data-id=\"e8aecc7\" data-element_type=\"section\">\n\t\t\t\t\t\t<div class=\"elementor-container elementor-column-gap-default\">\n\t\t\t\t\t<div class=\"elementor-column elementor-col-33 elementor-top-column elementor-element elementor-element-8fb22bc\" data-id=\"8fb22bc\" data-element_type=\"column\">\n\t\t\t<div class=\"elementor-widget-wrap\">\n\t\t\t\t\t\t\t<\/div>\n\t\t<\/div>\n\t\t\t\t<div class=\"elementor-column elementor-col-33 elementor-top-column elementor-element elementor-element-8958105\" data-id=\"8958105\" data-element_type=\"column\">\n\t\t\t<div class=\"elementor-widget-wrap elementor-element-populated\">\n\t\t\t\t\t\t<div class=\"elementor-element elementor-element-37fbdf2 elementor-widget elementor-widget-text-editor\" data-id=\"37fbdf2\" data-element_type=\"widget\" data-widget_type=\"text-editor.default\">\n\t\t\t\t<div class=\"elementor-widget-container\">\n\t\t\t\t\t\t\t<iframe width=\"560\" height=\"315\" src=\"https:\/\/www.youtube.com\/embed\/XEJAIGfUai8\" frameborder=\"0\" allowfullscreen><\/iframe>\t\t\t\t\t\t<\/div>\n\t\t\t\t<\/div>\n\t\t\t\t\t<\/div>\n\t\t<\/div>\n\t\t\t\t<div class=\"elementor-column elementor-col-33 elementor-top-column elementor-element elementor-element-2dc2ca9\" data-id=\"2dc2ca9\" data-element_type=\"column\">\n\t\t\t<div class=\"elementor-widget-wrap\">\n\t\t\t\t\t\t\t<\/div>\n\t\t<\/div>\n\t\t\t\t\t<\/div>\n\t\t<\/section>\n\t\t\t\t<section class=\"elementor-section elementor-top-section elementor-element elementor-element-bcaba75 elementor-section-boxed elementor-section-height-default elementor-section-height-default\" data-id=\"bcaba75\" data-element_type=\"section\">\n\t\t\t\t\t\t<div class=\"elementor-container elementor-column-gap-default\">\n\t\t\t\t\t<div class=\"elementor-column elementor-col-100 elementor-top-column elementor-element elementor-element-1073b5b\" data-id=\"1073b5b\" data-element_type=\"column\">\n\t\t\t<div class=\"elementor-widget-wrap elementor-element-populated\">\n\t\t\t\t\t\t<div class=\"elementor-element elementor-element-26407b1 elementor-widget elementor-widget-text-editor\" data-id=\"26407b1\" data-element_type=\"widget\" data-widget_type=\"text-editor.default\">\n\t\t\t\t<div class=\"elementor-widget-container\">\n\t\t\t\t\t\t\t<p><strong>Objetivos gerais das atividades<br \/><\/strong><br \/>\u2022 Democratizar o acesso ao livro e as atividades culturais.<br \/>\u2022 Promover a\u00e7\u00e3o dial\u00f3gica entre alunos e autor, estimulando a autoria e a cadeia do livro.<br \/>\u2022 Despertar o questionamento e a reflex\u00e3o sobre qual a consci\u00eancia negra que temos, em rela\u00e7\u00e3o aos negros no Brasil. Quais os avan\u00e7os e conquistas durante o per\u00edodo p\u00f3s- aboli\u00e7\u00e3o. Identifica\u00e7\u00e3o do preconceito velado que os negros passam diariamente e debate sobre a Lei 10.639\/03.<br \/>\u2022 Estimular pr\u00e1ticas educomunicacionais como a fotografia. Aprender sobre t\u00e9cnicas como a regra dos 3 ter\u00e7os, figura e fundo, o uso de linhas, formas e texturas. O uso de editores de imagens, o tipo de c\u00e2mera e objetos a se fotografar.<br \/>\u2022 Conhecer a contribui\u00e7\u00e3o de Carolina Maria de Jesus na literatura negra brasileira, atrav\u00e9s da leitura de fragmentos de sua obra Quarto de Despejo, da an\u00e1lise dos temas por ela abordados e de informa\u00e7\u00f5es sobre a sua vida.<br \/>\u2022 Trabalhar a hist\u00f3ria do cinema, a produ\u00e7\u00e3o audiovisual na modernidade, a imagem como express\u00e3o popular, trazer a tona questionamentos atrav\u00e9s de filmes.<br \/>\u2022 Utilizar o grafite como forma de autoconhecimento, express\u00e3o popular, contextualizar historicamente a arte negra e urbana.<br \/>\u2022 Exercitar as capacidades narrativas e tecnicas de desenho, repensar as abordagens jornal\u00edsticas de acontecimentos, constru\u00e7\u00e3o de roteiros e<\/p>\t\t\t\t\t\t<\/div>\n\t\t\t\t<\/div>\n\t\t\t\t\t<\/div>\n\t\t<\/div>\n\t\t\t\t\t<\/div>\n\t\t<\/section>\n\t\t\t\t<\/div>\n\t\t","protected":false},"excerpt":{"rendered":"<p>O\u00a0Projeto Ciranda Cultural\u00a0foi desenvolvido por acad\u00eamicos do curso de Produ\u00e7\u00e3o Editorial, na disciplina de M\u00eddia e Pol\u00edticas P\u00fablicas, da UFSM em Escolas P\u00fablicas de Santa Maria, no segundo semestre de 2012. Seu principal objetivo \u00e9 a promo\u00e7\u00e3o da cultura, por meio de atividades de incentivo \u00e0 leitura. \u00c9 constitu\u00eddo de campanha de doa\u00e7\u00e3o de livros, [&hellip;]<\/p>\n","protected":false},"author":867,"featured_media":0,"parent":0,"menu_order":0,"comment_status":"closed","ping_status":"closed","template":"","meta":{"footnotes":""},"categories":[],"tags":[],"class_list":["post-3358","page","type-page","status-publish","hentry"],"acf":[],"_links":{"self":[{"href":"https:\/\/www.ufsm.br\/midias\/experimental\/educom\/wp-json\/wp\/v2\/pages\/3358","targetHints":{"allow":["GET"]}}],"collection":[{"href":"https:\/\/www.ufsm.br\/midias\/experimental\/educom\/wp-json\/wp\/v2\/pages"}],"about":[{"href":"https:\/\/www.ufsm.br\/midias\/experimental\/educom\/wp-json\/wp\/v2\/types\/page"}],"author":[{"embeddable":true,"href":"https:\/\/www.ufsm.br\/midias\/experimental\/educom\/wp-json\/wp\/v2\/users\/867"}],"replies":[{"embeddable":true,"href":"https:\/\/www.ufsm.br\/midias\/experimental\/educom\/wp-json\/wp\/v2\/comments?post=3358"}],"version-history":[{"count":0,"href":"https:\/\/www.ufsm.br\/midias\/experimental\/educom\/wp-json\/wp\/v2\/pages\/3358\/revisions"}],"wp:attachment":[{"href":"https:\/\/www.ufsm.br\/midias\/experimental\/educom\/wp-json\/wp\/v2\/media?parent=3358"}],"wp:term":[{"taxonomy":"category","embeddable":true,"href":"https:\/\/www.ufsm.br\/midias\/experimental\/educom\/wp-json\/wp\/v2\/categories?post=3358"},{"taxonomy":"post_tag","embeddable":true,"href":"https:\/\/www.ufsm.br\/midias\/experimental\/educom\/wp-json\/wp\/v2\/tags?post=3358"}],"curies":[{"name":"wp","href":"https:\/\/api.w.org\/{rel}","templated":true}]}}

<div data-elementor-type="wp-page" data-elementor-id="3358" class="elementor elementor-3358">
						<section class="elementor-section elementor-top-section elementor-element elementor-element-c253bfe elementor-section-boxed elementor-section-height-default elementor-section-height-default" data-id="c253bfe" data-element_type="section">
						<div class="elementor-container elementor-column-gap-default">
					<div class="elementor-column elementor-col-100 elementor-top-column elementor-element elementor-element-fd9028f" data-id="fd9028f" data-element_type="column">
			<div class="elementor-widget-wrap elementor-element-populated">
						<div class="elementor-element elementor-element-9437115 elementor-widget elementor-widget-text-editor" data-id="9437115" data-element_type="widget" data-widget_type="text-editor.default">
				<div class="elementor-widget-container">
							<p>O <strong>Projeto Ciranda Cultural</strong> foi desenvolvido por acadêmicos do curso de Produção Editorial, na disciplina de Mídia e Políticas Públicas, da UFSM em Escolas Públicas de Santa Maria, no segundo semestre de 2012. Seu principal objetivo é a promoção da cultura, por meio de atividades de incentivo à leitura. É constituído de campanha de doação de livros, feira do livro, troca-troca, sebo, oficinas de contação de histórias e exposição de produções dos alunos.</p>						</div>
				</div>
					</div>
		</div>
					</div>
		</section>
				<section class="elementor-section elementor-top-section elementor-element elementor-element-e8aecc7 elementor-section-boxed elementor-section-height-default elementor-section-height-default" data-id="e8aecc7" data-element_type="section">
						<div class="elementor-container elementor-column-gap-default">
					<div class="elementor-column elementor-col-33 elementor-top-column elementor-element elementor-element-8fb22bc" data-id="8fb22bc" data-element_type="column">
			<div class="elementor-widget-wrap">
							</div>
		</div>
				<div class="elementor-column elementor-col-33 elementor-top-column elementor-element elementor-element-8958105" data-id="8958105" data-element_type="column">
			<div class="elementor-widget-wrap elementor-element-populated">
						<div class="elementor-element elementor-element-37fbdf2 elementor-widget elementor-widget-text-editor" data-id="37fbdf2" data-element_type="widget" data-widget_type="text-editor.default">
				<div class="elementor-widget-container">
							<iframe width="560" height="315" src="https://www.youtube.com/embed/XEJAIGfUai8" frameborder="0" allowfullscreen></iframe>						</div>
				</div>
					</div>
		</div>
				<div class="elementor-column elementor-col-33 elementor-top-column elementor-element elementor-element-2dc2ca9" data-id="2dc2ca9" data-element_type="column">
			<div class="elementor-widget-wrap">
							</div>
		</div>
					</div>
		</section>
				<section class="elementor-section elementor-top-section elementor-element elementor-element-bcaba75 elementor-section-boxed elementor-section-height-default elementor-section-height-default" data-id="bcaba75" data-element_type="section">
						<div class="elementor-container elementor-column-gap-default">
					<div class="elementor-column elementor-col-100 elementor-top-column elementor-element elementor-element-1073b5b" data-id="1073b5b" data-element_type="column">
			<div class="elementor-widget-wrap elementor-element-populated">
						<div class="elementor-element elementor-element-26407b1 elementor-widget elementor-widget-text-editor" data-id="26407b1" data-element_type="widget" data-widget_type="text-editor.default">
				<div class="elementor-widget-container">
							<p><strong>Objetivos gerais das atividades<br /></strong><br />• Democratizar o acesso ao livro e as atividades culturais.<br />• Promover ação dialógica entre alunos e autor, estimulando a autoria e a cadeia do livro.<br />• Despertar o questionamento e a reflexão sobre qual a consciência negra que temos, em relação aos negros no Brasil. Quais os avanços e conquistas durante o período pós- abolição. Identificação do preconceito velado que os negros passam diariamente e debate sobre a Lei 10.639/03.<br />• Estimular práticas educomunicacionais como a fotografia. Aprender sobre técnicas como a regra dos 3 terços, figura e fundo, o uso de linhas, formas e texturas. O uso de editores de imagens, o tipo de câmera e objetos a se fotografar.<br />• Conhecer a contribuição de Carolina Maria de Jesus na literatura negra brasileira, através da leitura de fragmentos de sua obra Quarto de Despejo, da análise dos temas por ela abordados e de informações sobre a sua vida.<br />• Trabalhar a história do cinema, a produção audiovisual na modernidade, a imagem como expressão popular, trazer a tona questionamentos através de filmes.<br />• Utilizar o grafite como forma de autoconhecimento, expressão popular, contextualizar historicamente a arte negra e urbana.<br />• Exercitar as capacidades narrativas e tecnicas de desenho, repensar as abordagens jornalísticas de acontecimentos, construção de roteiros e</p>						</div>
				</div>
					</div>
		</div>
					</div>
		</section>
				</div>

<p>O Projeto Ciranda Cultural foi desenvolvido por acadêmicos do curso de Produção Editorial, na disciplina de Mídia e Políticas Públicas, da UFSM em Escolas Públicas de Santa Maria, no segundo semestre de 2012. Seu principal objetivo é a promoção da cultura, por meio de atividades de incentivo à leitura. É constituído de campanha de doação de livros, [&hellip;]</p>
