{"id":3530,"date":"2020-05-11T18:20:42","date_gmt":"2020-05-11T21:20:42","guid":{"rendered":"https:\/\/www.ufsm.br\/midias\/experimental\/integra\/?page_id=3530"},"modified":"2020-06-16T12:14:42","modified_gmt":"2020-06-16T15:14:42","slug":"divulga-tcc","status":"publish","type":"page","link":"https:\/\/www.ufsm.br\/midias\/experimental\/integra\/divulga-tcc","title":{"rendered":"Divulga TCC"},"content":{"rendered":"\t\t<div data-elementor-type=\"wp-page\" data-elementor-id=\"3530\" class=\"elementor elementor-3530\">\n\t\t\t\t\t\t<section class=\"elementor-section elementor-top-section elementor-element elementor-element-c252d6e elementor-section-boxed elementor-section-height-default elementor-section-height-default\" data-id=\"c252d6e\" data-element_type=\"section\">\n\t\t\t\t\t\t<div class=\"elementor-container elementor-column-gap-default\">\n\t\t\t\t\t<div class=\"elementor-column elementor-col-100 elementor-top-column elementor-element elementor-element-7c43e1b\" data-id=\"7c43e1b\" data-element_type=\"column\">\n\t\t\t<div class=\"elementor-widget-wrap elementor-element-populated\">\n\t\t\t\t\t\t<div class=\"elementor-element elementor-element-71267cb elementor-widget elementor-widget-heading\" data-id=\"71267cb\" data-element_type=\"widget\" data-widget_type=\"heading.default\">\n\t\t\t\t<div class=\"elementor-widget-container\">\n\t\t\t<h4 class=\"elementor-heading-title elementor-size-default\">\"O Discurso Organizacional contra a LGBTfobia das signat\u00e1rias do F\u00f3rum de Empresas e Direitos LGBT+\u201d. Eduardo D\u00f3ro em orienta\u00e7\u00e3o da Marluza da Rosa<\/h4>\t\t<\/div>\n\t\t\t\t<\/div>\n\t\t\t\t<div class=\"elementor-element elementor-element-dd08f40 elementor-widget elementor-widget-spacer\" data-id=\"dd08f40\" data-element_type=\"widget\" data-widget_type=\"spacer.default\">\n\t\t\t\t<div class=\"elementor-widget-container\">\n\t\t\t\t\t<div class=\"elementor-spacer\">\n\t\t\t<div class=\"elementor-spacer-inner\"><\/div>\n\t\t<\/div>\n\t\t\t\t<\/div>\n\t\t\t\t<\/div>\n\t\t\t\t\t<\/div>\n\t\t<\/div>\n\t\t\t\t\t<\/div>\n\t\t<\/section>\n\t\t\t\t<section class=\"elementor-section elementor-top-section elementor-element elementor-element-e66bf3a elementor-section-boxed elementor-section-height-default elementor-section-height-default\" data-id=\"e66bf3a\" data-element_type=\"section\">\n\t\t\t\t\t\t<div class=\"elementor-container elementor-column-gap-default\">\n\t\t\t\t\t<div class=\"elementor-column elementor-col-50 elementor-top-column elementor-element elementor-element-b1e7296\" data-id=\"b1e7296\" data-element_type=\"column\">\n\t\t\t<div class=\"elementor-widget-wrap elementor-element-populated\">\n\t\t\t\t\t\t<div class=\"elementor-element elementor-element-b4334a3 elementor-widget elementor-widget-video\" data-id=\"b4334a3\" data-element_type=\"widget\" data-settings=\"{&quot;youtube_url&quot;:&quot;https:\\\/\\\/youtu.be\\\/wfYUOMmS8xM&quot;,&quot;video_type&quot;:&quot;youtube&quot;,&quot;controls&quot;:&quot;yes&quot;}\" data-widget_type=\"video.default\">\n\t\t\t\t<div class=\"elementor-widget-container\">\n\t\t\t\t\t<div class=\"elementor-wrapper elementor-open-inline\">\n\t\t\t<div class=\"elementor-video\"><\/div>\t\t<\/div>\n\t\t\t\t<\/div>\n\t\t\t\t<\/div>\n\t\t\t\t\t<\/div>\n\t\t<\/div>\n\t\t\t\t<div class=\"elementor-column elementor-col-50 elementor-top-column elementor-element elementor-element-e2802c5\" data-id=\"e2802c5\" data-element_type=\"column\">\n\t\t\t<div class=\"elementor-widget-wrap elementor-element-populated\">\n\t\t\t\t\t\t<div class=\"elementor-element elementor-element-9aedd5e elementor-widget elementor-widget-text-editor\" data-id=\"9aedd5e\" data-element_type=\"widget\" data-widget_type=\"text-editor.default\">\n\t\t\t\t<div class=\"elementor-widget-container\">\n\t\t\t\t\t\t\t<p>A \u00a0monografia do Eduardo PRESTES ainda n\u00e3o est\u00e1 na biblioteca da UFSM, por isso n\u00e3o conseguimos acesso ao resumo. De modo resumido, D\u00f3ro analisa as postagens no m\u00eas da luta LGBT+ das organiza\u00e7\u00f5es que fazem parte do F\u00f3rum de Empreses e Direitos LGBT+ para identificar o seu posicionamento nas plataformas sociais digitais. Para isso, Eduardo conceitualiza o que seria o Discurso Organizacional e como as pr\u00e1ticas nem sempre est\u00e3o de acordo com o posicionamento discursivo.<\/p>\t\t\t\t\t\t<\/div>\n\t\t\t\t<\/div>\n\t\t\t\t\t<\/div>\n\t\t<\/div>\n\t\t\t\t\t<\/div>\n\t\t<\/section>\n\t\t\t\t<section class=\"elementor-section elementor-top-section elementor-element elementor-element-1070258 elementor-section-boxed elementor-section-height-default elementor-section-height-default\" data-id=\"1070258\" data-element_type=\"section\">\n\t\t\t\t\t\t<div class=\"elementor-container elementor-column-gap-default\">\n\t\t\t\t\t<div class=\"elementor-column elementor-col-100 elementor-top-column elementor-element elementor-element-62cf000\" data-id=\"62cf000\" data-element_type=\"column\">\n\t\t\t<div class=\"elementor-widget-wrap elementor-element-populated\">\n\t\t\t\t\t\t<div class=\"elementor-element elementor-element-4c19ba7 elementor-widget elementor-widget-heading\" data-id=\"4c19ba7\" data-element_type=\"widget\" data-widget_type=\"heading.default\">\n\t\t\t\t<div class=\"elementor-widget-container\">\n\t\t\t<h4 class=\"elementor-heading-title elementor-size-default\">\u201cFosfoetanolamina Sint\u00e9tica: Discurso de Divulga\u00e7\u00e3o Cient\u00edfica, efeitos de cientificidade e apelo social na media\u00e7\u00e3o televisiva\u201d. In\u00e1cio de Paula em orienta\u00e7\u00e3o da Marluza da Rosa<br><\/h4>\t\t<\/div>\n\t\t\t\t<\/div>\n\t\t\t\t<div class=\"elementor-element elementor-element-f98bd23 elementor-widget elementor-widget-spacer\" data-id=\"f98bd23\" data-element_type=\"widget\" data-widget_type=\"spacer.default\">\n\t\t\t\t<div class=\"elementor-widget-container\">\n\t\t\t\t\t<div class=\"elementor-spacer\">\n\t\t\t<div class=\"elementor-spacer-inner\"><\/div>\n\t\t<\/div>\n\t\t\t\t<\/div>\n\t\t\t\t<\/div>\n\t\t\t\t\t<\/div>\n\t\t<\/div>\n\t\t\t\t\t<\/div>\n\t\t<\/section>\n\t\t\t\t<section class=\"elementor-section elementor-top-section elementor-element elementor-element-ebbfe03 elementor-section-boxed elementor-section-height-default elementor-section-height-default\" data-id=\"ebbfe03\" data-element_type=\"section\">\n\t\t\t\t\t\t<div class=\"elementor-container elementor-column-gap-default\">\n\t\t\t\t\t<div class=\"elementor-column elementor-col-50 elementor-top-column elementor-element elementor-element-9aa9546\" data-id=\"9aa9546\" data-element_type=\"column\">\n\t\t\t<div class=\"elementor-widget-wrap elementor-element-populated\">\n\t\t\t\t\t\t<div class=\"elementor-element elementor-element-fabc742 elementor-widget elementor-widget-text-editor\" data-id=\"fabc742\" data-element_type=\"widget\" data-widget_type=\"text-editor.default\">\n\t\t\t\t<div class=\"elementor-widget-container\">\n\t\t\t\t\t\t\t<p><em>Instigado pelo discurso jornal\u00edstico, mais precisamente, por reportagens televisionadas nas quais essa propaga\u00e7\u00e3o ocorre, este estudo ampara-se na An\u00e1lise do Discurso (A.D) P\u00eacheutiana e analisa o discurso da divulga\u00e7\u00e3o cient\u00edfica constru\u00eddo nas edi\u00e7\u00f5es sobre a Fosfoetanolamina Sint\u00e9tica, exibidas pelos programas televisionados: Conex\u00e3o Rep\u00f3rter \u2013 SBT e Domingo Espetacular \u2013 Record, nos dias 18 de outubro e 14 de novembro de 2015, respectivamente, quando acontece o \u00e1pice do debate sobre essa nova subst\u00e2ncia como poss\u00edvel tratamento contra o c\u00e2ncer. Para compreender isso, reflete-se sobre o processo de produ\u00e7\u00e3o da pr\u00e1tica jornal\u00edstica quando se diz fazer divulga\u00e7\u00e3o cient\u00edfica. Identifica-se de que modo a heterogeneidade discursiva se manifesta nos dizeres e problematiza-se os poss\u00edveis efeitos de sentido dessa heterogeneidade discursiva em reportagens televisionadas. Nesse sentido, o trabalho reflete sobre o processo de produ\u00e7\u00e3o e circula\u00e7\u00e3o do discurso do jornalismo cient\u00edfico, considerando a inter-rela\u00e7\u00e3o da tr\u00edade apelo social, cientificidade e media\u00e7\u00e3o televisiva.<\/em><\/p>\t\t\t\t\t\t<\/div>\n\t\t\t\t<\/div>\n\t\t\t\t\t<\/div>\n\t\t<\/div>\n\t\t\t\t<div class=\"elementor-column elementor-col-50 elementor-top-column elementor-element elementor-element-237348a\" data-id=\"237348a\" data-element_type=\"column\">\n\t\t\t<div class=\"elementor-widget-wrap elementor-element-populated\">\n\t\t\t\t\t\t<div class=\"elementor-element elementor-element-638393b elementor-widget elementor-widget-video\" data-id=\"638393b\" data-element_type=\"widget\" data-settings=\"{&quot;youtube_url&quot;:&quot;https:\\\/\\\/youtu.be\\\/7zBgsAj0I_o&quot;,&quot;video_type&quot;:&quot;youtube&quot;,&quot;controls&quot;:&quot;yes&quot;}\" data-widget_type=\"video.default\">\n\t\t\t\t<div class=\"elementor-widget-container\">\n\t\t\t\t\t<div class=\"elementor-wrapper elementor-open-inline\">\n\t\t\t<div class=\"elementor-video\"><\/div>\t\t<\/div>\n\t\t\t\t<\/div>\n\t\t\t\t<\/div>\n\t\t\t\t\t<\/div>\n\t\t<\/div>\n\t\t\t\t\t<\/div>\n\t\t<\/section>\n\t\t\t\t<\/div>\n\t\t","protected":false},"excerpt":{"rendered":"<p>&#8220;O Discurso Organizacional contra a LGBTfobia das signat\u00e1rias do F\u00f3rum de Empresas e Direitos LGBT+\u201d. Eduardo D\u00f3ro em orienta\u00e7\u00e3o da Marluza da Rosa https:\/\/youtu.be\/wfYUOMmS8xM A \u00a0monografia do Eduardo PRESTES ainda n\u00e3o est\u00e1 na biblioteca da UFSM, por isso n\u00e3o conseguimos acesso ao resumo. De modo resumido, D\u00f3ro analisa as postagens no m\u00eas da luta LGBT+ [&hellip;]<\/p>\n","protected":false},"author":2570,"featured_media":0,"parent":0,"menu_order":0,"comment_status":"closed","ping_status":"closed","template":"","meta":{"footnotes":""},"categories":[],"tags":[],"class_list":["post-3530","page","type-page","status-publish","hentry"],"acf":[],"_links":{"self":[{"href":"https:\/\/www.ufsm.br\/midias\/experimental\/integra\/wp-json\/wp\/v2\/pages\/3530","targetHints":{"allow":["GET"]}}],"collection":[{"href":"https:\/\/www.ufsm.br\/midias\/experimental\/integra\/wp-json\/wp\/v2\/pages"}],"about":[{"href":"https:\/\/www.ufsm.br\/midias\/experimental\/integra\/wp-json\/wp\/v2\/types\/page"}],"author":[{"embeddable":true,"href":"https:\/\/www.ufsm.br\/midias\/experimental\/integra\/wp-json\/wp\/v2\/users\/2570"}],"replies":[{"embeddable":true,"href":"https:\/\/www.ufsm.br\/midias\/experimental\/integra\/wp-json\/wp\/v2\/comments?post=3530"}],"version-history":[{"count":0,"href":"https:\/\/www.ufsm.br\/midias\/experimental\/integra\/wp-json\/wp\/v2\/pages\/3530\/revisions"}],"wp:attachment":[{"href":"https:\/\/www.ufsm.br\/midias\/experimental\/integra\/wp-json\/wp\/v2\/media?parent=3530"}],"wp:term":[{"taxonomy":"category","embeddable":true,"href":"https:\/\/www.ufsm.br\/midias\/experimental\/integra\/wp-json\/wp\/v2\/categories?post=3530"},{"taxonomy":"post_tag","embeddable":true,"href":"https:\/\/www.ufsm.br\/midias\/experimental\/integra\/wp-json\/wp\/v2\/tags?post=3530"}],"curies":[{"name":"wp","href":"https:\/\/api.w.org\/{rel}","templated":true}]}}

<div data-elementor-type="wp-page" data-elementor-id="3530" class="elementor elementor-3530">
						<section class="elementor-section elementor-top-section elementor-element elementor-element-c252d6e elementor-section-boxed elementor-section-height-default elementor-section-height-default" data-id="c252d6e" data-element_type="section">
						<div class="elementor-container elementor-column-gap-default">
					<div class="elementor-column elementor-col-100 elementor-top-column elementor-element elementor-element-7c43e1b" data-id="7c43e1b" data-element_type="column">
			<div class="elementor-widget-wrap elementor-element-populated">
						<div class="elementor-element elementor-element-71267cb elementor-widget elementor-widget-heading" data-id="71267cb" data-element_type="widget" data-widget_type="heading.default">
				<div class="elementor-widget-container">
			<h4 class="elementor-heading-title elementor-size-default">"O Discurso Organizacional contra a LGBTfobia das signatárias do Fórum de Empresas e Direitos LGBT+”. Eduardo Dóro em orientação da Marluza da Rosa</h4>		</div>
				</div>
				<div class="elementor-element elementor-element-dd08f40 elementor-widget elementor-widget-spacer" data-id="dd08f40" data-element_type="widget" data-widget_type="spacer.default">
				<div class="elementor-widget-container">
					<div class="elementor-spacer">
			<div class="elementor-spacer-inner"></div>
		</div>
				</div>
				</div>
					</div>
		</div>
					</div>
		</section>
				<section class="elementor-section elementor-top-section elementor-element elementor-element-e66bf3a elementor-section-boxed elementor-section-height-default elementor-section-height-default" data-id="e66bf3a" data-element_type="section">
						<div class="elementor-container elementor-column-gap-default">
					<div class="elementor-column elementor-col-50 elementor-top-column elementor-element elementor-element-b1e7296" data-id="b1e7296" data-element_type="column">
			<div class="elementor-widget-wrap elementor-element-populated">
						<div class="elementor-element elementor-element-b4334a3 elementor-widget elementor-widget-video" data-id="b4334a3" data-element_type="widget" data-settings="{&quot;youtube_url&quot;:&quot;https:\/\/youtu.be\/wfYUOMmS8xM&quot;,&quot;video_type&quot;:&quot;youtube&quot;,&quot;controls&quot;:&quot;yes&quot;}" data-widget_type="video.default">
				<div class="elementor-widget-container">
					<div class="elementor-wrapper elementor-open-inline">
			<div class="elementor-video"></div>		</div>
				</div>
				</div>
					</div>
		</div>
				<div class="elementor-column elementor-col-50 elementor-top-column elementor-element elementor-element-e2802c5" data-id="e2802c5" data-element_type="column">
			<div class="elementor-widget-wrap elementor-element-populated">
						<div class="elementor-element elementor-element-9aedd5e elementor-widget elementor-widget-text-editor" data-id="9aedd5e" data-element_type="widget" data-widget_type="text-editor.default">
				<div class="elementor-widget-container">
							<p>A  monografia do Eduardo PRESTES ainda não está na biblioteca da UFSM, por isso não conseguimos acesso ao resumo. De modo resumido, Dóro analisa as postagens no mês da luta LGBT+ das organizações que fazem parte do Fórum de Empreses e Direitos LGBT+ para identificar o seu posicionamento nas plataformas sociais digitais. Para isso, Eduardo conceitualiza o que seria o Discurso Organizacional e como as práticas nem sempre estão de acordo com o posicionamento discursivo.</p>						</div>
				</div>
					</div>
		</div>
					</div>
		</section>
				<section class="elementor-section elementor-top-section elementor-element elementor-element-1070258 elementor-section-boxed elementor-section-height-default elementor-section-height-default" data-id="1070258" data-element_type="section">
						<div class="elementor-container elementor-column-gap-default">
					<div class="elementor-column elementor-col-100 elementor-top-column elementor-element elementor-element-62cf000" data-id="62cf000" data-element_type="column">
			<div class="elementor-widget-wrap elementor-element-populated">
						<div class="elementor-element elementor-element-4c19ba7 elementor-widget elementor-widget-heading" data-id="4c19ba7" data-element_type="widget" data-widget_type="heading.default">
				<div class="elementor-widget-container">
			<h4 class="elementor-heading-title elementor-size-default">“Fosfoetanolamina Sintética: Discurso de Divulgação Científica, efeitos de cientificidade e apelo social na mediação televisiva”. Inácio de Paula em orientação da Marluza da Rosa<br></h4>		</div>
				</div>
				<div class="elementor-element elementor-element-f98bd23 elementor-widget elementor-widget-spacer" data-id="f98bd23" data-element_type="widget" data-widget_type="spacer.default">
				<div class="elementor-widget-container">
					<div class="elementor-spacer">
			<div class="elementor-spacer-inner"></div>
		</div>
				</div>
				</div>
					</div>
		</div>
					</div>
		</section>
				<section class="elementor-section elementor-top-section elementor-element elementor-element-ebbfe03 elementor-section-boxed elementor-section-height-default elementor-section-height-default" data-id="ebbfe03" data-element_type="section">
						<div class="elementor-container elementor-column-gap-default">
					<div class="elementor-column elementor-col-50 elementor-top-column elementor-element elementor-element-9aa9546" data-id="9aa9546" data-element_type="column">
			<div class="elementor-widget-wrap elementor-element-populated">
						<div class="elementor-element elementor-element-fabc742 elementor-widget elementor-widget-text-editor" data-id="fabc742" data-element_type="widget" data-widget_type="text-editor.default">
				<div class="elementor-widget-container">
							<p><em>Instigado pelo discurso jornalístico, mais precisamente, por reportagens televisionadas nas quais essa propagação ocorre, este estudo ampara-se na Análise do Discurso (A.D) Pêcheutiana e analisa o discurso da divulgação científica construído nas edições sobre a Fosfoetanolamina Sintética, exibidas pelos programas televisionados: Conexão Repórter – SBT e Domingo Espetacular – Record, nos dias 18 de outubro e 14 de novembro de 2015, respectivamente, quando acontece o ápice do debate sobre essa nova substância como possível tratamento contra o câncer. Para compreender isso, reflete-se sobre o processo de produção da prática jornalística quando se diz fazer divulgação científica. Identifica-se de que modo a heterogeneidade discursiva se manifesta nos dizeres e problematiza-se os possíveis efeitos de sentido dessa heterogeneidade discursiva em reportagens televisionadas. Nesse sentido, o trabalho reflete sobre o processo de produção e circulação do discurso do jornalismo científico, considerando a inter-relação da tríade apelo social, cientificidade e mediação televisiva.</em></p>						</div>
				</div>
					</div>
		</div>
				<div class="elementor-column elementor-col-50 elementor-top-column elementor-element elementor-element-237348a" data-id="237348a" data-element_type="column">
			<div class="elementor-widget-wrap elementor-element-populated">
						<div class="elementor-element elementor-element-638393b elementor-widget elementor-widget-video" data-id="638393b" data-element_type="widget" data-settings="{&quot;youtube_url&quot;:&quot;https:\/\/youtu.be\/7zBgsAj0I_o&quot;,&quot;video_type&quot;:&quot;youtube&quot;,&quot;controls&quot;:&quot;yes&quot;}" data-widget_type="video.default">
				<div class="elementor-widget-container">
					<div class="elementor-wrapper elementor-open-inline">
			<div class="elementor-video"></div>		</div>
				</div>
				</div>
					</div>
		</div>
					</div>
		</section>
				</div>

<p>&#8220;O Discurso Organizacional contra a LGBTfobia das signatárias do Fórum de Empresas e Direitos LGBT+”. Eduardo Dóro em orientação da Marluza da Rosa https://youtu.be/wfYUOMmS8xM A  monografia do Eduardo PRESTES ainda não está na biblioteca da UFSM, por isso não conseguimos acesso ao resumo. De modo resumido, Dóro analisa as postagens no mês da luta LGBT+ [&hellip;]</p>
