{"id":24,"date":"2024-12-05T17:07:16","date_gmt":"2024-12-05T20:07:16","guid":{"rendered":"https:\/\/www.ufsm.br\/midias\/experimental\/noroeste-em-pauta\/?page_id=24"},"modified":"2024-12-21T13:44:07","modified_gmt":"2024-12-21T16:44:07","slug":"expediente","status":"publish","type":"page","link":"https:\/\/www.ufsm.br\/midias\/experimental\/noroeste-em-pauta\/expediente","title":{"rendered":"Expediente"},"content":{"rendered":"<h3>Noroeste em Pauta, n. 1 | 2024<\/h3>\t\t\n\t\t\n<p>Publica\u00e7\u00e3o laboratorial do Curso de Jornalismo: Bacharelado, do Departamento de Ci\u00eancias da Comunica\u00e7\u00e3o (Decom), da Universidade Federal de Santa Maria (UFSM), campus de Frederico Westphalen, desenvolvida nas disciplinas de Reda\u00e7\u00e3o Jornal\u00edstica II e Laborat\u00f3rio de Produ\u00e7\u00e3o Editorial.<\/p>\n\n<p><strong>Professoras respons\u00e1veis<\/strong>: Andr\u00e9a Weber e Angela Zamin<\/p>\n\n<p><strong>Editora Geral<\/strong>: Simony Grave<\/p>\n\n<p><strong>Editora de Arte<\/strong>: Bruna Einecke\u00a0<\/p>\n\n<p><strong>Rep\u00f3rteres<\/strong>: Am\u00e1lia Miura, Ana Julia da Fontoura, Beatriz Duarte, Eduardo Faria, Eduardo Freitas, Emylli Fontoura, Franck Kardorel, Gabriel Pinto, J\u00falia Tahara, Isabelle Okubo, Larissa da Costa, Lizian dos Santos, Marina Lima, Marina Ramos, Pedro Costa, Raniele Quevedo de Lima, Sarah Kliman e Vanessa Onci<\/p>\n\n<p><strong>Diagrama\u00e7\u00e3o<\/strong>: Ananda Matias Machado, Bruna Einecke, Franchesco de Oliveira Y Castro, Gabriela Menezes, J\u00e9ssica Tha\u00eds Hemsing, Jo\u00e3o Vicente Cust\u00f3dio Magalh\u00e3es, J\u00falia Negrello Decarli, Laura Pazuche Lopes, Raquel Teixeira Pereira e Simony Grave<\/p>\n\n<p><strong>Capa\/Fotografia<\/strong>: Marina Lima<\/p>\n\n<p><a href=\"https:\/\/www.ufsm.br\/midias\/experimental\/noroeste-em-pauta\/reportagens\" target=\"_blank\" rel=\"noopener\"><strong>Leia as reportagens<\/strong><\/a><\/p>\n\n<p><a href=\"https:\/\/www.ufsm.br\/midias\/experimental\/noroeste-em-pauta\/todas-as-edicoes\" target=\"_blank\" rel=\"noopener\"><strong>Veja a edi\u00e7\u00e3o completa em PDF<\/strong><\/a><\/p>\n","protected":false},"excerpt":{"rendered":"<p>Noroeste em Pauta, n. 1 | 2024 Publica\u00e7\u00e3o laboratorial do Curso de Jornalismo: Bacharelado, do Departamento de Ci\u00eancias da Comunica\u00e7\u00e3o (Decom), da Universidade Federal de Santa Maria (UFSM), campus de Frederico Westphalen, desenvolvida nas disciplinas de Reda\u00e7\u00e3o Jornal\u00edstica II e Laborat\u00f3rio de Produ\u00e7\u00e3o Editorial. Professoras respons\u00e1veis: Andr\u00e9a Weber e Angela Zamin Editora Geral: Simony Grave [&hellip;]<\/p>\n","protected":false},"author":8354,"featured_media":0,"parent":0,"menu_order":0,"comment_status":"closed","ping_status":"closed","template":"","meta":{"footnotes":""},"categories":[],"tags":[],"class_list":["post-24","page","type-page","status-publish","hentry"],"acf":[],"_links":{"self":[{"href":"https:\/\/www.ufsm.br\/midias\/experimental\/noroeste-em-pauta\/wp-json\/wp\/v2\/pages\/24","targetHints":{"allow":["GET"]}}],"collection":[{"href":"https:\/\/www.ufsm.br\/midias\/experimental\/noroeste-em-pauta\/wp-json\/wp\/v2\/pages"}],"about":[{"href":"https:\/\/www.ufsm.br\/midias\/experimental\/noroeste-em-pauta\/wp-json\/wp\/v2\/types\/page"}],"author":[{"embeddable":true,"href":"https:\/\/www.ufsm.br\/midias\/experimental\/noroeste-em-pauta\/wp-json\/wp\/v2\/users\/8354"}],"replies":[{"embeddable":true,"href":"https:\/\/www.ufsm.br\/midias\/experimental\/noroeste-em-pauta\/wp-json\/wp\/v2\/comments?post=24"}],"version-history":[{"count":0,"href":"https:\/\/www.ufsm.br\/midias\/experimental\/noroeste-em-pauta\/wp-json\/wp\/v2\/pages\/24\/revisions"}],"wp:attachment":[{"href":"https:\/\/www.ufsm.br\/midias\/experimental\/noroeste-em-pauta\/wp-json\/wp\/v2\/media?parent=24"}],"wp:term":[{"taxonomy":"category","embeddable":true,"href":"https:\/\/www.ufsm.br\/midias\/experimental\/noroeste-em-pauta\/wp-json\/wp\/v2\/categories?post=24"},{"taxonomy":"post_tag","embeddable":true,"href":"https:\/\/www.ufsm.br\/midias\/experimental\/noroeste-em-pauta\/wp-json\/wp\/v2\/tags?post=24"}],"curies":[{"name":"wp","href":"https:\/\/api.w.org\/{rel}","templated":true}]}}