{"id":43,"date":"2025-08-20T16:20:51","date_gmt":"2025-08-20T19:20:51","guid":{"rendered":"https:\/\/www.ufsm.br\/midias\/experimental\/sala-de-imprensa\/?page_id=43"},"modified":"2025-08-25T14:06:04","modified_gmt":"2025-08-25T17:06:04","slug":"releases","status":"publish","type":"page","link":"https:\/\/www.ufsm.br\/midias\/experimental\/sala-de-imprensa\/releases","title":{"rendered":"Releases"},"content":{"rendered":"\t\t<div data-elementor-type=\"wp-page\" data-elementor-id=\"43\" class=\"elementor elementor-43\">\n\t\t\t\t\t\t<section class=\"elementor-section elementor-top-section elementor-element elementor-element-2c1378b elementor-section-boxed elementor-section-height-default elementor-section-height-default\" data-id=\"2c1378b\" data-element_type=\"section\">\n\t\t\t\t\t\t<div class=\"elementor-container elementor-column-gap-default\">\n\t\t\t\t\t<div class=\"elementor-column elementor-col-100 elementor-top-column elementor-element elementor-element-865c8f6\" data-id=\"865c8f6\" data-element_type=\"column\">\n\t\t\t<div class=\"elementor-widget-wrap elementor-element-populated\">\n\t\t\t\t\t\t<div class=\"elementor-element elementor-element-0139822 elementor-widget elementor-widget-wp-widget-ufsm_noticias_widget\" data-id=\"0139822\" data-element_type=\"widget\" data-widget_type=\"wp-widget-ufsm_noticias_widget.default\">\n\t\t\t\t<div class=\"elementor-widget-container\">\n\t\t\t<h5 class='titulo-conteudos'>Releases<\/h5><div class='widget-noticias-inside'>\n                        <div class=\"row\">\n                                    <div class=\"col-12 col-lg-4 pb-4\">\n                                        \n                                        \n                    \n                    <a class=\"noticias-widget-title d-block \"  title=\"Curso de Rela\u00e7\u00f5es P\u00fablicas da UFSM, Campus Frederico Westphalen, conta agora com Banco de Fontes e de Imagens\u00a0\" href=\"https:\/\/www.ufsm.br\/midias\/experimental\/sala-de-imprensa\/2025\/08\/25\/curso-de-relacoes-publicas-da-ufsm-campus-frederico-westphalen-conta-agora-com-banco-de-fontes-e-de-imagens\">\n                                                Curso de Rela\u00e7\u00f5es P\u00fablicas da UFSM, Campus Frederico Westphalen, conta agora com Banco de Fontes e de Imagens\u00a0                    <\/a>\n                    \n                                            <div class=\"noticias-widget-introtext\">\n                            Como parte das comemora\u00e7\u00f5es pelos 15 anos do Curso de Rela\u00e7\u00f5es P\u00fablicas da UFSM, Campus Frederico Westphalen, a Disciplina de&hellip;                        <\/div>\n                    \n                                        \n                                        \n                                            \n                                                    <div title=\"Publicado em 25\/08\/2025 \" class=\"data-publicacao-widget\">\n                                <i  class=\"far fa-clock\"><\/i>\n                                25\/08\/2025                             <\/div>\n                                                                <\/div>\n                                    <div class=\"col-12 col-lg-4 pb-4\">\n                                        \n                                        \n                    \n                    <a class=\"noticias-widget-title d-block \"  title=\"Profissional de Rela\u00e7\u00f5es P\u00fablicas amplia suas possibilidades de atua\u00e7\u00e3o na ind\u00fastria criativa e no audiovisual\" href=\"https:\/\/www.ufsm.br\/midias\/experimental\/sala-de-imprensa\/2025\/08\/25\/profissional-de-relacoes-publicas-amplia-suas-possibilidades-de-atuacao-na-industria-criativa-e-no-audiovisual\">\n                                                Profissional de Rela\u00e7\u00f5es P\u00fablicas amplia suas possibilidades de atua\u00e7\u00e3o na ind\u00fastria criativa e no audiovisual                    <\/a>\n                    \n                                            <div class=\"noticias-widget-introtext\">\n                            Nos \u00faltimos 20 anos, o rela\u00e7\u00f5es-p\u00fablicas tem ocupado novos espa\u00e7os de atua\u00e7\u00e3o em outras esferas profissionais, como na ind\u00fastria criativa&hellip;                        <\/div>\n                    \n                                        \n                                        \n                                            \n                                                    <div title=\"Publicado em 25\/08\/2025 \" class=\"data-publicacao-widget\">\n                                <i  class=\"far fa-clock\"><\/i>\n                                25\/08\/2025                             <\/div>\n                                                                <\/div>\n                                    <div class=\"col-12 col-lg-4 pb-4\">\n                                        \n                                        \n                    \n                    <a class=\"noticias-widget-title d-block \"  title=\"Pol\u00edticas de G\u00eanero impactam positivamente na performance das institui\u00e7\u00f5es\" href=\"https:\/\/www.ufsm.br\/midias\/experimental\/sala-de-imprensa\/2025\/08\/25\/politicas-de-genero-impactam-positivamente-na-performance-das-instituicoes\">\n                                                Pol\u00edticas de G\u00eanero impactam positivamente na performance das institui\u00e7\u00f5es                    <\/a>\n                    \n                                            <div class=\"noticias-widget-introtext\">\n                            Pol\u00edticas de g\u00eanero nas organiza\u00e7\u00f5es refor\u00e7am a inclus\u00e3o, melhoram o ambiente de trabalho e impulsionam resultados.                        <\/div>\n                    \n                                        \n                                        \n                                            \n                                                    <div title=\"Publicado em 25\/08\/2025 \" class=\"data-publicacao-widget\">\n                                <i  class=\"far fa-clock\"><\/i>\n                                25\/08\/2025                             <\/div>\n                                                                <\/div>\n                            <\/div>\n                    <div class=\"row\">\n                                    <div class=\"col-12 col-lg-4 pb-4\">\n                                        \n                                        \n                    \n                    <a class=\"noticias-widget-title d-block \"  title=\"Rela\u00e7\u00f5es P\u00fablicas destaca a import\u00e2ncia da Assessoria de Imprensa nas Universidades\" href=\"https:\/\/www.ufsm.br\/midias\/experimental\/sala-de-imprensa\/2025\/08\/25\/relacoes-publicas-destaca-a-importancia-da-assessoria-de-imprensa-nas-universidades\">\n                                                Rela\u00e7\u00f5es P\u00fablicas destaca a import\u00e2ncia da Assessoria de Imprensa nas Universidades                    <\/a>\n                    \n                                            <div class=\"noticias-widget-introtext\">\n                            Daiane Scheid, Professora Adjunta do Departamento de Ci\u00eancias da Comunica\u00e7\u00e3o da UFSM\/FW refor\u00e7a o papel estrat\u00e9gico da assessoria de imprensa&hellip;                        <\/div>\n                    \n                                        \n                                        \n                                            \n                                                    <div title=\"Publicado em 25\/08\/2025 \" class=\"data-publicacao-widget\">\n                                <i  class=\"far fa-clock\"><\/i>\n                                25\/08\/2025                             <\/div>\n                                                                <\/div>\n                                    <div class=\"col-12 col-lg-4 pb-4\">\n                                        \n                                        \n                    \n                    <a class=\"noticias-widget-title d-block \"  title=\"Entrevista aborda a sa\u00fade de migrantes e refugiados e o papel da comunica\u00e7\u00e3o na transforma\u00e7\u00e3o social\" href=\"https:\/\/www.ufsm.br\/midias\/experimental\/sala-de-imprensa\/2025\/08\/25\/entrevista-aborda-a-saude-de-migrantes-e-refugiados-e-o-papel-dacomunicacao-na-transformacao-social\">\n                                                Entrevista aborda a sa\u00fade de migrantes e refugiados e o papel da comunica\u00e7\u00e3o na transforma\u00e7\u00e3o social                    <\/a>\n                    \n                                            <div class=\"noticias-widget-introtext\">\n                            No dia 4 de dezembro, como parte da disciplina de Relacionamento com a M\u00eddia, as estudantes do curso de Rela\u00e7\u00f5es&hellip;                        <\/div>\n                    \n                                        \n                                        \n                                            \n                                                    <div title=\"Publicado em 25\/08\/2025 \" class=\"data-publicacao-widget\">\n                                <i  class=\"far fa-clock\"><\/i>\n                                25\/08\/2025                             <\/div>\n                                                                <\/div>\n                            <\/div>\n            <\/div>\n<div class=\"leia-mais p-1\">\n                <a href=\"https:\/\/www.ufsm.br\/midias\/experimental\/sala-de-imprensa\/busca\/?q=&area=post&orderby=date&sites%5B%5D=289&sites%5B%5D=330&tags=sala-de-imprensa\">\n            SAIBA MAIS            <span class=\"icon-box\">\n                <span class=\"bg-ufsm-widget-icon\">\n                    <i class=\"fas fa-chevron-right\" aria-hidden=\"true\"><\/i>\n                <\/span>\n            <\/span>\n        <\/a>\n    <\/div>\n\t\t<\/div>\n\t\t\t\t<\/div>\n\t\t\t\t\t<\/div>\n\t\t<\/div>\n\t\t\t\t\t<\/div>\n\t\t<\/section>\n\t\t\t\t<\/div>\n\t\t","protected":false},"excerpt":{"rendered":"","protected":false},"author":8577,"featured_media":0,"parent":0,"menu_order":0,"comment_status":"closed","ping_status":"closed","template":"","meta":{"footnotes":""},"categories":[],"tags":[],"class_list":["post-43","page","type-page","status-publish","hentry"],"acf":[],"_links":{"self":[{"href":"https:\/\/www.ufsm.br\/midias\/experimental\/sala-de-imprensa\/wp-json\/wp\/v2\/pages\/43","targetHints":{"allow":["GET"]}}],"collection":[{"href":"https:\/\/www.ufsm.br\/midias\/experimental\/sala-de-imprensa\/wp-json\/wp\/v2\/pages"}],"about":[{"href":"https:\/\/www.ufsm.br\/midias\/experimental\/sala-de-imprensa\/wp-json\/wp\/v2\/types\/page"}],"author":[{"embeddable":true,"href":"https:\/\/www.ufsm.br\/midias\/experimental\/sala-de-imprensa\/wp-json\/wp\/v2\/users\/8577"}],"replies":[{"embeddable":true,"href":"https:\/\/www.ufsm.br\/midias\/experimental\/sala-de-imprensa\/wp-json\/wp\/v2\/comments?post=43"}],"version-history":[{"count":0,"href":"https:\/\/www.ufsm.br\/midias\/experimental\/sala-de-imprensa\/wp-json\/wp\/v2\/pages\/43\/revisions"}],"wp:attachment":[{"href":"https:\/\/www.ufsm.br\/midias\/experimental\/sala-de-imprensa\/wp-json\/wp\/v2\/media?parent=43"}],"wp:term":[{"taxonomy":"category","embeddable":true,"href":"https:\/\/www.ufsm.br\/midias\/experimental\/sala-de-imprensa\/wp-json\/wp\/v2\/categories?post=43"},{"taxonomy":"post_tag","embeddable":true,"href":"https:\/\/www.ufsm.br\/midias\/experimental\/sala-de-imprensa\/wp-json\/wp\/v2\/tags?post=43"}],"curies":[{"name":"wp","href":"https:\/\/api.w.org\/{rel}","templated":true}]}}