{"id":168,"date":"2020-03-04T09:05:11","date_gmt":"2020-03-04T12:05:11","guid":{"rendered":"https:\/\/www.ufsm.br\/midias\/tvcampus\/?page_id=168"},"modified":"2021-01-15T15:16:56","modified_gmt":"2021-01-15T18:16:56","slug":"brasil-de-todas-as-telas","status":"publish","type":"page","link":"https:\/\/www.ufsm.br\/midias\/tvcampus\/brasil-de-todas-as-telas","title":{"rendered":"Brasil de todas as telas"},"content":{"rendered":"\t\t<div data-elementor-type=\"wp-page\" data-elementor-id=\"168\" class=\"elementor elementor-168\">\n\t\t\t\t\t\t<section class=\"elementor-section elementor-top-section elementor-element elementor-element-6a9f9b0 elementor-section-boxed elementor-section-height-default elementor-section-height-default\" data-id=\"6a9f9b0\" data-element_type=\"section\">\n\t\t\t\t\t\t<div class=\"elementor-container elementor-column-gap-default\">\n\t\t\t\t\t<div class=\"elementor-column elementor-col-100 elementor-top-column elementor-element elementor-element-c2d79d2\" data-id=\"c2d79d2\" data-element_type=\"column\">\n\t\t\t<div class=\"elementor-widget-wrap elementor-element-populated\">\n\t\t\t\t\t\t<div class=\"elementor-element elementor-element-b4eaa03 elementor-widget elementor-widget-image\" data-id=\"b4eaa03\" data-element_type=\"widget\" data-widget_type=\"image.default\">\n\t\t\t\t<div class=\"elementor-widget-container\">\n\t\t\t\t\t\t\t\t\t\t\t\t\t<img fetchpriority=\"high\" decoding=\"async\" width=\"300\" height=\"169\" src=\"https:\/\/www.ufsm.br\/app\/uploads\/sites\/811\/2020\/03\/brasildetodasastelas_capa-300x169.jpg\" class=\"attachment-medium size-medium wp-image-169\" alt=\"\" srcset=\"https:\/\/www.ufsm.br\/app\/uploads\/sites\/811\/2020\/03\/brasildetodasastelas_capa-300x169.jpg 300w, https:\/\/www.ufsm.br\/app\/uploads\/sites\/811\/2020\/03\/brasildetodasastelas_capa-1024x576.jpg 1024w, https:\/\/www.ufsm.br\/app\/uploads\/sites\/811\/2020\/03\/brasildetodasastelas_capa-768x432.jpg 768w, https:\/\/www.ufsm.br\/app\/uploads\/sites\/811\/2020\/03\/brasildetodasastelas_capa-1536x864.jpg 1536w, https:\/\/www.ufsm.br\/app\/uploads\/sites\/811\/2020\/03\/brasildetodasastelas_capa.jpg 1600w\" sizes=\"(max-width: 300px) 100vw, 300px\" \/>\t\t\t\t\t\t\t\t\t\t\t\t\t<\/div>\n\t\t\t\t<\/div>\n\t\t\t\t\t<\/div>\n\t\t<\/div>\n\t\t\t\t\t<\/div>\n\t\t<\/section>\n\t\t\t\t<section class=\"elementor-section elementor-top-section elementor-element elementor-element-5ea1e83 elementor-section-boxed elementor-section-height-default elementor-section-height-default\" data-id=\"5ea1e83\" data-element_type=\"section\">\n\t\t\t\t\t\t<div class=\"elementor-container elementor-column-gap-default\">\n\t\t\t\t\t<div class=\"elementor-column elementor-col-100 elementor-top-column elementor-element elementor-element-72fe103\" data-id=\"72fe103\" data-element_type=\"column\">\n\t\t\t<div class=\"elementor-widget-wrap elementor-element-populated\">\n\t\t\t\t\t\t<div class=\"elementor-element elementor-element-10dde87 elementor-widget elementor-widget-text-editor\" data-id=\"10dde87\" data-element_type=\"widget\" data-widget_type=\"text-editor.default\">\n\t\t\t\t<div class=\"elementor-widget-container\">\n\t\t\t\t\t\t\t<p>Hist\u00f3rias reais, fic\u00e7\u00f5es e manifesta\u00e7\u00f5es culturais. S\u00e9ries produzidas em todos os cantos do pa\u00eds viabilizadas pelo PRODAV &#8211; Programa de Apoio ao Desenvolvimento do Audiovisual Brasileiro<\/p>\t\t\t\t\t\t<\/div>\n\t\t\t\t<\/div>\n\t\t\t\t\t<\/div>\n\t\t<\/div>\n\t\t\t\t\t<\/div>\n\t\t<\/section>\n\t\t\t\t<section class=\"elementor-section elementor-top-section elementor-element elementor-element-b78a0c9 elementor-section-boxed elementor-section-height-default elementor-section-height-default\" data-id=\"b78a0c9\" data-element_type=\"section\">\n\t\t\t\t\t\t<div class=\"elementor-container elementor-column-gap-default\">\n\t\t\t\t\t<div class=\"elementor-column elementor-col-100 elementor-top-column elementor-element elementor-element-e842074\" data-id=\"e842074\" data-element_type=\"column\">\n\t\t\t<div class=\"elementor-widget-wrap elementor-element-populated\">\n\t\t\t\t\t\t<div class=\"elementor-element elementor-element-2e85c6e elementor-widget elementor-widget-text-editor\" data-id=\"2e85c6e\" data-element_type=\"widget\" data-widget_type=\"text-editor.default\">\n\t\t\t\t<div class=\"elementor-widget-container\">\n\t\t\t\t\t\t\t<p style=\"text-align: center\"><strong>Grade de Hor\u00e1rios<\/strong><\/p>\n<table class=\"table\">\n<tbody>\n<tr>\n<th><b>00:30:00\u00a0<\/b>:<\/th>\n<td>Segunda<\/td>\n<td>Ter\u00e7a<\/td>\n<td>Quarta<\/td>\n<td>Quinta<\/td>\n<td>Sexta<\/td>\n<td>&#8211;<\/td>\n<td>&#8211;<\/td>\n<\/tr>\n<tr>\n<th><b>17:00:00\u00a0<\/b>:<\/th>\n<td>Segunda<\/td>\n<td>Ter\u00e7a<\/td>\n<td>Quarta<\/td>\n<td>Quinta<\/td>\n<td>Sexta<\/td>\n<td>&#8211;<\/td>\n<td>&#8211;<\/td>\n<\/tr>\n<\/tbody>\n<\/table>\t\t\t\t\t\t<\/div>\n\t\t\t\t<\/div>\n\t\t\t\t\t<\/div>\n\t\t<\/div>\n\t\t\t\t\t<\/div>\n\t\t<\/section>\n\t\t\t\t<section class=\"elementor-section elementor-top-section elementor-element elementor-element-5a40b3c elementor-section-boxed elementor-section-height-default elementor-section-height-default\" data-id=\"5a40b3c\" data-element_type=\"section\">\n\t\t\t\t\t\t<div class=\"elementor-container elementor-column-gap-default\">\n\t\t\t\t\t<div class=\"elementor-column elementor-col-100 elementor-top-column elementor-element elementor-element-d9399ce\" data-id=\"d9399ce\" data-element_type=\"column\">\n\t\t\t<div class=\"elementor-widget-wrap elementor-element-populated\">\n\t\t\t\t\t\t<div class=\"elementor-element elementor-element-3175cd6 elementor-widget elementor-widget-wp-widget-ufsm_noticias_widget\" data-id=\"3175cd6\" data-element_type=\"widget\" data-widget_type=\"wp-widget-ufsm_noticias_widget.default\">\n\t\t\t\t<div class=\"elementor-widget-container\">\n\t\t\t<h5 class='titulo-conteudos'>Brasil de Todas as Telas<\/h5><div class='widget-noticias-inside'>\n                        <div class=\"row\">\n                                    <div class=\"col-12 col-lg-4 pb-4\">\n                                            <div class=\"noticias-widget-wrap\" style=\"height: 180px; overflow: hidden;\">\n                            <a title=\"\" href=\"https:\/\/www.ufsm.br\/midias\/tvcampus\/2019\/12\/02\/minha-familia-e-no-brasil-de-todas-as-telas-chamada\">\n                                <span class=\"visually-hidden\">\n                                    &#8220;Minha fam\u00edlia \u00e9&#8221; no Brasil de Todas as Telas (Chamada)                                <\/span>\n                                <div class=\"noticias-widget-thumbs h-100\">\n                                    <img decoding=\"async\" class=\"object-fit-cover h-100 w-100\" alt=\"\" srcset=\"https:\/\/www.ufsm.br\/app\/uploads\/sites\/811\/2019\/12\/mqdefault-2-300x169.jpg 300w, https:\/\/www.ufsm.br\/app\/uploads\/sites\/811\/2019\/12\/mqdefault-2.jpg 320w\" src=\"https:\/\/www.ufsm.br\/app\/uploads\/sites\/811\/2019\/12\/mqdefault-2.jpg\"><\/img>\n                                <\/div>\n                            <\/a>\n                        <\/div>\n                                        \n                                        \n                    \n                    <a class=\"noticias-widget-title d-block  m-0 \"  title=\"&#8220;Minha fam\u00edlia \u00e9&#8221; no Brasil de Todas as Telas (Chamada)\" href=\"https:\/\/www.ufsm.br\/midias\/tvcampus\/2019\/12\/02\/minha-familia-e-no-brasil-de-todas-as-telas-chamada\">\n                                                &#8220;Minha fam\u00edlia \u00e9&#8221; no Brasil de Todas as Telas (Chamada)                    <\/a>\n                    \n                    \n                                        \n                                        \n                                        <\/div>\n                                    <div class=\"col-12 col-lg-4 pb-4\">\n                                            <div class=\"noticias-widget-wrap\" style=\"height: 180px; overflow: hidden;\">\n                            <a title=\"\" href=\"https:\/\/www.ufsm.br\/midias\/tvcampus\/2019\/10\/21\/diario-de-luli-no-brasil-de-todas-as-telas-chamada\">\n                                <span class=\"visually-hidden\">\n                                    Di\u00e1rio de Luli no Brasil de Todas as Telas (Chamada)                                <\/span>\n                                <div class=\"noticias-widget-thumbs h-100\">\n                                    <img decoding=\"async\" class=\"object-fit-cover h-100 w-100\" alt=\"\" srcset=\"https:\/\/www.ufsm.br\/app\/uploads\/sites\/811\/2019\/10\/mqdefault-1-300x169.jpg 300w, https:\/\/www.ufsm.br\/app\/uploads\/sites\/811\/2019\/10\/mqdefault-1.jpg 320w\" src=\"https:\/\/www.ufsm.br\/app\/uploads\/sites\/811\/2019\/10\/mqdefault-1.jpg\"><\/img>\n                                <\/div>\n                            <\/a>\n                        <\/div>\n                                        \n                                        \n                    \n                    <a class=\"noticias-widget-title d-block  m-0 \"  title=\"Di\u00e1rio de Luli no Brasil de Todas as Telas (Chamada)\" href=\"https:\/\/www.ufsm.br\/midias\/tvcampus\/2019\/10\/21\/diario-de-luli-no-brasil-de-todas-as-telas-chamada\">\n                                                Di\u00e1rio de Luli no Brasil de Todas as Telas (Chamada)                    <\/a>\n                    \n                    \n                                        \n                                        \n                                        <\/div>\n                                    <div class=\"col-12 col-lg-4 pb-4\">\n                                            <div class=\"noticias-widget-wrap\" style=\"height: 180px; overflow: hidden;\">\n                            <a title=\"\" href=\"https:\/\/www.ufsm.br\/midias\/tvcampus\/2019\/09\/30\/crias-de-dulcina-no-brasil-de-todas-as-telas-chamada\">\n                                <span class=\"visually-hidden\">\n                                    &#8220;Crias de Dulcina&#8221; no Brasil de Todas as Telas (Chamada)                                <\/span>\n                                <div class=\"noticias-widget-thumbs h-100\">\n                                    <img decoding=\"async\" class=\"object-fit-cover h-100 w-100\" alt=\"\" srcset=\"https:\/\/www.ufsm.br\/app\/uploads\/sites\/811\/2020\/03\/print-3-300x156.jpg 300w, https:\/\/www.ufsm.br\/app\/uploads\/sites\/811\/2020\/03\/print-3-1024x532.jpg 1024w, https:\/\/www.ufsm.br\/app\/uploads\/sites\/811\/2020\/03\/print-3-768x399.jpg 768w, https:\/\/www.ufsm.br\/app\/uploads\/sites\/811\/2020\/03\/print-3.jpg 1270w\" src=\"https:\/\/www.ufsm.br\/app\/uploads\/sites\/811\/2020\/03\/print-3-1024x532.jpg\"><\/img>\n                                <\/div>\n                            <\/a>\n                        <\/div>\n                                        \n                                        \n                    \n                    <a class=\"noticias-widget-title d-block  m-0 \"  title=\"&#8220;Crias de Dulcina&#8221; no Brasil de Todas as Telas (Chamada)\" href=\"https:\/\/www.ufsm.br\/midias\/tvcampus\/2019\/09\/30\/crias-de-dulcina-no-brasil-de-todas-as-telas-chamada\">\n                                                &#8220;Crias de Dulcina&#8221; no Brasil de Todas as Telas (Chamada)                    <\/a>\n                    \n                    \n                                        \n                                        \n                                        <\/div>\n                            <\/div>\n                    <div class=\"row\">\n                                    <div class=\"col-12 col-lg-4 pb-4\">\n                                            <div class=\"noticias-widget-wrap\" style=\"height: 180px; overflow: hidden;\">\n                            <a title=\"\" href=\"https:\/\/www.ufsm.br\/midias\/tvcampus\/2019\/09\/09\/cientistas-brasileiros-entre-os-melhores-no-brasil-de-todas-as-telas-chamada\">\n                                <span class=\"visually-hidden\">\n                                    &#8220;Cientistas Brasileiros entre os Melhores&#8221; no Brasil de Todas as Telas (Chamada)                                <\/span>\n                                <div class=\"noticias-widget-thumbs h-100\">\n                                    <img decoding=\"async\" class=\"object-fit-cover h-100 w-100\" alt=\"\" srcset=\"https:\/\/www.ufsm.br\/app\/uploads\/sites\/811\/2020\/03\/mqdefault-2-300x169.jpg 300w, https:\/\/www.ufsm.br\/app\/uploads\/sites\/811\/2020\/03\/mqdefault-2.jpg 320w\" src=\"https:\/\/www.ufsm.br\/app\/uploads\/sites\/811\/2020\/03\/mqdefault-2.jpg\"><\/img>\n                                <\/div>\n                            <\/a>\n                        <\/div>\n                                        \n                                        \n                    \n                    <a class=\"noticias-widget-title d-block  m-0 \"  title=\"&#8220;Cientistas Brasileiros entre os Melhores&#8221; no Brasil de Todas as Telas (Chamada)\" href=\"https:\/\/www.ufsm.br\/midias\/tvcampus\/2019\/09\/09\/cientistas-brasileiros-entre-os-melhores-no-brasil-de-todas-as-telas-chamada\">\n                                                &#8220;Cientistas Brasileiros entre os Melhores&#8221; no Brasil de Todas as Telas (Chamada)                    <\/a>\n                    \n                    \n                                        \n                                        \n                                        <\/div>\n                                    <div class=\"col-12 col-lg-4 pb-4\">\n                                            <div class=\"noticias-widget-wrap\" style=\"height: 180px; overflow: hidden;\">\n                            <a title=\"\" href=\"https:\/\/www.ufsm.br\/midias\/tvcampus\/2019\/08\/19\/afinal-quem-e-deus-no-brasil-de-todas-as-telas-chamada\">\n                                <span class=\"visually-hidden\">\n                                    &#8220;Afinal, quem \u00e9 Deus?&#8221; no Brasil de Todas as Telas (Chamada)                                <\/span>\n                                <div class=\"noticias-widget-thumbs h-100\">\n                                    <img decoding=\"async\" class=\"object-fit-cover h-100 w-100\" alt=\"\" srcset=\"https:\/\/www.ufsm.br\/app\/uploads\/sites\/811\/2020\/03\/mqdefault-1-1-300x169.jpg 300w, https:\/\/www.ufsm.br\/app\/uploads\/sites\/811\/2020\/03\/mqdefault-1-1.jpg 320w\" src=\"https:\/\/www.ufsm.br\/app\/uploads\/sites\/811\/2020\/03\/mqdefault-1-1.jpg\"><\/img>\n                                <\/div>\n                            <\/a>\n                        <\/div>\n                                        \n                                        \n                    \n                    <a class=\"noticias-widget-title d-block  m-0 \"  title=\"&#8220;Afinal, quem \u00e9 Deus?&#8221; no Brasil de Todas as Telas (Chamada)\" href=\"https:\/\/www.ufsm.br\/midias\/tvcampus\/2019\/08\/19\/afinal-quem-e-deus-no-brasil-de-todas-as-telas-chamada\">\n                                                &#8220;Afinal, quem \u00e9 Deus?&#8221; no Brasil de Todas as Telas (Chamada)                    <\/a>\n                    \n                    \n                                        \n                                        \n                                        <\/div>\n                                    <div class=\"col-12 col-lg-4 pb-4\">\n                                            <div class=\"noticias-widget-wrap\" style=\"height: 180px; overflow: hidden;\">\n                            <a title=\"\" href=\"https:\/\/www.ufsm.br\/midias\/tvcampus\/2019\/07\/29\/insustentaveis-no-brasil-de-todas-as-telas-chamada\">\n                                <span class=\"visually-hidden\">\n                                    Insustent\u00e1veis no Brasil de Todas as Telas (Chamada)                                <\/span>\n                                <div class=\"noticias-widget-thumbs h-100\">\n                                    <img decoding=\"async\" class=\"object-fit-cover h-100 w-100\" alt=\"\" srcset=\"https:\/\/www.ufsm.br\/app\/uploads\/sites\/811\/2020\/03\/mqdefault-2-1-300x169.jpg 300w, https:\/\/www.ufsm.br\/app\/uploads\/sites\/811\/2020\/03\/mqdefault-2-1.jpg 320w\" src=\"https:\/\/www.ufsm.br\/app\/uploads\/sites\/811\/2020\/03\/mqdefault-2-1.jpg\"><\/img>\n                                <\/div>\n                            <\/a>\n                        <\/div>\n                                        \n                                        \n                    \n                    <a class=\"noticias-widget-title d-block  m-0 \"  title=\"Insustent\u00e1veis no Brasil de Todas as Telas (Chamada)\" href=\"https:\/\/www.ufsm.br\/midias\/tvcampus\/2019\/07\/29\/insustentaveis-no-brasil-de-todas-as-telas-chamada\">\n                                                Insustent\u00e1veis no Brasil de Todas as Telas (Chamada)                    <\/a>\n                    \n                    \n                                        \n                                        \n                                        <\/div>\n                            <\/div>\n                    <div class=\"row\">\n                                    <div class=\"col-12 col-lg-4 pb-4\">\n                                            <div class=\"noticias-widget-wrap\" style=\"height: 180px; overflow: hidden;\">\n                            <a title=\"\" href=\"https:\/\/www.ufsm.br\/midias\/tvcampus\/2019\/07\/23\/palante-no-brasil-de-todas-as-telas-chamada\">\n                                <span class=\"visually-hidden\">\n                                    Pa&#8217;Lante no Brasil de Todas as Telas (Chamada)                                <\/span>\n                                <div class=\"noticias-widget-thumbs h-100\">\n                                    <img decoding=\"async\" class=\"object-fit-cover h-100 w-100\" alt=\"\" srcset=\"https:\/\/www.ufsm.br\/app\/uploads\/sites\/811\/2020\/03\/mqdefault-3-300x169.jpg 300w, https:\/\/www.ufsm.br\/app\/uploads\/sites\/811\/2020\/03\/mqdefault-3.jpg 320w\" src=\"https:\/\/www.ufsm.br\/app\/uploads\/sites\/811\/2020\/03\/mqdefault-3.jpg\"><\/img>\n                                <\/div>\n                            <\/a>\n                        <\/div>\n                                        \n                                        \n                    \n                    <a class=\"noticias-widget-title d-block  m-0 \"  title=\"Pa&#8217;Lante no Brasil de Todas as Telas (Chamada)\" href=\"https:\/\/www.ufsm.br\/midias\/tvcampus\/2019\/07\/23\/palante-no-brasil-de-todas-as-telas-chamada\">\n                                                Pa&#8217;Lante no Brasil de Todas as Telas (Chamada)                    <\/a>\n                    \n                    \n                                        \n                                        \n                                        <\/div>\n                                    <div class=\"col-12 col-lg-4 pb-4\">\n                                            <div class=\"noticias-widget-wrap\" style=\"height: 180px; overflow: hidden;\">\n                            <a title=\"\" href=\"https:\/\/www.ufsm.br\/midias\/tvcampus\/2019\/07\/01\/visceral-brasil-brasil-de-todas-as-telas-chamada\">\n                                <span class=\"visually-hidden\">\n                                    Visceral Brasil &#8211; Brasil de Todas as Telas (Chamada)                                <\/span>\n                                <div class=\"noticias-widget-thumbs h-100\">\n                                    <img decoding=\"async\" class=\"object-fit-cover h-100 w-100\" alt=\"\" srcset=\"https:\/\/www.ufsm.br\/app\/uploads\/sites\/811\/2020\/03\/mqdefault-4-300x169.jpg 300w, https:\/\/www.ufsm.br\/app\/uploads\/sites\/811\/2020\/03\/mqdefault-4.jpg 320w\" src=\"https:\/\/www.ufsm.br\/app\/uploads\/sites\/811\/2020\/03\/mqdefault-4.jpg\"><\/img>\n                                <\/div>\n                            <\/a>\n                        <\/div>\n                                        \n                                        \n                    \n                    <a class=\"noticias-widget-title d-block  m-0 \"  title=\"Visceral Brasil &#8211; Brasil de Todas as Telas (Chamada)\" href=\"https:\/\/www.ufsm.br\/midias\/tvcampus\/2019\/07\/01\/visceral-brasil-brasil-de-todas-as-telas-chamada\">\n                                                Visceral Brasil &#8211; Brasil de Todas as Telas (Chamada)                    <\/a>\n                    \n                    \n                                        \n                                        \n                                        <\/div>\n                                    <div class=\"col-12 col-lg-4 pb-4\">\n                                            <div class=\"noticias-widget-wrap\" style=\"height: 180px; overflow: hidden;\">\n                            <a title=\"\" href=\"https:\/\/www.ufsm.br\/midias\/tvcampus\/2019\/06\/10\/amazonia-legal-brasil-de-todas-as-telas-chamada\">\n                                <span class=\"visually-hidden\">\n                                    Amaz\u00f4nia Legal &#8211; Brasil de Todas as Telas (Chamada)                                <\/span>\n                                <div class=\"noticias-widget-thumbs h-100\">\n                                    <img decoding=\"async\" class=\"object-fit-cover h-100 w-100\" alt=\"\" srcset=\"https:\/\/www.ufsm.br\/app\/uploads\/sites\/811\/2020\/03\/mqdefault-5-300x169.jpg 300w, https:\/\/www.ufsm.br\/app\/uploads\/sites\/811\/2020\/03\/mqdefault-5.jpg 320w\" src=\"https:\/\/www.ufsm.br\/app\/uploads\/sites\/811\/2020\/03\/mqdefault-5.jpg\"><\/img>\n                                <\/div>\n                            <\/a>\n                        <\/div>\n                                        \n                                        \n                    \n                    <a class=\"noticias-widget-title d-block  m-0 \"  title=\"Amaz\u00f4nia Legal &#8211; Brasil de Todas as Telas (Chamada)\" href=\"https:\/\/www.ufsm.br\/midias\/tvcampus\/2019\/06\/10\/amazonia-legal-brasil-de-todas-as-telas-chamada\">\n                                                Amaz\u00f4nia Legal &#8211; Brasil de Todas as Telas (Chamada)                    <\/a>\n                    \n                    \n                                        \n                                        \n                                        <\/div>\n                            <\/div>\n            <\/div>\n<div class=\"leia-mais p-1\">\n                <a href=\"https:\/\/www.ufsm.br\/midias\/tvcampus\/category\/brasil-de-todas-as-telas\/\">\n            Visualize mais            <span class=\"icon-box\">\n                <span class=\"bg-ufsm-widget-icon\">\n                    <i class=\"fas fa-chevron-right\" aria-hidden=\"true\"><\/i>\n                <\/span>\n            <\/span>\n        <\/a>\n    <\/div>\n\t\t<\/div>\n\t\t\t\t<\/div>\n\t\t\t\t\t<\/div>\n\t\t<\/div>\n\t\t\t\t\t<\/div>\n\t\t<\/section>\n\t\t\t\t<\/div>\n\t\t","protected":false},"excerpt":{"rendered":"<p>Hist\u00f3rias reais, fic\u00e7\u00f5es e manifesta\u00e7\u00f5es culturais. S\u00e9ries produzidas em todos os cantos do pa\u00eds viabilizadas pelo PRODAV &#8211; Programa de Apoio ao Desenvolvimento do Audiovisual Brasileiro Grade de Hor\u00e1rios 00:30:00\u00a0: Segunda Ter\u00e7a Quarta Quinta Sexta &#8211; &#8211; 17:00:00\u00a0: Segunda Ter\u00e7a Quarta Quinta Sexta &#8211; &#8211;<\/p>\n","protected":false},"author":867,"featured_media":0,"parent":0,"menu_order":0,"comment_status":"closed","ping_status":"closed","template":"","meta":{"footnotes":""},"categories":[],"tags":[],"class_list":["post-168","page","type-page","status-publish","hentry"],"acf":[],"_links":{"self":[{"href":"https:\/\/www.ufsm.br\/midias\/tvcampus\/wp-json\/wp\/v2\/pages\/168","targetHints":{"allow":["GET"]}}],"collection":[{"href":"https:\/\/www.ufsm.br\/midias\/tvcampus\/wp-json\/wp\/v2\/pages"}],"about":[{"href":"https:\/\/www.ufsm.br\/midias\/tvcampus\/wp-json\/wp\/v2\/types\/page"}],"author":[{"embeddable":true,"href":"https:\/\/www.ufsm.br\/midias\/tvcampus\/wp-json\/wp\/v2\/users\/867"}],"replies":[{"embeddable":true,"href":"https:\/\/www.ufsm.br\/midias\/tvcampus\/wp-json\/wp\/v2\/comments?post=168"}],"version-history":[{"count":0,"href":"https:\/\/www.ufsm.br\/midias\/tvcampus\/wp-json\/wp\/v2\/pages\/168\/revisions"}],"wp:attachment":[{"href":"https:\/\/www.ufsm.br\/midias\/tvcampus\/wp-json\/wp\/v2\/media?parent=168"}],"wp:term":[{"taxonomy":"category","embeddable":true,"href":"https:\/\/www.ufsm.br\/midias\/tvcampus\/wp-json\/wp\/v2\/categories?post=168"},{"taxonomy":"post_tag","embeddable":true,"href":"https:\/\/www.ufsm.br\/midias\/tvcampus\/wp-json\/wp\/v2\/tags?post=168"}],"curies":[{"name":"wp","href":"https:\/\/api.w.org\/{rel}","templated":true}]}}