{"id":186,"date":"2020-03-04T09:55:26","date_gmt":"2020-03-04T12:55:26","guid":{"rendered":"https:\/\/www.ufsm.br\/midias\/tvcampus\/?page_id=186"},"modified":"2026-04-27T12:50:09","modified_gmt":"2026-04-27T15:50:09","slug":"equipe","status":"publish","type":"page","link":"https:\/\/www.ufsm.br\/midias\/tvcampus\/equipe","title":{"rendered":"Equipe"},"content":{"rendered":"<h5>Servidores<\/h5>\n<p>Aline Eggres de Castro &#8211; Administradora<\/p>\n<p>Anaqueli Rubin &#8211; Jornalista<\/p>\n<p>Gabriel Machado Soares &#8211; Programador Visual<\/p>\n<p>Gilvan Peters &#8211; Operador de C\u00e2mera de Cinema e TV<\/p>\n<p><span style=\"font-weight: 400\">Manuela Lang Motta &#8211; Diretora de Produ\u00e7\u00e3o<\/span><\/p>\n<p><span style=\"font-weight: 400\">M\u00e1rcio Echeverria Gomes &#8211; Sonoplasta<\/span><\/p>\n<p>Pedro Amaral de Oliveira &#8211; Editor de Imagens<\/p>\n<p>Rafael Salles &#8211; Roteirista<\/p>\n<p>Thom\u00e1s Townsend &#8211; T\u00e9cnico em Audiovisual<\/p>\n<h5>Contratados<\/h5>\n<p><span style=\"font-size: revert;color: initial\">Bruno Filippi &#8211; Switcher Master<\/span><\/p>\n<p><span style=\"font-weight: 400\">Pedro Cordeiro Bueno<\/span> &#8211; Switcher Master<\/p>\n<h5>Bolsistas<\/h5>\n<p><span style=\"font-weight: 400\">Amanda Pacheco Teixeira<\/span><\/p>\n<p><span style=\"font-weight: 400\">Fabiola Nicoletti<\/span><\/p>\n<p><span style=\"font-weight: 400\">Gabriel Martelet Ferraz<\/span><\/p>\n<p><span style=\"font-weight: 400\">Isadora Juliatto Piovesan<\/span><\/p>\n<p><span style=\"font-weight: 400\">Jordan Taborda<\/span><\/p>\n<p><span style=\"font-weight: 400\">Laura de Vargas<\/span><\/p>\n<p><span style=\"font-weight: 400\">Matheus de Oliveira Lanzarin<\/span><\/p>\n<p><span style=\"font-weight: 400\">Pedro Henrique Santos Rohde<\/span><\/p>\n","protected":false},"excerpt":{"rendered":"<p>Servidores Aline Eggres de Castro &#8211; Administradora Anaqueli Rubin &#8211; Jornalista Gabriel Machado Soares &#8211; Programador Visual Gilvan Peters &#8211; Operador de C\u00e2mera de Cinema e TV Manuela Lang Motta &#8211; Diretora de Produ\u00e7\u00e3o M\u00e1rcio Echeverria Gomes &#8211; Sonoplasta Pedro Amaral de Oliveira &#8211; Editor de Imagens Rafael Salles &#8211; Roteirista Thom\u00e1s Townsend &#8211; T\u00e9cnico [&hellip;]<\/p>\n","protected":false},"author":867,"featured_media":0,"parent":0,"menu_order":0,"comment_status":"closed","ping_status":"closed","template":"","meta":{"footnotes":""},"categories":[],"tags":[],"class_list":["post-186","page","type-page","status-publish","hentry"],"acf":[],"_links":{"self":[{"href":"https:\/\/www.ufsm.br\/midias\/tvcampus\/wp-json\/wp\/v2\/pages\/186","targetHints":{"allow":["GET"]}}],"collection":[{"href":"https:\/\/www.ufsm.br\/midias\/tvcampus\/wp-json\/wp\/v2\/pages"}],"about":[{"href":"https:\/\/www.ufsm.br\/midias\/tvcampus\/wp-json\/wp\/v2\/types\/page"}],"author":[{"embeddable":true,"href":"https:\/\/www.ufsm.br\/midias\/tvcampus\/wp-json\/wp\/v2\/users\/867"}],"replies":[{"embeddable":true,"href":"https:\/\/www.ufsm.br\/midias\/tvcampus\/wp-json\/wp\/v2\/comments?post=186"}],"version-history":[{"count":0,"href":"https:\/\/www.ufsm.br\/midias\/tvcampus\/wp-json\/wp\/v2\/pages\/186\/revisions"}],"wp:attachment":[{"href":"https:\/\/www.ufsm.br\/midias\/tvcampus\/wp-json\/wp\/v2\/media?parent=186"}],"wp:term":[{"taxonomy":"category","embeddable":true,"href":"https:\/\/www.ufsm.br\/midias\/tvcampus\/wp-json\/wp\/v2\/categories?post=186"},{"taxonomy":"post_tag","embeddable":true,"href":"https:\/\/www.ufsm.br\/midias\/tvcampus\/wp-json\/wp\/v2\/tags?post=186"}],"curies":[{"name":"wp","href":"https:\/\/api.w.org\/{rel}","templated":true}]}}

<h5>Servidores</h5>
<p>Aline Eggres de Castro &#8211; Administradora</p>
<p>Anaqueli Rubin &#8211; Jornalista</p>
<p>Gabriel Machado Soares &#8211; Programador Visual</p>
<p>Gilvan Peters &#8211; Operador de Câmera de Cinema e TV</p>
<p><span style="font-weight: 400">Manuela Lang Motta &#8211; Diretora de Produção</span></p>
<p><span style="font-weight: 400">Márcio Echeverria Gomes &#8211; Sonoplasta</span></p>
<p>Pedro Amaral de Oliveira &#8211; Editor de Imagens</p>
<p>Rafael Salles &#8211; Roteirista</p>
<p>Thomás Townsend &#8211; Técnico em Audiovisual</p>
<h5>Contratados</h5>
<p><span style="font-size: revert;color: initial">Bruno Filippi &#8211; Switcher Master</span></p>
<p><span style="font-weight: 400">Pedro Cordeiro Bueno</span> &#8211; Switcher Master</p>
<h5>Bolsistas</h5>
<p><span style="font-weight: 400">Amanda Pacheco Teixeira</span></p>
<p><span style="font-weight: 400">Fabiola Nicoletti</span></p>
<p><span style="font-weight: 400">Gabriel Martelet Ferraz</span></p>
<p><span style="font-weight: 400">Isadora Juliatto Piovesan</span></p>
<p><span style="font-weight: 400">Jordan Taborda</span></p>
<p><span style="font-weight: 400">Laura de Vargas</span></p>
<p><span style="font-weight: 400">Matheus de Oliveira Lanzarin</span></p>
<p><span style="font-weight: 400">Pedro Henrique Santos Rohde</span></p>

<p>Servidores Aline Eggres de Castro &#8211; Administradora Anaqueli Rubin &#8211; Jornalista Gabriel Machado Soares &#8211; Programador Visual Gilvan Peters &#8211; Operador de Câmera de Cinema e TV Manuela Lang Motta &#8211; Diretora de Produção Márcio Echeverria Gomes &#8211; Sonoplasta Pedro Amaral de Oliveira &#8211; Editor de Imagens Rafael Salles &#8211; Roteirista Thomás Townsend &#8211; Técnico [&hellip;]</p>
