{"id":3154,"date":"2021-01-06T09:34:57","date_gmt":"2021-01-06T12:34:57","guid":{"rendered":"https:\/\/www.ufsm.br\/midias\/tvcampus\/?page_id=3154"},"modified":"2022-07-21T15:20:32","modified_gmt":"2022-07-21T18:20:32","slug":"organograma-coordenadoria-comunicacao","status":"publish","type":"page","link":"https:\/\/www.ufsm.br\/midias\/tvcampus\/organograma-coordenadoria-comunicacao","title":{"rendered":"Coordenadoria de Comunica\u00e7\u00e3o"},"content":{"rendered":"\n<p><span style=\"font-weight: 400\">A TV Campus faz parte da <a href=\"_wp_link_placeholder\" data-wplink-edit=\"true\">Coordenadoria de Comunica\u00e7\u00e3o da UFSM<\/a>, que atua por meio de unidades de produ\u00e7\u00e3o e divulga\u00e7\u00e3o de conte\u00fado, e recebe sugest\u00f5es de pauta pelo e-mail <\/span><a href=\"mailto:tvcampus@ufsm.br\"><span style=\"font-weight: 400\">tvcampus@ufsm.br<\/span><\/a><span style=\"font-weight: 400\">.<\/span><\/p>\n<p><span style=\"font-weight: 400\">A Coordenadoria ainda conta com outros ve\u00edculos de comunica\u00e7\u00e3o, que atuam de forma integrada nos servi\u00e7os de r\u00e1dio, comunica\u00e7\u00e3o institucional e produ\u00e7\u00e3o de not\u00edcias sobre a Universidade. Confira abaixo:<\/span><\/p>\n<ul>\n<li style=\"font-weight: 400\"><span style=\"font-weight: 400\">Ag\u00eancia de Not\u00edcias (Contato pelo e-mail <\/span><a href=\"mailto:noticias@ufsm.br\"><span style=\"font-weight: 400\">noticias@ufsm.br<\/span><\/a><span style=\"font-weight: 400\">)\u00a0<\/span><\/li>\n<li style=\"font-weight: 400\"><span style=\"font-weight: 400\">Revista Arco (Contato pelo e-mail <\/span><a href=\"mailto:arco@ufsm.br\"><span style=\"font-weight: 400\">arco@ufsm.br<\/span><\/a><span style=\"font-weight: 400\">)<\/span><\/li>\n<li style=\"font-weight: 400\"><span style=\"font-weight: 400\">N\u00facleo de R\u00e1dios &#8211; UniFM 107.9 e R\u00e1dio Universidade 800 AM (Contato pelo e-mail <\/span><a href=\"mailto:contato.radios@ufsm.br\"><span style=\"font-weight: 400\">contato.radios@ufsm.br<\/span><\/a><span style=\"font-weight: 400\">)<\/span><\/li>\n<li style=\"font-weight: 400\"><span style=\"font-weight: 400\">Unidade de Comunica\u00e7\u00e3o Integrada (comunicacaointegrada@ufsm.br)<\/span><\/li>\n<\/ul>\n<p>\u00a0<\/p>\n","protected":false},"excerpt":{"rendered":"<p>A TV Campus faz parte da Coordenadoria de Comunica\u00e7\u00e3o da UFSM, que atua por meio de unidades de produ\u00e7\u00e3o e divulga\u00e7\u00e3o de conte\u00fado, e recebe sugest\u00f5es de pauta pelo e-mail tvcampus@ufsm.br. A Coordenadoria ainda conta com outros ve\u00edculos de comunica\u00e7\u00e3o, que atuam de forma integrada nos servi\u00e7os de r\u00e1dio, comunica\u00e7\u00e3o institucional e produ\u00e7\u00e3o de not\u00edcias [&hellip;]<\/p>\n","protected":false},"author":30,"featured_media":0,"parent":0,"menu_order":0,"comment_status":"closed","ping_status":"closed","template":"","meta":{"footnotes":""},"categories":[],"tags":[],"class_list":["post-3154","page","type-page","status-publish","hentry"],"acf":[],"_links":{"self":[{"href":"https:\/\/www.ufsm.br\/midias\/tvcampus\/wp-json\/wp\/v2\/pages\/3154","targetHints":{"allow":["GET"]}}],"collection":[{"href":"https:\/\/www.ufsm.br\/midias\/tvcampus\/wp-json\/wp\/v2\/pages"}],"about":[{"href":"https:\/\/www.ufsm.br\/midias\/tvcampus\/wp-json\/wp\/v2\/types\/page"}],"author":[{"embeddable":true,"href":"https:\/\/www.ufsm.br\/midias\/tvcampus\/wp-json\/wp\/v2\/users\/30"}],"replies":[{"embeddable":true,"href":"https:\/\/www.ufsm.br\/midias\/tvcampus\/wp-json\/wp\/v2\/comments?post=3154"}],"version-history":[{"count":0,"href":"https:\/\/www.ufsm.br\/midias\/tvcampus\/wp-json\/wp\/v2\/pages\/3154\/revisions"}],"wp:attachment":[{"href":"https:\/\/www.ufsm.br\/midias\/tvcampus\/wp-json\/wp\/v2\/media?parent=3154"}],"wp:term":[{"taxonomy":"category","embeddable":true,"href":"https:\/\/www.ufsm.br\/midias\/tvcampus\/wp-json\/wp\/v2\/categories?post=3154"},{"taxonomy":"post_tag","embeddable":true,"href":"https:\/\/www.ufsm.br\/midias\/tvcampus\/wp-json\/wp\/v2\/tags?post=3154"}],"curies":[{"name":"wp","href":"https:\/\/api.w.org\/{rel}","templated":true}]}}

Coordenadoria de Comunicação

<p><span style="font-weight: 400">A TV Campus faz parte da <a href="_wp_link_placeholder" data-wplink-edit="true">Coordenadoria de Comunicação da UFSM</a>, que atua por meio de unidades de produção e divulgação de conteúdo, e recebe sugestões de pauta pelo e-mail </span><a href="mailto:tvcampus@ufsm.br"><span style="font-weight: 400">tvcampus@ufsm.br</span></a><span style="font-weight: 400">.</span></p>
<p><span style="font-weight: 400">A Coordenadoria ainda conta com outros veículos de comunicação, que atuam de forma integrada nos serviços de rádio, comunicação institucional e produção de notícias sobre a Universidade. Confira abaixo:</span></p>
<ul>
<li style="font-weight: 400"><span style="font-weight: 400">Agência de Notícias (Contato pelo e-mail </span><a href="mailto:noticias@ufsm.br"><span style="font-weight: 400">noticias@ufsm.br</span></a><span style="font-weight: 400">) </span></li>
<li style="font-weight: 400"><span style="font-weight: 400">Revista Arco (Contato pelo e-mail </span><a href="mailto:arco@ufsm.br"><span style="font-weight: 400">arco@ufsm.br</span></a><span style="font-weight: 400">)</span></li>
<li style="font-weight: 400"><span style="font-weight: 400">Núcleo de Rádios &#8211; UniFM 107.9 e Rádio Universidade 800 AM (Contato pelo e-mail </span><a href="mailto:contato.radios@ufsm.br"><span style="font-weight: 400">contato.radios@ufsm.br</span></a><span style="font-weight: 400">)</span></li>
<li style="font-weight: 400"><span style="font-weight: 400">Unidade de Comunicação Integrada (comunicacaointegrada@ufsm.br)</span></li>
</ul>
<p> </p>

<p>A TV Campus faz parte da Coordenadoria de Comunicação da UFSM, que atua por meio de unidades de produção e divulgação de conteúdo, e recebe sugestões de pauta pelo e-mail tvcampus@ufsm.br. A Coordenadoria ainda conta com outros veículos de comunicação, que atuam de forma integrada nos serviços de rádio, comunicação institucional e produção de notícias [&hellip;]</p>
