{"id":576,"date":"2020-02-18T08:45:13","date_gmt":"2020-02-18T11:45:13","guid":{"rendered":"https:\/\/www.ufsm.br\/museus\/arte-ciencia-tecnologia\/?page_id=576"},"modified":"2021-08-20T10:35:40","modified_gmt":"2021-08-20T13:35:40","slug":"bioarte-e-sustentabilidade","status":"publish","type":"page","link":"https:\/\/www.ufsm.br\/museus\/arte-ciencia-tecnologia\/bioarte-e-sustentabilidade","title":{"rendered":"(BIO)Arte e Sustentabilidade"},"content":{"rendered":"\t\t<div data-elementor-type=\"wp-page\" data-elementor-id=\"576\" class=\"elementor elementor-576\">\n\t\t\t\t\t\t<section class=\"elementor-section elementor-top-section elementor-element elementor-element-301f125 elementor-section-boxed elementor-section-height-default elementor-section-height-default\" data-id=\"301f125\" data-element_type=\"section\">\n\t\t\t\t\t\t<div class=\"elementor-container elementor-column-gap-default\">\n\t\t\t\t\t<div class=\"elementor-column elementor-col-50 elementor-top-column elementor-element elementor-element-4507949\" data-id=\"4507949\" data-element_type=\"column\">\n\t\t\t<div class=\"elementor-widget-wrap elementor-element-populated\">\n\t\t\t\t\t\t<div class=\"elementor-element elementor-element-08bdb4c elementor-widget elementor-widget-image\" data-id=\"08bdb4c\" data-element_type=\"widget\" data-widget_type=\"image.default\">\n\t\t\t\t<div class=\"elementor-widget-container\">\n\t\t\t\t\t\t\t\t\t\t\t\t\t<img decoding=\"async\" src=\"https:\/\/www.ufsm.br\/app\/uploads\/sites\/807\/elementor\/thumbs\/flyer_acao_bioartesustentabilidade-01-olci4v2enawnqgh5ph1k7ff7r591y5pw1pmm0g12gw.jpg\" title=\"flyer_acao_bioartesustentabilidade-01\" alt=\"flyer_acao_bioartesustentabilidade-01\" loading=\"lazy\" \/>\t\t\t\t\t\t\t\t\t\t\t\t\t<\/div>\n\t\t\t\t<\/div>\n\t\t\t\t\t<\/div>\n\t\t<\/div>\n\t\t\t\t<div class=\"elementor-column elementor-col-50 elementor-top-column elementor-element elementor-element-2e141eb\" data-id=\"2e141eb\" data-element_type=\"column\">\n\t\t\t<div class=\"elementor-widget-wrap elementor-element-populated\">\n\t\t\t\t\t\t<div class=\"elementor-element elementor-element-cbe5afd elementor-widget elementor-widget-image\" data-id=\"cbe5afd\" data-element_type=\"widget\" data-widget_type=\"image.default\">\n\t\t\t\t<div class=\"elementor-widget-container\">\n\t\t\t\t\t\t\t\t\t\t\t\t\t<img decoding=\"async\" src=\"https:\/\/www.ufsm.br\/app\/uploads\/sites\/807\/elementor\/thumbs\/flyer_acao_bioartesustentabilidade-02-olci4ytren1t0wbp3io2heh24oqisy4te88jxjvhs0.png\" title=\"flyer_acao_bioartesustentabilidade-02\" alt=\"flyer_acao_bioartesustentabilidade-02\" loading=\"lazy\" \/>\t\t\t\t\t\t\t\t\t\t\t\t\t<\/div>\n\t\t\t\t<\/div>\n\t\t\t\t\t<\/div>\n\t\t<\/div>\n\t\t\t\t\t<\/div>\n\t\t<\/section>\n\t\t\t\t<section class=\"elementor-section elementor-top-section elementor-element elementor-element-2fe180d elementor-section-boxed elementor-section-height-default elementor-section-height-default\" data-id=\"2fe180d\" data-element_type=\"section\">\n\t\t\t\t\t\t<div class=\"elementor-container elementor-column-gap-default\">\n\t\t\t\t\t<div class=\"elementor-column elementor-col-100 elementor-top-column elementor-element elementor-element-feb9204\" data-id=\"feb9204\" data-element_type=\"column\">\n\t\t\t<div class=\"elementor-widget-wrap elementor-element-populated\">\n\t\t\t\t\t\t<div class=\"elementor-element elementor-element-080901d elementor-widget elementor-widget-text-editor\" data-id=\"080901d\" data-element_type=\"widget\" data-widget_type=\"text-editor.default\">\n\t\t\t\t<div class=\"elementor-widget-container\">\n\t\t\t\t\t\t\t<h5>Produ\u00e7\u00e3o desenvolvida em 360\u00ba dentro da A\u00e7\u00e3o (BIO)Arte Sustentabilidade do Projeto MACT &#8211; Museu Arte Ci\u00eancia Tecnologia. Recomenda-se a experi\u00eancia em \u00f3culos VR.<\/h5>\t\t\t\t\t\t<\/div>\n\t\t\t\t<\/div>\n\t\t\t\t\t<\/div>\n\t\t<\/div>\n\t\t\t\t\t<\/div>\n\t\t<\/section>\n\t\t\t\t<section class=\"elementor-section elementor-top-section elementor-element elementor-element-c790cb4 elementor-section-boxed elementor-section-height-default elementor-section-height-default\" data-id=\"c790cb4\" data-element_type=\"section\">\n\t\t\t\t\t\t<div class=\"elementor-container elementor-column-gap-default\">\n\t\t\t\t\t<div class=\"elementor-column elementor-col-100 elementor-top-column elementor-element elementor-element-7a46fc7\" data-id=\"7a46fc7\" data-element_type=\"column\">\n\t\t\t<div class=\"elementor-widget-wrap elementor-element-populated\">\n\t\t\t\t\t\t<div class=\"elementor-element elementor-element-ce4d274 elementor-widget elementor-widget-video\" data-id=\"ce4d274\" data-element_type=\"widget\" data-settings=\"{&quot;youtube_url&quot;:&quot;https:\\\/\\\/www.youtube.com\\\/watch?v=N5zTG9wr17I#action=share&quot;,&quot;video_type&quot;:&quot;youtube&quot;,&quot;controls&quot;:&quot;yes&quot;}\" data-widget_type=\"video.default\">\n\t\t\t\t<div class=\"elementor-widget-container\">\n\t\t\t\t\t<div class=\"elementor-wrapper elementor-open-inline\">\n\t\t\t<div class=\"elementor-video\"><\/div>\t\t<\/div>\n\t\t\t\t<\/div>\n\t\t\t\t<\/div>\n\t\t\t\t\t<\/div>\n\t\t<\/div>\n\t\t\t\t\t<\/div>\n\t\t<\/section>\n\t\t\t\t<section class=\"elementor-section elementor-top-section elementor-element elementor-element-82e768f elementor-section-boxed elementor-section-height-default elementor-section-height-default\" data-id=\"82e768f\" data-element_type=\"section\">\n\t\t\t\t\t\t<div class=\"elementor-container elementor-column-gap-default\">\n\t\t\t\t\t<div class=\"elementor-column elementor-col-100 elementor-top-column elementor-element elementor-element-b375b95\" data-id=\"b375b95\" data-element_type=\"column\">\n\t\t\t<div class=\"elementor-widget-wrap elementor-element-populated\">\n\t\t\t\t\t\t<div class=\"elementor-element elementor-element-500114c elementor-widget elementor-widget-text-editor\" data-id=\"500114c\" data-element_type=\"widget\" data-widget_type=\"text-editor.default\">\n\t\t\t\t<div class=\"elementor-widget-container\">\n\t\t\t\t\t\t\t<h5>Produ\u00e7\u00e3o desenvolvida dentro da A\u00e7\u00e3o (BIO)Arte Sustentabilidade do Projeto MACT &#8211; Museu Arte Ci\u00eancia Tecnologia.<\/h5>\t\t\t\t\t\t<\/div>\n\t\t\t\t<\/div>\n\t\t\t\t\t<\/div>\n\t\t<\/div>\n\t\t\t\t\t<\/div>\n\t\t<\/section>\n\t\t\t\t<section class=\"elementor-section elementor-top-section elementor-element elementor-element-c6821e6 elementor-section-boxed elementor-section-height-default elementor-section-height-default\" data-id=\"c6821e6\" data-element_type=\"section\">\n\t\t\t\t\t\t<div class=\"elementor-container elementor-column-gap-default\">\n\t\t\t\t\t<div class=\"elementor-column elementor-col-100 elementor-top-column elementor-element elementor-element-827036c\" data-id=\"827036c\" data-element_type=\"column\">\n\t\t\t<div class=\"elementor-widget-wrap elementor-element-populated\">\n\t\t\t\t\t\t<div class=\"elementor-element elementor-element-49f3be9 elementor-widget elementor-widget-video\" data-id=\"49f3be9\" data-element_type=\"widget\" data-settings=\"{&quot;youtube_url&quot;:&quot;https:\\\/\\\/www.youtube.com\\\/watch?v=lT9MJL8pOVw#action=share&quot;,&quot;video_type&quot;:&quot;youtube&quot;,&quot;controls&quot;:&quot;yes&quot;}\" data-widget_type=\"video.default\">\n\t\t\t\t<div class=\"elementor-widget-container\">\n\t\t\t\t\t<div class=\"elementor-wrapper elementor-open-inline\">\n\t\t\t<div class=\"elementor-video\"><\/div>\t\t<\/div>\n\t\t\t\t<\/div>\n\t\t\t\t<\/div>\n\t\t\t\t\t<\/div>\n\t\t<\/div>\n\t\t\t\t\t<\/div>\n\t\t<\/section>\n\t\t\t\t<section class=\"elementor-section elementor-top-section elementor-element elementor-element-19a920b elementor-section-boxed elementor-section-height-default elementor-section-height-default\" data-id=\"19a920b\" data-element_type=\"section\">\n\t\t\t\t\t\t<div class=\"elementor-container elementor-column-gap-default\">\n\t\t\t\t\t<div class=\"elementor-column elementor-col-33 elementor-top-column elementor-element elementor-element-b90736d\" data-id=\"b90736d\" data-element_type=\"column\">\n\t\t\t<div class=\"elementor-widget-wrap elementor-element-populated\">\n\t\t\t\t\t\t<div class=\"elementor-element elementor-element-3a0e9ab elementor-widget elementor-widget-image\" data-id=\"3a0e9ab\" data-element_type=\"widget\" data-widget_type=\"image.default\">\n\t\t\t\t<div class=\"elementor-widget-container\">\n\t\t\t\t\t\t\t\t\t\t\t\t\t<img fetchpriority=\"high\" decoding=\"async\" width=\"1024\" height=\"683\" src=\"https:\/\/www.ufsm.br\/app\/uploads\/sites\/807\/2020\/02\/Acao-BioArte_2018_A-1024x683.jpg\" class=\"attachment-large size-large wp-image-579\" alt=\"\" srcset=\"https:\/\/www.ufsm.br\/app\/uploads\/sites\/807\/2020\/02\/Acao-BioArte_2018_A-1024x683.jpg 1024w, https:\/\/www.ufsm.br\/app\/uploads\/sites\/807\/2020\/02\/Acao-BioArte_2018_A-300x200.jpg 300w, https:\/\/www.ufsm.br\/app\/uploads\/sites\/807\/2020\/02\/Acao-BioArte_2018_A-768x512.jpg 768w, https:\/\/www.ufsm.br\/app\/uploads\/sites\/807\/2020\/02\/Acao-BioArte_2018_A-1536x1024.jpg 1536w, https:\/\/www.ufsm.br\/app\/uploads\/sites\/807\/2020\/02\/Acao-BioArte_2018_A-272x182.jpg 272w, https:\/\/www.ufsm.br\/app\/uploads\/sites\/807\/2020\/02\/Acao-BioArte_2018_A.jpg 1920w\" sizes=\"(max-width: 1024px) 100vw, 1024px\" \/>\t\t\t\t\t\t\t\t\t\t\t\t\t<\/div>\n\t\t\t\t<\/div>\n\t\t\t\t\t<\/div>\n\t\t<\/div>\n\t\t\t\t<div class=\"elementor-column elementor-col-33 elementor-top-column elementor-element elementor-element-dbf496f\" data-id=\"dbf496f\" data-element_type=\"column\">\n\t\t\t<div class=\"elementor-widget-wrap elementor-element-populated\">\n\t\t\t\t\t\t<div class=\"elementor-element elementor-element-91edf73 elementor-widget elementor-widget-image\" data-id=\"91edf73\" data-element_type=\"widget\" data-widget_type=\"image.default\">\n\t\t\t\t<div class=\"elementor-widget-container\">\n\t\t\t\t\t\t\t\t\t\t\t\t\t<img decoding=\"async\" width=\"1024\" height=\"683\" src=\"https:\/\/www.ufsm.br\/app\/uploads\/sites\/807\/2020\/02\/Acao-BioArte_2018_B-1024x683.jpg\" class=\"attachment-large size-large wp-image-580\" alt=\"\" srcset=\"https:\/\/www.ufsm.br\/app\/uploads\/sites\/807\/2020\/02\/Acao-BioArte_2018_B-1024x683.jpg 1024w, https:\/\/www.ufsm.br\/app\/uploads\/sites\/807\/2020\/02\/Acao-BioArte_2018_B-300x200.jpg 300w, https:\/\/www.ufsm.br\/app\/uploads\/sites\/807\/2020\/02\/Acao-BioArte_2018_B-768x512.jpg 768w, https:\/\/www.ufsm.br\/app\/uploads\/sites\/807\/2020\/02\/Acao-BioArte_2018_B-1536x1024.jpg 1536w, https:\/\/www.ufsm.br\/app\/uploads\/sites\/807\/2020\/02\/Acao-BioArte_2018_B-272x182.jpg 272w, https:\/\/www.ufsm.br\/app\/uploads\/sites\/807\/2020\/02\/Acao-BioArte_2018_B.jpg 1920w\" sizes=\"(max-width: 1024px) 100vw, 1024px\" \/>\t\t\t\t\t\t\t\t\t\t\t\t\t<\/div>\n\t\t\t\t<\/div>\n\t\t\t\t\t<\/div>\n\t\t<\/div>\n\t\t\t\t<div class=\"elementor-column elementor-col-33 elementor-top-column elementor-element elementor-element-6bdaac1\" data-id=\"6bdaac1\" data-element_type=\"column\">\n\t\t\t<div class=\"elementor-widget-wrap elementor-element-populated\">\n\t\t\t\t\t\t<div class=\"elementor-element elementor-element-74acf6c elementor-widget elementor-widget-image\" data-id=\"74acf6c\" data-element_type=\"widget\" data-widget_type=\"image.default\">\n\t\t\t\t<div class=\"elementor-widget-container\">\n\t\t\t\t\t\t\t\t\t\t\t\t\t<img decoding=\"async\" width=\"1024\" height=\"683\" src=\"https:\/\/www.ufsm.br\/app\/uploads\/sites\/807\/2020\/02\/Acao-BioArte_2018_C-1024x683.jpg\" class=\"attachment-large size-large wp-image-581\" alt=\"\" srcset=\"https:\/\/www.ufsm.br\/app\/uploads\/sites\/807\/2020\/02\/Acao-BioArte_2018_C-1024x683.jpg 1024w, https:\/\/www.ufsm.br\/app\/uploads\/sites\/807\/2020\/02\/Acao-BioArte_2018_C-300x200.jpg 300w, https:\/\/www.ufsm.br\/app\/uploads\/sites\/807\/2020\/02\/Acao-BioArte_2018_C-768x512.jpg 768w, https:\/\/www.ufsm.br\/app\/uploads\/sites\/807\/2020\/02\/Acao-BioArte_2018_C-1536x1024.jpg 1536w, https:\/\/www.ufsm.br\/app\/uploads\/sites\/807\/2020\/02\/Acao-BioArte_2018_C-272x182.jpg 272w, https:\/\/www.ufsm.br\/app\/uploads\/sites\/807\/2020\/02\/Acao-BioArte_2018_C.jpg 1920w\" sizes=\"(max-width: 1024px) 100vw, 1024px\" \/>\t\t\t\t\t\t\t\t\t\t\t\t\t<\/div>\n\t\t\t\t<\/div>\n\t\t\t\t\t<\/div>\n\t\t<\/div>\n\t\t\t\t\t<\/div>\n\t\t<\/section>\n\t\t\t\t<section class=\"elementor-section elementor-top-section elementor-element elementor-element-f8e29f1 elementor-section-boxed elementor-section-height-default elementor-section-height-default\" data-id=\"f8e29f1\" data-element_type=\"section\">\n\t\t\t\t\t\t<div class=\"elementor-container elementor-column-gap-default\">\n\t\t\t\t\t<div class=\"elementor-column elementor-col-100 elementor-top-column elementor-element elementor-element-b2bc667\" data-id=\"b2bc667\" data-element_type=\"column\">\n\t\t\t<div class=\"elementor-widget-wrap elementor-element-populated\">\n\t\t\t\t\t\t<div class=\"elementor-element elementor-element-9b6f375 elementor-widget elementor-widget-text-editor\" data-id=\"9b6f375\" data-element_type=\"widget\" data-widget_type=\"text-editor.default\">\n\t\t\t\t<div class=\"elementor-widget-container\">\n\t\t\t\t\t\t\t<table align=\"center\"><tbody><tr><td>Imagens | Walesca Timmen<\/td><\/tr><\/tbody><\/table>\t\t\t\t\t\t<\/div>\n\t\t\t\t<\/div>\n\t\t\t\t\t<\/div>\n\t\t<\/div>\n\t\t\t\t\t<\/div>\n\t\t<\/section>\n\t\t\t\t<section class=\"elementor-section elementor-top-section elementor-element elementor-element-125b712 elementor-section-boxed elementor-section-height-default elementor-section-height-default\" data-id=\"125b712\" data-element_type=\"section\">\n\t\t\t\t\t\t<div class=\"elementor-container elementor-column-gap-default\">\n\t\t\t\t\t<div class=\"elementor-column elementor-col-100 elementor-top-column elementor-element elementor-element-e4e1572\" data-id=\"e4e1572\" data-element_type=\"column\">\n\t\t\t<div class=\"elementor-widget-wrap elementor-element-populated\">\n\t\t\t\t\t\t<div class=\"elementor-element elementor-element-757a792 elementor-widget elementor-widget-image\" data-id=\"757a792\" data-element_type=\"widget\" data-widget_type=\"image.default\">\n\t\t\t\t<div class=\"elementor-widget-container\">\n\t\t\t\t\t\t\t\t\t\t\t\t\t<img loading=\"lazy\" decoding=\"async\" width=\"1920\" height=\"502\" src=\"https:\/\/www.ufsm.br\/app\/uploads\/sites\/807\/2020\/02\/Layout_Banner_Site_Bioarte-1.jpg\" class=\"attachment-2048x2048 size-2048x2048 wp-image-582\" alt=\"\" srcset=\"https:\/\/www.ufsm.br\/app\/uploads\/sites\/807\/2020\/02\/Layout_Banner_Site_Bioarte-1.jpg 1920w, https:\/\/www.ufsm.br\/app\/uploads\/sites\/807\/2020\/02\/Layout_Banner_Site_Bioarte-1-300x78.jpg 300w, https:\/\/www.ufsm.br\/app\/uploads\/sites\/807\/2020\/02\/Layout_Banner_Site_Bioarte-1-1024x268.jpg 1024w, https:\/\/www.ufsm.br\/app\/uploads\/sites\/807\/2020\/02\/Layout_Banner_Site_Bioarte-1-768x201.jpg 768w, https:\/\/www.ufsm.br\/app\/uploads\/sites\/807\/2020\/02\/Layout_Banner_Site_Bioarte-1-1536x402.jpg 1536w\" sizes=\"(max-width: 1920px) 100vw, 1920px\" \/>\t\t\t\t\t\t\t\t\t\t\t\t\t<\/div>\n\t\t\t\t<\/div>\n\t\t\t\t\t<\/div>\n\t\t<\/div>\n\t\t\t\t\t<\/div>\n\t\t<\/section>\n\t\t\t\t<\/div>\n\t\t","protected":false},"excerpt":{"rendered":"<p>Produ\u00e7\u00e3o desenvolvida em 360\u00ba dentro da A\u00e7\u00e3o (BIO)Arte Sustentabilidade do Projeto MACT &#8211; Museu Arte Ci\u00eancia Tecnologia. Recomenda-se a experi\u00eancia em \u00f3culos VR. Produ\u00e7\u00e3o desenvolvida dentro da A\u00e7\u00e3o (BIO)Arte Sustentabilidade do Projeto MACT &#8211; Museu Arte Ci\u00eancia Tecnologia. Imagens | Walesca Timmen<\/p>\n","protected":false},"author":1884,"featured_media":0,"parent":0,"menu_order":0,"comment_status":"closed","ping_status":"closed","template":"","meta":{"footnotes":""},"categories":[],"tags":[],"class_list":["post-576","page","type-page","status-publish","hentry"],"acf":[],"_links":{"self":[{"href":"https:\/\/www.ufsm.br\/museus\/arte-ciencia-tecnologia\/wp-json\/wp\/v2\/pages\/576","targetHints":{"allow":["GET"]}}],"collection":[{"href":"https:\/\/www.ufsm.br\/museus\/arte-ciencia-tecnologia\/wp-json\/wp\/v2\/pages"}],"about":[{"href":"https:\/\/www.ufsm.br\/museus\/arte-ciencia-tecnologia\/wp-json\/wp\/v2\/types\/page"}],"author":[{"embeddable":true,"href":"https:\/\/www.ufsm.br\/museus\/arte-ciencia-tecnologia\/wp-json\/wp\/v2\/users\/1884"}],"replies":[{"embeddable":true,"href":"https:\/\/www.ufsm.br\/museus\/arte-ciencia-tecnologia\/wp-json\/wp\/v2\/comments?post=576"}],"version-history":[{"count":0,"href":"https:\/\/www.ufsm.br\/museus\/arte-ciencia-tecnologia\/wp-json\/wp\/v2\/pages\/576\/revisions"}],"wp:attachment":[{"href":"https:\/\/www.ufsm.br\/museus\/arte-ciencia-tecnologia\/wp-json\/wp\/v2\/media?parent=576"}],"wp:term":[{"taxonomy":"category","embeddable":true,"href":"https:\/\/www.ufsm.br\/museus\/arte-ciencia-tecnologia\/wp-json\/wp\/v2\/categories?post=576"},{"taxonomy":"post_tag","embeddable":true,"href":"https:\/\/www.ufsm.br\/museus\/arte-ciencia-tecnologia\/wp-json\/wp\/v2\/tags?post=576"}],"curies":[{"name":"wp","href":"https:\/\/api.w.org\/{rel}","templated":true}]}}