{"id":592,"date":"2020-02-18T09:03:10","date_gmt":"2020-02-18T12:03:10","guid":{"rendered":"https:\/\/www.ufsm.br\/museus\/arte-ciencia-tecnologia\/?page_id=592"},"modified":"2021-08-20T10:38:56","modified_gmt":"2021-08-20T13:38:56","slug":"factors-3-0","status":"publish","type":"page","link":"https:\/\/www.ufsm.br\/museus\/arte-ciencia-tecnologia\/factors-3-0","title":{"rendered":"Neuroci\u00eancia e Arte"},"content":{"rendered":"\t\t<div data-elementor-type=\"wp-page\" data-elementor-id=\"592\" class=\"elementor elementor-592\">\n\t\t\t\t\t\t<section class=\"elementor-section elementor-top-section elementor-element elementor-element-3b55a54 elementor-section-boxed elementor-section-height-default elementor-section-height-default\" data-id=\"3b55a54\" data-element_type=\"section\">\n\t\t\t\t\t\t<div class=\"elementor-container elementor-column-gap-default\">\n\t\t\t\t\t<div class=\"elementor-column elementor-col-100 elementor-top-column elementor-element elementor-element-d9e0cf3\" data-id=\"d9e0cf3\" data-element_type=\"column\">\n\t\t\t<div class=\"elementor-widget-wrap elementor-element-populated\">\n\t\t\t\t\t\t<div class=\"elementor-element elementor-element-619a670 elementor-widget elementor-widget-image\" data-id=\"619a670\" data-element_type=\"widget\" data-widget_type=\"image.default\">\n\t\t\t\t<div class=\"elementor-widget-container\">\n\t\t\t\t\t\t\t\t\t\t\t\t\t<img decoding=\"async\" src=\"https:\/\/www.ufsm.br\/app\/uploads\/sites\/807\/elementor\/thumbs\/03FACT2016_Flyer-C-pbt2ratv52tketmea6lejt54ghv37omd5pi7qtx7z0.jpg\" title=\"03FACT2016_Flyer-C\" alt=\"03FACT2016_Flyer-C\" loading=\"lazy\" \/>\t\t\t\t\t\t\t\t\t\t\t\t\t<\/div>\n\t\t\t\t<\/div>\n\t\t\t\t\t<\/div>\n\t\t<\/div>\n\t\t\t\t\t<\/div>\n\t\t<\/section>\n\t\t\t\t<section class=\"elementor-section elementor-top-section elementor-element elementor-element-65f625c elementor-section-boxed elementor-section-height-default elementor-section-height-default\" data-id=\"65f625c\" data-element_type=\"section\">\n\t\t\t\t\t\t<div class=\"elementor-container elementor-column-gap-default\">\n\t\t\t\t\t<div class=\"elementor-column elementor-col-100 elementor-top-column elementor-element elementor-element-606e443\" data-id=\"606e443\" data-element_type=\"column\">\n\t\t\t<div class=\"elementor-widget-wrap elementor-element-populated\">\n\t\t\t\t\t\t<div class=\"elementor-element elementor-element-5eec57b elementor-widget elementor-widget-text-editor\" data-id=\"5eec57b\" data-element_type=\"widget\" data-widget_type=\"text-editor.default\">\n\t\t\t\t<div class=\"elementor-widget-container\">\n\t\t\t\t\t\t\t<p>A <b>A\u00e7\u00e3o Neuroci\u00eancia e Arte<\/b> est\u00e1 integrada ao&nbsp;<strong>Festival de Arte, Ci\u00eancia e Tecnologia <\/strong>em sua terceira edi\u00e7\u00e3o, neste ano os artistas convidados que participaram da mostra s\u00e3o: Carlos Donaduzzi, Fernando Codevilla &#8211; Fernando Krum &#8211; Rafael Berlezi, Fernando Velasquez, Mariela Yegueri, Raquel Zuanon, Raul Dotto, Rosangella Leote e T\u00e2nia Fraga.<\/p>\n<p>O Festival acontece de 31 de Agosto a 02 de Setembro de 2016, na Sala Cl\u00e1udio Carriconde, Cento de Artes e Letras, CAL \u2013 Pr\u00e9dio 40, UFSM.<\/p>\t\t\t\t\t\t<\/div>\n\t\t\t\t<\/div>\n\t\t\t\t\t<\/div>\n\t\t<\/div>\n\t\t\t\t\t<\/div>\n\t\t<\/section>\n\t\t\t\t<section class=\"elementor-section elementor-top-section elementor-element elementor-element-7b0a5e6 elementor-section-boxed elementor-section-height-default elementor-section-height-default\" data-id=\"7b0a5e6\" data-element_type=\"section\">\n\t\t\t\t\t\t<div class=\"elementor-container elementor-column-gap-default\">\n\t\t\t\t\t<div class=\"elementor-column elementor-col-100 elementor-top-column elementor-element elementor-element-015ac97\" data-id=\"015ac97\" data-element_type=\"column\">\n\t\t\t<div class=\"elementor-widget-wrap elementor-element-populated\">\n\t\t\t\t\t\t<div class=\"elementor-element elementor-element-946e7f5 elementor-widget elementor-widget-text-editor\" data-id=\"946e7f5\" data-element_type=\"widget\" data-widget_type=\"text-editor.default\">\n\t\t\t\t<div class=\"elementor-widget-container\">\n\t\t\t\t\t\t\t<h5><strong>FACTORS 3.0 \u2013 Neuroci\u00eancia e Arte: percep\u00e7\u00e3o como experi\u00eancia sens\u00edvel<\/strong><\/h5><p style=\"text-align: justify\">A concep\u00e7\u00e3o de neuroci\u00eancia direciona o argumento curatorial desta exposi\u00e7\u00e3o aoarticular projetos participativos, interativos, v\u00eddeos e performances no entrecruzamento da arte, ci\u00eancia e tecnologia. De um modo geral, a arte contempor\u00e2nea concentra suas for\u00e7as em desconstruir as experi\u00eancias perceptivas e sensoriais pr\u00e9-estabelecidas, e de um modo particular, a apropria\u00e7\u00e3o de novos dispositivos tecnol\u00f3gicos torna os modos de sentir a arte, extremamente flu\u00eddos. A neuroci\u00eancia se abre para um universo de complexidade, onde o corpo humano \u00e9 capaz de administrar nossa percep\u00e7\u00e3o da realidade, construindo uma rela\u00e7\u00e3o in\u00e9dita com o espa\u00e7o e o tempo maqu\u00ednicos. A contemporaneidade abre-se, portanto, como um campo para pesquisa da expans\u00e3o das percep\u00e7\u00f5es, dos limites das atividades cerebrais, das concep\u00e7\u00f5es do espa\u00e7o e tempo que s\u00e3o rompidas frente \u00e0s novas atividades sinest\u00e9sicas propiciadas pelas tecnologias. O que \u00e9 a realidade percebida? Qual o limite da espacialidade vivenciada? Como \u00e9 sentida a temporalidade? Os muitos n\u00f3s que alimentam as redes e conex\u00f5es que habitamos, criam uma inconst\u00e2ncia e uma intangibilidade que propiciam uma experi\u00eancia cont\u00ednua entre as interfaces digitais e o corpo humano.\u00a0 Para o Factors 3.0 foram selecionados artistas, cujos trabalhos dialogam de modo abrangente com o tema do\u00a0<strong>11\u00ba Simp\u00f3sio Arte Contempor\u00e2nea: \u201cNeuroci\u00eancia e Arte\u201d<\/strong>, e de modo espec\u00edfico com a percep\u00e7\u00e3o como uma experi\u00eancia sens\u00edvel.\u00a0<strong>Fernando Vel\u00e1zquez<\/strong>, com a performance audiovisual desenvolvida a partir de algoritmos generativos e redes neurais, Mindscapes (2011), explora a mem\u00f3ria e os modos de percep\u00e7\u00e3o por meio de paisagens relacionadas \u00e0 atividade cerebral, seus processos e fluxos.\u00a0<strong>Maria Manuela<\/strong>, em The Assessment (2016) aborda a mem\u00f3ria e a falta dela em pacientes com a doen\u00e7a de Alzheimer, atrav\u00e9s de experi\u00eancias cont\u00ednuas entre o fora e o dentro do corpo, entre diferentes subjetividades e seu contexto. Percep\u00e7\u00f5es diferenciadas s\u00e3o exploradas nos jardins propostos por duas artistas: em Jardim De Epicuro_2 (2014),\u00a0<strong>Tania Fraga<\/strong>\u00a0permite ao p\u00fablico experimentar e alterar, de acordo com sua atividade neural e seus estados emocionais, o ambiente em que est\u00e1 imerso, trazendo reflex\u00f5es sobre uma natureza que se extingue; em No fundo de tudo h\u00e1 um jardim (2012-2016),\u00a0<strong>Mariela Yeregui<\/strong>\u00a0chama aten\u00e7\u00e3o para jardins que surgem em lugares n\u00e3o prop\u00edcios, jardins intimistas que podem ampliar limites ao demarcar novos espa\u00e7os e territ\u00f3rios, conquistando tamb\u00e9m, o espa\u00e7o de outros indiv\u00edduos. Em Compress\u00e3o (2016),\u00a0<strong>Fernando Codevilla<\/strong>, em conjunto com\u00a0<strong>Fernando Krum<\/strong>\u00a0e\u00a0<strong>Rafael Berlezi<\/strong>, intensifica a ideia de um espa\u00e7o transformado em uma a\u00e7\u00e3o temporal, atrav\u00e9s de uma paisagem urbana que \u00e9 modificada de acordo com sinais sonoros produzidos durante a execu\u00e7\u00e3o de uma performance audiovisual. Ao refletir sobre diferentes percep\u00e7\u00f5es e experi\u00eancias propiciadas por dispositivos tecnol\u00f3gicos, dois artistas tratam da passividade e\/ou interfer\u00eancia do p\u00fablico em rela\u00e7\u00e3o a sua a\u00e7\u00e3o. Na obra N\u00e3o pare de assistir (2016), uma s\u00e9rie de fotografias em loop de\u00a0<strong>Carlos Donaduzzi<\/strong>, o artista busca ampliar a sensa\u00e7\u00e3o do estado de in\u00e9rcia em que se situa o espectador comum, diante de um aparelho televisivo, e como esse se subordina a um aparelho eletr\u00f4nico. No trabalho EmMeio (2016),\u00a0<strong>Raul Dotto<\/strong>\u00a0investiga o movimento de situar-se justamente entre dois distintos modos de a\u00e7\u00e3o: entre ser um participante envolvido com outros espectadores, ou apenas um observador passivo. Na aproxima\u00e7\u00e3o com a rob\u00f3tica,\u00a0<strong>Rosangella Leote<\/strong>\u00a0e\u00a0<strong>Daniel Seda<\/strong>\u00a0contrariam as expectativas de funcionamento de uma tecnologia em Inutilidade Mec\u00e2nica (2016), ao colocare um semiaut\u00f4mato como subordinado \u00e0 aproxima\u00e7\u00e3o de outros objetos ou pessoas, que interferem em seus movimentos. De modo distinto, em NeuroBodyGame (2010), a artista\u00a0<strong>Rachel Zuanon<\/strong>\u00a0propicia atrav\u00e9s de uma instala\u00e7\u00e3o interativa, que games e um computador vest\u00edvel possam reagir \u00e0 atividade cerebral do usu\u00e1rio no momento em que ele interage. Nesta terceira edi\u00e7\u00e3o do FACTORS, espera-se proporcionar ao p\u00fablico uma intera\u00e7\u00e3o com trabalhos art\u00edsticos que deslocam a percep\u00e7\u00e3o e a sensibilidade do homem em seu entorno mais imediato.<\/p><p style=\"text-align: justify\"><strong>Curadoria:<\/strong>\u00a0Nara Cristina Santos, Andrea Capssa, Giovanna Cassimiro, Manoela Vares.<\/p>\t\t\t\t\t\t<\/div>\n\t\t\t\t<\/div>\n\t\t\t\t\t<\/div>\n\t\t<\/div>\n\t\t\t\t\t<\/div>\n\t\t<\/section>\n\t\t\t\t<section class=\"elementor-section elementor-top-section elementor-element elementor-element-e5c01fa elementor-section-boxed elementor-section-height-default elementor-section-height-default\" data-id=\"e5c01fa\" data-element_type=\"section\">\n\t\t\t\t\t\t<div class=\"elementor-container elementor-column-gap-default\">\n\t\t\t\t\t<div class=\"elementor-column elementor-col-100 elementor-top-column elementor-element elementor-element-46f9733\" data-id=\"46f9733\" data-element_type=\"column\">\n\t\t\t<div class=\"elementor-widget-wrap elementor-element-populated\">\n\t\t\t\t\t\t<div class=\"elementor-element elementor-element-cc84bd9 elementor-widget elementor-widget-image\" data-id=\"cc84bd9\" data-element_type=\"widget\" data-widget_type=\"image.default\">\n\t\t\t\t<div class=\"elementor-widget-container\">\n\t\t\t\t\t\t\t\t\t\t\t\t\t<img fetchpriority=\"high\" decoding=\"async\" width=\"768\" height=\"432\" src=\"https:\/\/www.ufsm.br\/app\/uploads\/sites\/807\/2020\/02\/14232030_803105356499298_5066365258617475137_o-768x432.jpg\" class=\"attachment-medium_large size-medium_large wp-image-599\" alt=\"\" srcset=\"https:\/\/www.ufsm.br\/app\/uploads\/sites\/807\/2020\/02\/14232030_803105356499298_5066365258617475137_o-768x432.jpg 768w, https:\/\/www.ufsm.br\/app\/uploads\/sites\/807\/2020\/02\/14232030_803105356499298_5066365258617475137_o-300x169.jpg 300w, https:\/\/www.ufsm.br\/app\/uploads\/sites\/807\/2020\/02\/14232030_803105356499298_5066365258617475137_o-1024x577.jpg 1024w, https:\/\/www.ufsm.br\/app\/uploads\/sites\/807\/2020\/02\/14232030_803105356499298_5066365258617475137_o-1536x865.jpg 1536w, https:\/\/www.ufsm.br\/app\/uploads\/sites\/807\/2020\/02\/14232030_803105356499298_5066365258617475137_o.jpg 1920w\" sizes=\"(max-width: 768px) 100vw, 768px\" \/>\t\t\t\t\t\t\t\t\t\t\t\t\t<\/div>\n\t\t\t\t<\/div>\n\t\t\t\t\t<\/div>\n\t\t<\/div>\n\t\t\t\t\t<\/div>\n\t\t<\/section>\n\t\t\t\t<section class=\"elementor-section elementor-top-section elementor-element elementor-element-3b4366c elementor-section-boxed elementor-section-height-default elementor-section-height-default\" data-id=\"3b4366c\" data-element_type=\"section\">\n\t\t\t\t\t\t<div class=\"elementor-container elementor-column-gap-default\">\n\t\t\t\t\t<div class=\"elementor-column elementor-col-100 elementor-top-column elementor-element elementor-element-7fe560a\" data-id=\"7fe560a\" data-element_type=\"column\">\n\t\t\t<div class=\"elementor-widget-wrap elementor-element-populated\">\n\t\t\t\t\t\t<div class=\"elementor-element elementor-element-c5d4a8f elementor-widget elementor-widget-image\" data-id=\"c5d4a8f\" data-element_type=\"widget\" data-widget_type=\"image.default\">\n\t\t\t\t<div class=\"elementor-widget-container\">\n\t\t\t\t\t\t\t\t\t\t\t\t\t<img decoding=\"async\" width=\"768\" height=\"432\" src=\"https:\/\/www.ufsm.br\/app\/uploads\/sites\/807\/2020\/02\/14196047_803105123165988_8849787299318194530_o-768x432.jpg\" class=\"attachment-medium_large size-medium_large wp-image-598\" alt=\"\" srcset=\"https:\/\/www.ufsm.br\/app\/uploads\/sites\/807\/2020\/02\/14196047_803105123165988_8849787299318194530_o-768x432.jpg 768w, https:\/\/www.ufsm.br\/app\/uploads\/sites\/807\/2020\/02\/14196047_803105123165988_8849787299318194530_o-300x169.jpg 300w, https:\/\/www.ufsm.br\/app\/uploads\/sites\/807\/2020\/02\/14196047_803105123165988_8849787299318194530_o-1024x577.jpg 1024w, https:\/\/www.ufsm.br\/app\/uploads\/sites\/807\/2020\/02\/14196047_803105123165988_8849787299318194530_o-1536x865.jpg 1536w, https:\/\/www.ufsm.br\/app\/uploads\/sites\/807\/2020\/02\/14196047_803105123165988_8849787299318194530_o.jpg 1920w\" sizes=\"(max-width: 768px) 100vw, 768px\" \/>\t\t\t\t\t\t\t\t\t\t\t\t\t<\/div>\n\t\t\t\t<\/div>\n\t\t\t\t\t<\/div>\n\t\t<\/div>\n\t\t\t\t\t<\/div>\n\t\t<\/section>\n\t\t\t\t<section class=\"elementor-section elementor-top-section elementor-element elementor-element-51e38f6 elementor-section-boxed elementor-section-height-default elementor-section-height-default\" data-id=\"51e38f6\" data-element_type=\"section\">\n\t\t\t\t\t\t<div class=\"elementor-container elementor-column-gap-default\">\n\t\t\t\t\t<div class=\"elementor-column elementor-col-100 elementor-top-column elementor-element elementor-element-f39d06f\" data-id=\"f39d06f\" data-element_type=\"column\">\n\t\t\t<div class=\"elementor-widget-wrap elementor-element-populated\">\n\t\t\t\t\t\t<div class=\"elementor-element elementor-element-dd25d17 elementor-widget elementor-widget-image\" data-id=\"dd25d17\" data-element_type=\"widget\" data-widget_type=\"image.default\">\n\t\t\t\t<div class=\"elementor-widget-container\">\n\t\t\t\t\t\t\t\t\t\t\t\t\t<img decoding=\"async\" width=\"768\" height=\"432\" src=\"https:\/\/www.ufsm.br\/app\/uploads\/sites\/807\/2020\/02\/14232015_803105169832650_1037293740620746320_o-768x432.jpg\" class=\"attachment-medium_large size-medium_large wp-image-594\" alt=\"\" srcset=\"https:\/\/www.ufsm.br\/app\/uploads\/sites\/807\/2020\/02\/14232015_803105169832650_1037293740620746320_o-768x432.jpg 768w, https:\/\/www.ufsm.br\/app\/uploads\/sites\/807\/2020\/02\/14232015_803105169832650_1037293740620746320_o-300x169.jpg 300w, https:\/\/www.ufsm.br\/app\/uploads\/sites\/807\/2020\/02\/14232015_803105169832650_1037293740620746320_o-1024x577.jpg 1024w, https:\/\/www.ufsm.br\/app\/uploads\/sites\/807\/2020\/02\/14232015_803105169832650_1037293740620746320_o-1536x865.jpg 1536w, https:\/\/www.ufsm.br\/app\/uploads\/sites\/807\/2020\/02\/14232015_803105169832650_1037293740620746320_o.jpg 1920w\" sizes=\"(max-width: 768px) 100vw, 768px\" \/>\t\t\t\t\t\t\t\t\t\t\t\t\t<\/div>\n\t\t\t\t<\/div>\n\t\t\t\t\t<\/div>\n\t\t<\/div>\n\t\t\t\t\t<\/div>\n\t\t<\/section>\n\t\t\t\t<section class=\"elementor-section elementor-top-section elementor-element elementor-element-2124185 elementor-section-boxed elementor-section-height-default elementor-section-height-default\" data-id=\"2124185\" data-element_type=\"section\">\n\t\t\t\t\t\t<div class=\"elementor-container elementor-column-gap-default\">\n\t\t\t\t\t<div class=\"elementor-column elementor-col-100 elementor-top-column elementor-element elementor-element-716217a\" data-id=\"716217a\" data-element_type=\"column\">\n\t\t\t<div class=\"elementor-widget-wrap elementor-element-populated\">\n\t\t\t\t\t\t<div class=\"elementor-element elementor-element-7484558 elementor-widget elementor-widget-image\" data-id=\"7484558\" data-element_type=\"widget\" data-widget_type=\"image.default\">\n\t\t\t\t<div class=\"elementor-widget-container\">\n\t\t\t\t\t\t\t\t\t\t\t\t\t<img loading=\"lazy\" decoding=\"async\" width=\"768\" height=\"432\" src=\"https:\/\/www.ufsm.br\/app\/uploads\/sites\/807\/2020\/02\/14188647_803105316499302_297936930319516258_o-768x432.jpg\" class=\"attachment-medium_large size-medium_large wp-image-595\" alt=\"\" srcset=\"https:\/\/www.ufsm.br\/app\/uploads\/sites\/807\/2020\/02\/14188647_803105316499302_297936930319516258_o-768x432.jpg 768w, https:\/\/www.ufsm.br\/app\/uploads\/sites\/807\/2020\/02\/14188647_803105316499302_297936930319516258_o-300x169.jpg 300w, https:\/\/www.ufsm.br\/app\/uploads\/sites\/807\/2020\/02\/14188647_803105316499302_297936930319516258_o-1024x577.jpg 1024w, https:\/\/www.ufsm.br\/app\/uploads\/sites\/807\/2020\/02\/14188647_803105316499302_297936930319516258_o-1536x865.jpg 1536w, https:\/\/www.ufsm.br\/app\/uploads\/sites\/807\/2020\/02\/14188647_803105316499302_297936930319516258_o.jpg 1920w\" sizes=\"(max-width: 768px) 100vw, 768px\" \/>\t\t\t\t\t\t\t\t\t\t\t\t\t<\/div>\n\t\t\t\t<\/div>\n\t\t\t\t\t<\/div>\n\t\t<\/div>\n\t\t\t\t\t<\/div>\n\t\t<\/section>\n\t\t\t\t<section class=\"elementor-section elementor-top-section elementor-element elementor-element-48ba0ac elementor-section-boxed elementor-section-height-default elementor-section-height-default\" data-id=\"48ba0ac\" data-element_type=\"section\">\n\t\t\t\t\t\t<div class=\"elementor-container elementor-column-gap-default\">\n\t\t\t\t\t<div class=\"elementor-column elementor-col-100 elementor-top-column elementor-element elementor-element-9d013ff\" data-id=\"9d013ff\" data-element_type=\"column\">\n\t\t\t<div class=\"elementor-widget-wrap elementor-element-populated\">\n\t\t\t\t\t\t<div class=\"elementor-element elementor-element-0d54b41 elementor-widget elementor-widget-image\" data-id=\"0d54b41\" data-element_type=\"widget\" data-widget_type=\"image.default\">\n\t\t\t\t<div class=\"elementor-widget-container\">\n\t\t\t\t\t\t\t\t\t\t\t\t\t<img loading=\"lazy\" decoding=\"async\" width=\"768\" height=\"432\" src=\"https:\/\/www.ufsm.br\/app\/uploads\/sites\/807\/2020\/02\/14241529_803104619832705_3559519674744153812_o-768x432.jpg\" class=\"attachment-medium_large size-medium_large wp-image-596\" alt=\"\" srcset=\"https:\/\/www.ufsm.br\/app\/uploads\/sites\/807\/2020\/02\/14241529_803104619832705_3559519674744153812_o-768x432.jpg 768w, https:\/\/www.ufsm.br\/app\/uploads\/sites\/807\/2020\/02\/14241529_803104619832705_3559519674744153812_o-300x169.jpg 300w, https:\/\/www.ufsm.br\/app\/uploads\/sites\/807\/2020\/02\/14241529_803104619832705_3559519674744153812_o-1024x577.jpg 1024w, https:\/\/www.ufsm.br\/app\/uploads\/sites\/807\/2020\/02\/14241529_803104619832705_3559519674744153812_o-1536x865.jpg 1536w, https:\/\/www.ufsm.br\/app\/uploads\/sites\/807\/2020\/02\/14241529_803104619832705_3559519674744153812_o.jpg 1920w\" sizes=\"(max-width: 768px) 100vw, 768px\" \/>\t\t\t\t\t\t\t\t\t\t\t\t\t<\/div>\n\t\t\t\t<\/div>\n\t\t\t\t\t<\/div>\n\t\t<\/div>\n\t\t\t\t\t<\/div>\n\t\t<\/section>\n\t\t\t\t<section class=\"elementor-section elementor-top-section elementor-element elementor-element-01233f8 elementor-section-boxed elementor-section-height-default elementor-section-height-default\" data-id=\"01233f8\" data-element_type=\"section\">\n\t\t\t\t\t\t<div class=\"elementor-container elementor-column-gap-default\">\n\t\t\t\t\t<div class=\"elementor-column elementor-col-100 elementor-top-column elementor-element elementor-element-70a330c\" data-id=\"70a330c\" data-element_type=\"column\">\n\t\t\t<div class=\"elementor-widget-wrap elementor-element-populated\">\n\t\t\t\t\t\t<div class=\"elementor-element elementor-element-8fa2274 elementor-widget elementor-widget-image\" data-id=\"8fa2274\" data-element_type=\"widget\" data-widget_type=\"image.default\">\n\t\t\t\t<div class=\"elementor-widget-container\">\n\t\t\t\t\t\t\t\t\t\t\t\t\t<img loading=\"lazy\" decoding=\"async\" width=\"768\" height=\"432\" src=\"https:\/\/www.ufsm.br\/app\/uploads\/sites\/807\/2020\/02\/14138632_803104629832704_1374859286662458764_o-768x432.jpg\" class=\"attachment-medium_large size-medium_large wp-image-597\" alt=\"\" srcset=\"https:\/\/www.ufsm.br\/app\/uploads\/sites\/807\/2020\/02\/14138632_803104629832704_1374859286662458764_o-768x432.jpg 768w, https:\/\/www.ufsm.br\/app\/uploads\/sites\/807\/2020\/02\/14138632_803104629832704_1374859286662458764_o-300x169.jpg 300w, https:\/\/www.ufsm.br\/app\/uploads\/sites\/807\/2020\/02\/14138632_803104629832704_1374859286662458764_o-1024x577.jpg 1024w, https:\/\/www.ufsm.br\/app\/uploads\/sites\/807\/2020\/02\/14138632_803104629832704_1374859286662458764_o-1536x865.jpg 1536w, https:\/\/www.ufsm.br\/app\/uploads\/sites\/807\/2020\/02\/14138632_803104629832704_1374859286662458764_o.jpg 1920w\" sizes=\"(max-width: 768px) 100vw, 768px\" \/>\t\t\t\t\t\t\t\t\t\t\t\t\t<\/div>\n\t\t\t\t<\/div>\n\t\t\t\t\t<\/div>\n\t\t<\/div>\n\t\t\t\t\t<\/div>\n\t\t<\/section>\n\t\t\t\t<section class=\"elementor-section elementor-top-section elementor-element elementor-element-397770d elementor-section-boxed elementor-section-height-default elementor-section-height-default\" data-id=\"397770d\" data-element_type=\"section\">\n\t\t\t\t\t\t<div class=\"elementor-container elementor-column-gap-default\">\n\t\t\t\t\t<div class=\"elementor-column elementor-col-100 elementor-top-column elementor-element elementor-element-feb7d75\" data-id=\"feb7d75\" data-element_type=\"column\">\n\t\t\t<div class=\"elementor-widget-wrap elementor-element-populated\">\n\t\t\t\t\t\t<div class=\"elementor-element elementor-element-edce1f2 elementor-widget elementor-widget-text-editor\" data-id=\"edce1f2\" data-element_type=\"widget\" data-widget_type=\"text-editor.default\">\n\t\t\t\t<div class=\"elementor-widget-container\">\n\t\t\t\t\t\t\t<div class=\"item-page\"><div><p>\u00a0Imagens | Carlos Donaduzzi<\/p><\/div><\/div>\t\t\t\t\t\t<\/div>\n\t\t\t\t<\/div>\n\t\t\t\t\t<\/div>\n\t\t<\/div>\n\t\t\t\t\t<\/div>\n\t\t<\/section>\n\t\t\t\t<\/div>\n\t\t","protected":false},"excerpt":{"rendered":"<p>A A\u00e7\u00e3o Neuroci\u00eancia e Arte est\u00e1 integrada ao&nbsp;Festival de Arte, Ci\u00eancia e Tecnologia em sua terceira edi\u00e7\u00e3o, neste ano os artistas convidados que participaram da mostra s\u00e3o: Carlos Donaduzzi, Fernando Codevilla &#8211; Fernando Krum &#8211; Rafael Berlezi, Fernando Velasquez, Mariela Yegueri, Raquel Zuanon, Raul Dotto, Rosangella Leote e T\u00e2nia Fraga. O Festival acontece de 31 [&hellip;]<\/p>\n","protected":false},"author":1884,"featured_media":0,"parent":0,"menu_order":0,"comment_status":"closed","ping_status":"closed","template":"","meta":{"footnotes":""},"categories":[],"tags":[],"class_list":["post-592","page","type-page","status-publish","hentry"],"acf":[],"_links":{"self":[{"href":"https:\/\/www.ufsm.br\/museus\/arte-ciencia-tecnologia\/wp-json\/wp\/v2\/pages\/592","targetHints":{"allow":["GET"]}}],"collection":[{"href":"https:\/\/www.ufsm.br\/museus\/arte-ciencia-tecnologia\/wp-json\/wp\/v2\/pages"}],"about":[{"href":"https:\/\/www.ufsm.br\/museus\/arte-ciencia-tecnologia\/wp-json\/wp\/v2\/types\/page"}],"author":[{"embeddable":true,"href":"https:\/\/www.ufsm.br\/museus\/arte-ciencia-tecnologia\/wp-json\/wp\/v2\/users\/1884"}],"replies":[{"embeddable":true,"href":"https:\/\/www.ufsm.br\/museus\/arte-ciencia-tecnologia\/wp-json\/wp\/v2\/comments?post=592"}],"version-history":[{"count":0,"href":"https:\/\/www.ufsm.br\/museus\/arte-ciencia-tecnologia\/wp-json\/wp\/v2\/pages\/592\/revisions"}],"wp:attachment":[{"href":"https:\/\/www.ufsm.br\/museus\/arte-ciencia-tecnologia\/wp-json\/wp\/v2\/media?parent=592"}],"wp:term":[{"taxonomy":"category","embeddable":true,"href":"https:\/\/www.ufsm.br\/museus\/arte-ciencia-tecnologia\/wp-json\/wp\/v2\/categories?post=592"},{"taxonomy":"post_tag","embeddable":true,"href":"https:\/\/www.ufsm.br\/museus\/arte-ciencia-tecnologia\/wp-json\/wp\/v2\/tags?post=592"}],"curies":[{"name":"wp","href":"https:\/\/api.w.org\/{rel}","templated":true}]}}