{"id":600,"date":"2020-02-18T09:12:26","date_gmt":"2020-02-18T12:12:26","guid":{"rendered":"https:\/\/www.ufsm.br\/museus\/arte-ciencia-tecnologia\/?page_id=600"},"modified":"2021-08-20T10:38:38","modified_gmt":"2021-08-20T13:38:38","slug":"neuroarte-exposicao-itinerante-rio-grande-e-pelotas","status":"publish","type":"page","link":"https:\/\/www.ufsm.br\/museus\/arte-ciencia-tecnologia\/neuroarte-exposicao-itinerante-rio-grande-e-pelotas","title":{"rendered":"NEUROARTE &#8211; Exposi\u00e7\u00e3o Itinerante Rio Grande e Pelotas"},"content":{"rendered":"\t\t<div data-elementor-type=\"wp-page\" data-elementor-id=\"600\" class=\"elementor elementor-600\">\n\t\t\t\t\t\t<section class=\"elementor-section elementor-top-section elementor-element elementor-element-d52d6ef elementor-section-boxed elementor-section-height-default elementor-section-height-default\" data-id=\"d52d6ef\" data-element_type=\"section\">\n\t\t\t\t\t\t<div class=\"elementor-container elementor-column-gap-default\">\n\t\t\t\t\t<div class=\"elementor-column elementor-col-100 elementor-top-column elementor-element elementor-element-6e1e571\" data-id=\"6e1e571\" data-element_type=\"column\">\n\t\t\t<div class=\"elementor-widget-wrap elementor-element-populated\">\n\t\t\t\t\t\t<div class=\"elementor-element elementor-element-6670b9b elementor-widget elementor-widget-image\" data-id=\"6670b9b\" data-element_type=\"widget\" data-widget_type=\"image.default\">\n\t\t\t\t<div class=\"elementor-widget-container\">\n\t\t\t\t\t\t\t\t\t\t\t\t\t<img fetchpriority=\"high\" decoding=\"async\" width=\"1170\" height=\"308\" src=\"https:\/\/www.ufsm.br\/app\/uploads\/sites\/807\/2020\/02\/008.jpg\" class=\"attachment-full size-full wp-image-601\" alt=\"\" srcset=\"https:\/\/www.ufsm.br\/app\/uploads\/sites\/807\/2020\/02\/008.jpg 1170w, https:\/\/www.ufsm.br\/app\/uploads\/sites\/807\/2020\/02\/008-300x79.jpg 300w, https:\/\/www.ufsm.br\/app\/uploads\/sites\/807\/2020\/02\/008-1024x270.jpg 1024w, https:\/\/www.ufsm.br\/app\/uploads\/sites\/807\/2020\/02\/008-768x202.jpg 768w\" sizes=\"(max-width: 1170px) 100vw, 1170px\" \/>\t\t\t\t\t\t\t\t\t\t\t\t\t<\/div>\n\t\t\t\t<\/div>\n\t\t\t\t\t<\/div>\n\t\t<\/div>\n\t\t\t\t\t<\/div>\n\t\t<\/section>\n\t\t\t\t<section class=\"elementor-section elementor-top-section elementor-element elementor-element-f25b42f elementor-section-boxed elementor-section-height-default elementor-section-height-default\" data-id=\"f25b42f\" data-element_type=\"section\">\n\t\t\t\t\t\t<div class=\"elementor-container elementor-column-gap-default\">\n\t\t\t\t\t<div class=\"elementor-column elementor-col-100 elementor-top-column elementor-element elementor-element-f94c4e1\" data-id=\"f94c4e1\" data-element_type=\"column\">\n\t\t\t<div class=\"elementor-widget-wrap elementor-element-populated\">\n\t\t\t\t\t\t<div class=\"elementor-element elementor-element-7c3f31f elementor-widget elementor-widget-text-editor\" data-id=\"7c3f31f\" data-element_type=\"widget\" data-widget_type=\"text-editor.default\">\n\t\t\t\t<div class=\"elementor-widget-container\">\n\t\t\t\t\t\t\t<p>Imagem | Carlos Donaduzzi<\/p>\t\t\t\t\t\t<\/div>\n\t\t\t\t<\/div>\n\t\t\t\t\t<\/div>\n\t\t<\/div>\n\t\t\t\t\t<\/div>\n\t\t<\/section>\n\t\t\t\t<section class=\"elementor-section elementor-top-section elementor-element elementor-element-c2fcece elementor-section-boxed elementor-section-height-default elementor-section-height-default\" data-id=\"c2fcece\" data-element_type=\"section\">\n\t\t\t\t\t\t<div class=\"elementor-container elementor-column-gap-default\">\n\t\t\t\t\t<div class=\"elementor-column elementor-col-100 elementor-top-column elementor-element elementor-element-6ab58a8\" data-id=\"6ab58a8\" data-element_type=\"column\">\n\t\t\t<div class=\"elementor-widget-wrap elementor-element-populated\">\n\t\t\t\t\t\t<div class=\"elementor-element elementor-element-d13c044 elementor-widget elementor-widget-text-editor\" data-id=\"d13c044\" data-element_type=\"widget\" data-widget_type=\"text-editor.default\">\n\t\t\t\t<div class=\"elementor-widget-container\">\n\t\t\t\t\t\t\t<p>No m\u00eas de outubro de 2016 a exposi\u00e7\u00e3o itinerante\u00a0<strong>Neuroarte<\/strong>\u00a0excursionou pela regi\u00e3o sul do estado do Rio Grande do Sul.\u00a0A a\u00e7\u00e3o Neuroarte, do projeto Neuroarte: Museu Itinerante de Neuroci\u00eancia, Arte e Tecnologia, vinculado a Universidade Federal de Santa Maria\/UFSM levou aos campi da\u00a0<strong>Universidade Federal do Rio Grande &#8211; FURG<\/strong>\u00a0e a\u00a0<strong>Universidade Federal de Pelotas \u2013 UFPEL<\/strong>\u00a0alguns de seus m\u00f3dulos que promovem aproxima\u00e7\u00e3o do p\u00fablico com quest\u00f5es acerca da percep\u00e7\u00e3o, no \u00e2mbito da tecnologia, da ci\u00eancia e da arte.\u00a0Nas duas cidades, al\u00e9m da comunidade acad\u00eamica, as exposi\u00e7\u00f5es foram abertas para a popula\u00e7\u00e3o em geral, contando com a presen\u00e7a bastante significante de escolas p\u00fablicas que nos visitaram neste per\u00edodo.\u00a0<\/p>\t\t\t\t\t\t<\/div>\n\t\t\t\t<\/div>\n\t\t\t\t\t<\/div>\n\t\t<\/div>\n\t\t\t\t\t<\/div>\n\t\t<\/section>\n\t\t\t\t<section class=\"elementor-section elementor-top-section elementor-element elementor-element-f02c6e3 elementor-section-boxed elementor-section-height-default elementor-section-height-default\" data-id=\"f02c6e3\" data-element_type=\"section\">\n\t\t\t\t\t\t<div class=\"elementor-container elementor-column-gap-default\">\n\t\t\t\t\t<div class=\"elementor-column elementor-col-100 elementor-top-column elementor-element elementor-element-ab73ba6\" data-id=\"ab73ba6\" data-element_type=\"column\">\n\t\t\t<div class=\"elementor-widget-wrap elementor-element-populated\">\n\t\t\t\t\t\t<div class=\"elementor-element elementor-element-5f02545 elementor-widget elementor-widget-image\" data-id=\"5f02545\" data-element_type=\"widget\" data-widget_type=\"image.default\">\n\t\t\t\t<div class=\"elementor-widget-container\">\n\t\t\t\t\t\t\t\t\t\t\t\t\t<img decoding=\"async\" width=\"450\" height=\"630\" src=\"https:\/\/www.ufsm.br\/app\/uploads\/sites\/807\/2020\/02\/14542559_1030296690401269_6409181788414640718_o.jpg\" class=\"attachment-medium_large size-medium_large wp-image-602\" alt=\"\" srcset=\"https:\/\/www.ufsm.br\/app\/uploads\/sites\/807\/2020\/02\/14542559_1030296690401269_6409181788414640718_o.jpg 450w, https:\/\/www.ufsm.br\/app\/uploads\/sites\/807\/2020\/02\/14542559_1030296690401269_6409181788414640718_o-214x300.jpg 214w\" sizes=\"(max-width: 450px) 100vw, 450px\" \/>\t\t\t\t\t\t\t\t\t\t\t\t\t<\/div>\n\t\t\t\t<\/div>\n\t\t\t\t\t<\/div>\n\t\t<\/div>\n\t\t\t\t\t<\/div>\n\t\t<\/section>\n\t\t\t\t<section class=\"elementor-section elementor-top-section elementor-element elementor-element-65eb887 elementor-section-boxed elementor-section-height-default elementor-section-height-default\" data-id=\"65eb887\" data-element_type=\"section\">\n\t\t\t\t\t\t<div class=\"elementor-container elementor-column-gap-default\">\n\t\t\t\t\t<div class=\"elementor-column elementor-col-100 elementor-top-column elementor-element elementor-element-61439ba\" data-id=\"61439ba\" data-element_type=\"column\">\n\t\t\t<div class=\"elementor-widget-wrap elementor-element-populated\">\n\t\t\t\t\t\t<div class=\"elementor-element elementor-element-bfaf098 elementor-widget elementor-widget-text-editor\" data-id=\"bfaf098\" data-element_type=\"widget\" data-widget_type=\"text-editor.default\">\n\t\t\t\t<div class=\"elementor-widget-container\">\n\t\t\t\t\t\t\t<p style=\"text-align: center\"><strong>Rio Grande<\/strong><\/p><p style=\"text-align: center\">Dias 19 e 20 de outubro de 2016<\/p><p style=\"text-align: center\">CIDEC SUL &#8211; FURG<\/p>\t\t\t\t\t\t<\/div>\n\t\t\t\t<\/div>\n\t\t\t\t\t<\/div>\n\t\t<\/div>\n\t\t\t\t\t<\/div>\n\t\t<\/section>\n\t\t\t\t<section class=\"elementor-section elementor-top-section elementor-element elementor-element-39137f4 elementor-section-boxed elementor-section-height-default elementor-section-height-default\" data-id=\"39137f4\" data-element_type=\"section\">\n\t\t\t\t\t\t<div class=\"elementor-container elementor-column-gap-default\">\n\t\t\t\t\t<div class=\"elementor-column elementor-col-100 elementor-top-column elementor-element elementor-element-6300f4f\" data-id=\"6300f4f\" data-element_type=\"column\">\n\t\t\t<div class=\"elementor-widget-wrap elementor-element-populated\">\n\t\t\t\t\t\t<div class=\"elementor-element elementor-element-db9b08f elementor-widget elementor-widget-image\" data-id=\"db9b08f\" data-element_type=\"widget\" data-widget_type=\"image.default\">\n\t\t\t\t<div class=\"elementor-widget-container\">\n\t\t\t\t\t\t\t\t\t\t\t\t\t<img decoding=\"async\" width=\"700\" height=\"525\" src=\"https:\/\/www.ufsm.br\/app\/uploads\/sites\/807\/2020\/02\/14680945_1035035969927341_6448856437082890866_o.jpg\" class=\"attachment-medium_large size-medium_large wp-image-603\" alt=\"\" srcset=\"https:\/\/www.ufsm.br\/app\/uploads\/sites\/807\/2020\/02\/14680945_1035035969927341_6448856437082890866_o.jpg 700w, https:\/\/www.ufsm.br\/app\/uploads\/sites\/807\/2020\/02\/14680945_1035035969927341_6448856437082890866_o-300x225.jpg 300w\" sizes=\"(max-width: 700px) 100vw, 700px\" \/>\t\t\t\t\t\t\t\t\t\t\t\t\t<\/div>\n\t\t\t\t<\/div>\n\t\t\t\t\t<\/div>\n\t\t<\/div>\n\t\t\t\t\t<\/div>\n\t\t<\/section>\n\t\t\t\t<section class=\"elementor-section elementor-top-section elementor-element elementor-element-2ebd04e elementor-section-boxed elementor-section-height-default elementor-section-height-default\" data-id=\"2ebd04e\" data-element_type=\"section\">\n\t\t\t\t\t\t<div class=\"elementor-container elementor-column-gap-default\">\n\t\t\t\t\t<div class=\"elementor-column elementor-col-100 elementor-top-column elementor-element elementor-element-38e26d4\" data-id=\"38e26d4\" data-element_type=\"column\">\n\t\t\t<div class=\"elementor-widget-wrap elementor-element-populated\">\n\t\t\t\t\t\t<div class=\"elementor-element elementor-element-7de64e3 elementor-widget elementor-widget-image\" data-id=\"7de64e3\" data-element_type=\"widget\" data-widget_type=\"image.default\">\n\t\t\t\t<div class=\"elementor-widget-container\">\n\t\t\t\t\t\t\t\t\t\t\t\t\t<img loading=\"lazy\" decoding=\"async\" width=\"700\" height=\"525\" src=\"https:\/\/www.ufsm.br\/app\/uploads\/sites\/807\/2020\/02\/14680840_1035035603260711_5810954940103932536_o.jpg\" class=\"attachment-large size-large wp-image-604\" alt=\"\" srcset=\"https:\/\/www.ufsm.br\/app\/uploads\/sites\/807\/2020\/02\/14680840_1035035603260711_5810954940103932536_o.jpg 700w, https:\/\/www.ufsm.br\/app\/uploads\/sites\/807\/2020\/02\/14680840_1035035603260711_5810954940103932536_o-300x225.jpg 300w\" sizes=\"(max-width: 700px) 100vw, 700px\" \/>\t\t\t\t\t\t\t\t\t\t\t\t\t<\/div>\n\t\t\t\t<\/div>\n\t\t\t\t\t<\/div>\n\t\t<\/div>\n\t\t\t\t\t<\/div>\n\t\t<\/section>\n\t\t\t\t<section class=\"elementor-section elementor-top-section elementor-element elementor-element-191b598 elementor-section-boxed elementor-section-height-default elementor-section-height-default\" data-id=\"191b598\" data-element_type=\"section\">\n\t\t\t\t\t\t<div class=\"elementor-container elementor-column-gap-default\">\n\t\t\t\t\t<div class=\"elementor-column elementor-col-100 elementor-top-column elementor-element elementor-element-63c5e2f\" data-id=\"63c5e2f\" data-element_type=\"column\">\n\t\t\t<div class=\"elementor-widget-wrap elementor-element-populated\">\n\t\t\t\t\t\t<div class=\"elementor-element elementor-element-17cd13d elementor-widget elementor-widget-image\" data-id=\"17cd13d\" data-element_type=\"widget\" data-widget_type=\"image.default\">\n\t\t\t\t<div class=\"elementor-widget-container\">\n\t\t\t\t\t\t\t\t\t\t\t\t\t<img loading=\"lazy\" decoding=\"async\" width=\"700\" height=\"525\" src=\"https:\/\/www.ufsm.br\/app\/uploads\/sites\/807\/2020\/02\/14680816_1035035686594036_9197241785236833298_o.jpg\" class=\"attachment-large size-large wp-image-605\" alt=\"\" srcset=\"https:\/\/www.ufsm.br\/app\/uploads\/sites\/807\/2020\/02\/14680816_1035035686594036_9197241785236833298_o.jpg 700w, https:\/\/www.ufsm.br\/app\/uploads\/sites\/807\/2020\/02\/14680816_1035035686594036_9197241785236833298_o-300x225.jpg 300w\" sizes=\"(max-width: 700px) 100vw, 700px\" \/>\t\t\t\t\t\t\t\t\t\t\t\t\t<\/div>\n\t\t\t\t<\/div>\n\t\t\t\t\t<\/div>\n\t\t<\/div>\n\t\t\t\t\t<\/div>\n\t\t<\/section>\n\t\t\t\t<section class=\"elementor-section elementor-top-section elementor-element elementor-element-9d12b87 elementor-section-boxed elementor-section-height-default elementor-section-height-default\" data-id=\"9d12b87\" data-element_type=\"section\">\n\t\t\t\t\t\t<div class=\"elementor-container elementor-column-gap-default\">\n\t\t\t\t\t<div class=\"elementor-column elementor-col-100 elementor-top-column elementor-element elementor-element-5579868\" data-id=\"5579868\" data-element_type=\"column\">\n\t\t\t<div class=\"elementor-widget-wrap elementor-element-populated\">\n\t\t\t\t\t\t<div class=\"elementor-element elementor-element-d158a09 elementor-widget elementor-widget-text-editor\" data-id=\"d158a09\" data-element_type=\"widget\" data-widget_type=\"text-editor.default\">\n\t\t\t\t<div class=\"elementor-widget-container\">\n\t\t\t\t\t\t\t<p style=\"text-align: center\"><strong>Pelotas<\/strong><\/p><p style=\"text-align: center\">Dia 21 de outubro de 2016<\/p><p style=\"text-align: center\">Campus Porto &#8211; UFPEL<\/p>\t\t\t\t\t\t<\/div>\n\t\t\t\t<\/div>\n\t\t\t\t\t<\/div>\n\t\t<\/div>\n\t\t\t\t\t<\/div>\n\t\t<\/section>\n\t\t\t\t<section class=\"elementor-section elementor-top-section elementor-element elementor-element-21eb399 elementor-section-boxed elementor-section-height-default elementor-section-height-default\" data-id=\"21eb399\" data-element_type=\"section\">\n\t\t\t\t\t\t<div class=\"elementor-container elementor-column-gap-default\">\n\t\t\t\t\t<div class=\"elementor-column elementor-col-100 elementor-top-column elementor-element elementor-element-c8a737a\" data-id=\"c8a737a\" data-element_type=\"column\">\n\t\t\t<div class=\"elementor-widget-wrap elementor-element-populated\">\n\t\t\t\t\t\t<div class=\"elementor-element elementor-element-5c71ec9 elementor-widget elementor-widget-image\" data-id=\"5c71ec9\" data-element_type=\"widget\" data-widget_type=\"image.default\">\n\t\t\t\t<div class=\"elementor-widget-container\">\n\t\t\t\t\t\t\t\t\t\t\t\t\t<img loading=\"lazy\" decoding=\"async\" width=\"700\" height=\"525\" src=\"https:\/\/www.ufsm.br\/app\/uploads\/sites\/807\/2020\/02\/14680957_1035040146593590_4744836145621430643_o.jpg\" class=\"attachment-large size-large wp-image-606\" alt=\"\" srcset=\"https:\/\/www.ufsm.br\/app\/uploads\/sites\/807\/2020\/02\/14680957_1035040146593590_4744836145621430643_o.jpg 700w, https:\/\/www.ufsm.br\/app\/uploads\/sites\/807\/2020\/02\/14680957_1035040146593590_4744836145621430643_o-300x225.jpg 300w\" sizes=\"(max-width: 700px) 100vw, 700px\" \/>\t\t\t\t\t\t\t\t\t\t\t\t\t<\/div>\n\t\t\t\t<\/div>\n\t\t\t\t\t<\/div>\n\t\t<\/div>\n\t\t\t\t\t<\/div>\n\t\t<\/section>\n\t\t\t\t<section class=\"elementor-section elementor-top-section elementor-element elementor-element-c245086 elementor-section-boxed elementor-section-height-default elementor-section-height-default\" data-id=\"c245086\" data-element_type=\"section\">\n\t\t\t\t\t\t<div class=\"elementor-container elementor-column-gap-default\">\n\t\t\t\t\t<div class=\"elementor-column elementor-col-100 elementor-top-column elementor-element elementor-element-d6fc768\" data-id=\"d6fc768\" data-element_type=\"column\">\n\t\t\t<div class=\"elementor-widget-wrap elementor-element-populated\">\n\t\t\t\t\t\t<div class=\"elementor-element elementor-element-a2c77e1 elementor-widget elementor-widget-image\" data-id=\"a2c77e1\" data-element_type=\"widget\" data-widget_type=\"image.default\">\n\t\t\t\t<div class=\"elementor-widget-container\">\n\t\t\t\t\t\t\t\t\t\t\t\t\t<img loading=\"lazy\" decoding=\"async\" width=\"700\" height=\"525\" src=\"https:\/\/www.ufsm.br\/app\/uploads\/sites\/807\/2020\/02\/14691430_1035039556593649_6976208443862786260_o.jpg\" class=\"attachment-large size-large wp-image-607\" alt=\"\" srcset=\"https:\/\/www.ufsm.br\/app\/uploads\/sites\/807\/2020\/02\/14691430_1035039556593649_6976208443862786260_o.jpg 700w, https:\/\/www.ufsm.br\/app\/uploads\/sites\/807\/2020\/02\/14691430_1035039556593649_6976208443862786260_o-300x225.jpg 300w\" sizes=\"(max-width: 700px) 100vw, 700px\" \/>\t\t\t\t\t\t\t\t\t\t\t\t\t<\/div>\n\t\t\t\t<\/div>\n\t\t\t\t\t<\/div>\n\t\t<\/div>\n\t\t\t\t\t<\/div>\n\t\t<\/section>\n\t\t\t\t<section class=\"elementor-section elementor-top-section elementor-element elementor-element-a4f9f95 elementor-section-boxed elementor-section-height-default elementor-section-height-default\" data-id=\"a4f9f95\" data-element_type=\"section\">\n\t\t\t\t\t\t<div class=\"elementor-container elementor-column-gap-default\">\n\t\t\t\t\t<div class=\"elementor-column elementor-col-100 elementor-top-column elementor-element elementor-element-75e4f62\" data-id=\"75e4f62\" data-element_type=\"column\">\n\t\t\t<div class=\"elementor-widget-wrap elementor-element-populated\">\n\t\t\t\t\t\t<div class=\"elementor-element elementor-element-940a6ff elementor-widget elementor-widget-image\" data-id=\"940a6ff\" data-element_type=\"widget\" data-widget_type=\"image.default\">\n\t\t\t\t<div class=\"elementor-widget-container\">\n\t\t\t\t\t\t\t\t\t\t\t\t\t<img loading=\"lazy\" decoding=\"async\" width=\"700\" height=\"525\" src=\"https:\/\/www.ufsm.br\/app\/uploads\/sites\/807\/2020\/02\/14711203_1035040463260225_5795249393713443403_o.jpg\" class=\"attachment-large size-large wp-image-608\" alt=\"\" srcset=\"https:\/\/www.ufsm.br\/app\/uploads\/sites\/807\/2020\/02\/14711203_1035040463260225_5795249393713443403_o.jpg 700w, https:\/\/www.ufsm.br\/app\/uploads\/sites\/807\/2020\/02\/14711203_1035040463260225_5795249393713443403_o-300x225.jpg 300w\" sizes=\"(max-width: 700px) 100vw, 700px\" \/>\t\t\t\t\t\t\t\t\t\t\t\t\t<\/div>\n\t\t\t\t<\/div>\n\t\t\t\t\t<\/div>\n\t\t<\/div>\n\t\t\t\t\t<\/div>\n\t\t<\/section>\n\t\t\t\t<section class=\"elementor-section elementor-top-section elementor-element elementor-element-596e372 elementor-section-boxed elementor-section-height-default elementor-section-height-default\" data-id=\"596e372\" data-element_type=\"section\">\n\t\t\t\t\t\t<div class=\"elementor-container elementor-column-gap-default\">\n\t\t\t\t\t<div class=\"elementor-column elementor-col-100 elementor-top-column elementor-element elementor-element-99345ed\" data-id=\"99345ed\" data-element_type=\"column\">\n\t\t\t<div class=\"elementor-widget-wrap elementor-element-populated\">\n\t\t\t\t\t\t<div class=\"elementor-element elementor-element-f3dd5ee elementor-widget elementor-widget-text-editor\" data-id=\"f3dd5ee\" data-element_type=\"widget\" data-widget_type=\"text-editor.default\">\n\t\t\t\t<div class=\"elementor-widget-container\">\n\t\t\t\t\t\t\t<div><strong>Curadoria<\/strong>:<\/div><div>Museu Arte Ci\u00eancia Tecnologia<\/div><div>Nara Cristina Santos LABART\/PPGART\/UFSM<\/div><div>Maria Rosa Chitolina Schetinger ENZITOX\/PPGBTOX\/UFSM<\/div><p><strong>Coordenador da a\u00e7\u00e3o Neuroarte<\/strong>: Jessi\u00e9 Gutierres<br \/><strong>Comiss\u00e3o organizadora<\/strong>: Carlos Donaduzzi (Bolsista DTI-B\/CNPq), Laryssa Machado (Bolsista FIEX\/UFSM)<\/p><p><strong>Artista Convidado<\/strong>: Marcelo Birck (UFSM &#8211; M\u00fasica e tecnologia)<\/p>\t\t\t\t\t\t<\/div>\n\t\t\t\t<\/div>\n\t\t\t\t\t<\/div>\n\t\t<\/div>\n\t\t\t\t\t<\/div>\n\t\t<\/section>\n\t\t\t\t<\/div>\n\t\t","protected":false},"excerpt":{"rendered":"<p>Imagem | Carlos Donaduzzi No m\u00eas de outubro de 2016 a exposi\u00e7\u00e3o itinerante&nbsp;Neuroarte&nbsp;excursionou pela regi\u00e3o sul do estado do Rio Grande do Sul.&nbsp;A a\u00e7\u00e3o Neuroarte, do projeto Neuroarte: Museu Itinerante de Neuroci\u00eancia, Arte e Tecnologia, vinculado a Universidade Federal de Santa Maria\/UFSM levou aos campi da&nbsp;Universidade Federal do Rio Grande &#8211; FURG&nbsp;e a&nbsp;Universidade Federal de [&hellip;]<\/p>\n","protected":false},"author":1884,"featured_media":0,"parent":0,"menu_order":0,"comment_status":"closed","ping_status":"closed","template":"","meta":{"footnotes":""},"categories":[],"tags":[],"class_list":["post-600","page","type-page","status-publish","hentry"],"acf":[],"_links":{"self":[{"href":"https:\/\/www.ufsm.br\/museus\/arte-ciencia-tecnologia\/wp-json\/wp\/v2\/pages\/600","targetHints":{"allow":["GET"]}}],"collection":[{"href":"https:\/\/www.ufsm.br\/museus\/arte-ciencia-tecnologia\/wp-json\/wp\/v2\/pages"}],"about":[{"href":"https:\/\/www.ufsm.br\/museus\/arte-ciencia-tecnologia\/wp-json\/wp\/v2\/types\/page"}],"author":[{"embeddable":true,"href":"https:\/\/www.ufsm.br\/museus\/arte-ciencia-tecnologia\/wp-json\/wp\/v2\/users\/1884"}],"replies":[{"embeddable":true,"href":"https:\/\/www.ufsm.br\/museus\/arte-ciencia-tecnologia\/wp-json\/wp\/v2\/comments?post=600"}],"version-history":[{"count":0,"href":"https:\/\/www.ufsm.br\/museus\/arte-ciencia-tecnologia\/wp-json\/wp\/v2\/pages\/600\/revisions"}],"wp:attachment":[{"href":"https:\/\/www.ufsm.br\/museus\/arte-ciencia-tecnologia\/wp-json\/wp\/v2\/media?parent=600"}],"wp:term":[{"taxonomy":"category","embeddable":true,"href":"https:\/\/www.ufsm.br\/museus\/arte-ciencia-tecnologia\/wp-json\/wp\/v2\/categories?post=600"},{"taxonomy":"post_tag","embeddable":true,"href":"https:\/\/www.ufsm.br\/museus\/arte-ciencia-tecnologia\/wp-json\/wp\/v2\/tags?post=600"}],"curies":[{"name":"wp","href":"https:\/\/api.w.org\/{rel}","templated":true}]}}