{"id":38,"date":"2024-10-09T10:24:46","date_gmt":"2024-10-09T13:24:46","guid":{"rendered":"https:\/\/www.ufsm.br\/museus\/gamadeca\/?page_id=38"},"modified":"2024-11-13T10:16:41","modified_gmt":"2024-11-13T13:16:41","slug":"extensao","status":"publish","type":"page","link":"https:\/\/www.ufsm.br\/museus\/gamadeca\/extensao","title":{"rendered":"Ensino e Extens\u00e3o"},"content":{"rendered":"\t\t<div data-elementor-type=\"wp-page\" data-elementor-id=\"38\" class=\"elementor elementor-38\">\n\t\t\t\t\t\t<section class=\"elementor-section elementor-top-section elementor-element elementor-element-9eef4a0 elementor-section-boxed elementor-section-height-default elementor-section-height-default\" data-id=\"9eef4a0\" data-element_type=\"section\">\n\t\t\t\t\t\t<div class=\"elementor-container elementor-column-gap-default\">\n\t\t\t\t\t<div class=\"elementor-column elementor-col-66 elementor-top-column elementor-element elementor-element-29c922b\" data-id=\"29c922b\" data-element_type=\"column\">\n\t\t\t<div class=\"elementor-widget-wrap elementor-element-populated\">\n\t\t\t\t\t\t<div class=\"elementor-element elementor-element-8632f61 elementor-widget elementor-widget-text-editor\" data-id=\"8632f61\" data-element_type=\"widget\" data-widget_type=\"text-editor.default\">\n\t\t\t\t<div class=\"elementor-widget-container\">\n\t\t\t\t\t\t\t<h2><span style=\"color: #003366;text-align: var(--bs-body-text-align)\">Extens\u00e3o<\/span><\/h2><div><span style=\"color: #003366;text-align: var(--bs-body-text-align)\">\u00a0<\/span><\/div><div><span style=\"font-weight: bolder;text-align: var(--bs-body-text-align)\">PRESERVA\u00c7\u00c3O E COMUNICA\u00c7\u00c3O NO MUSEU EDUCATIVO GAMA D\u2019E\u00c7A<\/span><\/div><p style=\"color: #000000;font-size: 16px\">Coordenador: Bernardo Duque de Paula (Divis\u00e3o de Museus\/UFSM)<\/p><p>.<\/p>\t\t\t\t\t\t<\/div>\n\t\t\t\t<\/div>\n\t\t\t\t\t<\/div>\n\t\t<\/div>\n\t\t\t\t<div class=\"elementor-column elementor-col-33 elementor-top-column elementor-element elementor-element-0a7268b\" data-id=\"0a7268b\" data-element_type=\"column\">\n\t\t\t<div class=\"elementor-widget-wrap\">\n\t\t\t\t\t\t\t<\/div>\n\t\t<\/div>\n\t\t\t\t\t<\/div>\n\t\t<\/section>\n\t\t\t\t<section class=\"elementor-section elementor-top-section elementor-element elementor-element-ce2ee42 elementor-section-boxed elementor-section-height-default elementor-section-height-default\" data-id=\"ce2ee42\" data-element_type=\"section\">\n\t\t\t\t\t\t<div class=\"elementor-container elementor-column-gap-default\">\n\t\t\t\t\t<div class=\"elementor-column elementor-col-66 elementor-top-column elementor-element elementor-element-f24efd7\" data-id=\"f24efd7\" data-element_type=\"column\">\n\t\t\t<div class=\"elementor-widget-wrap elementor-element-populated\">\n\t\t\t\t\t\t<div class=\"elementor-element elementor-element-2e6c162 elementor-widget elementor-widget-text-editor\" data-id=\"2e6c162\" data-element_type=\"widget\" data-widget_type=\"text-editor.default\">\n\t\t\t\t<div class=\"elementor-widget-container\">\n\t\t\t\t\t\t\t<h2><span style=\"color: #003366;text-align: var(--bs-body-text-align)\">Projetos Parceiros: Extens\u00e3o<\/span><\/h2><div style=\"text-align: justify\"><span style=\"color: #003366\">\u00a0<\/span><\/div><p style=\"text-align: justify\"><span style=\"color: #000000\"><strong><span id=\"m_7836422642940850009m_4065847231502101804m_-7685995814587151309gmail-OutFieldTag_st2K4wnSxGHRK7T7\" aria-labelledby=\"OutFieldTag_st2K4wnSxGHRK7T7_label\">MUSEU EDUCATIVO GAMA D\u2019E\u00c7A: SIMBIOSES E MEDIA\u00c7\u00d5ES ENTRE ARTE, HIST\u00d3RIA, UNIVERSIDADE E COMUNIDADE INFANTIL<\/span><\/strong><span id=\"m_7836422642940850009m_4065847231502101804m_-7685995814587151309gmail-OutFieldTag_st2K4wnSxGHRK7T7\" aria-labelledby=\"OutFieldTag_st2K4wnSxGHRK7T7_label\">\u00a0<\/span><\/span><\/p><p style=\"text-align: justify\"><span style=\"color: #000000\"><span aria-labelledby=\"OutFieldTag_st2K4wnSxGHRK7T7_label\">Coordenadora: <\/span>Tatiane de Oliveira Elia (Departamento de Artes Visuais\/UFSM)<\/span><\/p><p style=\"text-align: justify\"><span style=\"color: #000000\"><strong>\u00a0 \u00a0\u00a0<\/strong><\/span><\/p><p style=\"text-align: justify\"><span style=\"color: #000000\"><strong style=\"font-size: 1rem;text-align: var(--bs-body-text-align)\">SOCIAIS E HUMANAS EM FOTO: PRESERVA\u00c7\u00c3O. ACESSO E EDUCA\u00c7\u00c3O PATRIMONIAL<\/strong><\/span><\/p><p style=\"text-align: justify\"><span style=\"color: #000000\">Coordenadora: Cristina Strohschoen dos Santos (Divis\u00e3o de Arquivo Geral\/UFSM)<\/span><\/p><p style=\"text-align: justify\"><span style=\"color: #000000\"><strong>\u00a0 \u00a0\u00a0<\/strong><\/span><\/p><p style=\"text-align: justify\"><span style=\"color: #000000\"><strong>PET ENGENHARIA CIVIL E O MUSEU GAMA D\u2019E\u00c7A, UMA PARCERIA DE CRESCIMENTO M\u00daTUO<\/strong><\/span><\/p><p style=\"text-align: justify\"><span style=\"color: #000000\">Coordenador: Andr\u00e9 L\u00fcbeck (Departamento de Estruturas e Constru\u00e7\u00e3o Civil\/UFSM)<\/span><\/p><p style=\"text-align: justify\"><span style=\"color: #000000\"><strong>\u00a0 \u00a0\u00a0<\/strong><\/span><\/p><p style=\"text-align: justify\"><span style=\"color: #000000\"><strong>PATRIM\u00d4NIO HIST\u00d3RICO CULTURAL, MEM\u00d3RIA, EDUCA\u00c7\u00c3O E PRESERVA\u00c7\u00c3O<\/strong><\/span><\/p><p style=\"text-align: justify\"><span style=\"color: #000000;font-size: 1rem;text-align: var(--bs-body-text-align)\">Coordenador: Andr\u00e9 Luis Ramos Soares (Departamento de Hist\u00f3ria &#8211; UFSM)<\/span><\/p><h2 style=\"text-align: justify\"><span style=\"color: #003366\">\u00a0\u00a0<\/span><\/h2><h2>\u00a0<\/h2><h2><span style=\"color: #003366;text-align: var(--bs-body-text-align)\">Projetos Parceiros: Ensino<\/span><\/h2><p>\u00a0<\/p><p style=\"text-align: justify\"><span style=\"color: #000000;font-size: 1rem;text-align: var(--bs-body-text-align)\"><strong>MEM\u00d3RIA E PATRIM\u00d4NIO CULTURAL: DA PESQUISA ACAD\u00caMICA \u00c0 EDUCA\u00c7\u00c3O PATRIMONIAL<\/strong><\/span><\/p><p style=\"text-align: justify\"><span style=\"color: #000000;font-size: 1rem;text-align: var(--bs-body-text-align)\">Coordenador: Andr\u00e9 Luis Ramos Soares (Departamento de Hist\u00f3ria &#8211; UFSM)<\/span><\/p>\t\t\t\t\t\t<\/div>\n\t\t\t\t<\/div>\n\t\t\t\t\t<\/div>\n\t\t<\/div>\n\t\t\t\t<div class=\"elementor-column elementor-col-33 elementor-top-column elementor-element elementor-element-af36c66\" data-id=\"af36c66\" data-element_type=\"column\">\n\t\t\t<div class=\"elementor-widget-wrap\">\n\t\t\t\t\t\t\t<\/div>\n\t\t<\/div>\n\t\t\t\t\t<\/div>\n\t\t<\/section>\n\t\t\t\t<\/div>\n\t\t","protected":false},"excerpt":{"rendered":"<p>Extens\u00e3o \u00a0PRESERVA\u00c7\u00c3O E COMUNICA\u00c7\u00c3O NO MUSEU EDUCATIVO GAMA D\u2019E\u00c7A Coordenador: Bernardo Duque de Paula (Divis\u00e3o de Museus\/UFSM) . Projetos Parceiros: Extens\u00e3o \u00a0 MUSEU EDUCATIVO GAMA D\u2019E\u00c7A: SIMBIOSES E MEDIA\u00c7\u00d5ES ENTRE ARTE, HIST\u00d3RIA, UNIVERSIDADE E COMUNIDADE INFANTIL\u00a0 Coordenadora: Tatiane de Oliveira Elia (Departamento de Artes Visuais\/UFSM) \u00a0 \u00a0\u00a0 SOCIAIS E HUMANAS EM FOTO: PRESERVA\u00c7\u00c3O. ACESSO E [&hellip;]<\/p>\n","protected":false},"author":8205,"featured_media":0,"parent":0,"menu_order":0,"comment_status":"closed","ping_status":"closed","template":"","meta":{"footnotes":""},"categories":[],"tags":[],"class_list":["post-38","page","type-page","status-publish","hentry"],"acf":[],"_links":{"self":[{"href":"https:\/\/www.ufsm.br\/museus\/gamadeca\/wp-json\/wp\/v2\/pages\/38","targetHints":{"allow":["GET"]}}],"collection":[{"href":"https:\/\/www.ufsm.br\/museus\/gamadeca\/wp-json\/wp\/v2\/pages"}],"about":[{"href":"https:\/\/www.ufsm.br\/museus\/gamadeca\/wp-json\/wp\/v2\/types\/page"}],"author":[{"embeddable":true,"href":"https:\/\/www.ufsm.br\/museus\/gamadeca\/wp-json\/wp\/v2\/users\/8205"}],"replies":[{"embeddable":true,"href":"https:\/\/www.ufsm.br\/museus\/gamadeca\/wp-json\/wp\/v2\/comments?post=38"}],"version-history":[{"count":0,"href":"https:\/\/www.ufsm.br\/museus\/gamadeca\/wp-json\/wp\/v2\/pages\/38\/revisions"}],"wp:attachment":[{"href":"https:\/\/www.ufsm.br\/museus\/gamadeca\/wp-json\/wp\/v2\/media?parent=38"}],"wp:term":[{"taxonomy":"category","embeddable":true,"href":"https:\/\/www.ufsm.br\/museus\/gamadeca\/wp-json\/wp\/v2\/categories?post=38"},{"taxonomy":"post_tag","embeddable":true,"href":"https:\/\/www.ufsm.br\/museus\/gamadeca\/wp-json\/wp\/v2\/tags?post=38"}],"curies":[{"name":"wp","href":"https:\/\/api.w.org\/{rel}","templated":true}]}}