{"id":425,"date":"2020-02-12T11:07:59","date_gmt":"2020-02-12T14:07:59","guid":{"rendered":"https:\/\/www.ufsm.br\/unidades-universitarias\/ccr\/msrs\/?page_id=425"},"modified":"2020-02-17T12:12:04","modified_gmt":"2020-02-17T15:12:04","slug":"muteco-2016","status":"publish","type":"page","link":"https:\/\/www.ufsm.br\/museus\/msrs\/muteco-2016","title":{"rendered":"MUTECO 2016"},"content":{"rendered":"\t\t<div data-elementor-type=\"wp-page\" data-elementor-id=\"425\" class=\"elementor elementor-425\">\n\t\t\t\t\t\t<section class=\"elementor-section elementor-top-section elementor-element elementor-element-105829d elementor-section-boxed elementor-section-height-default elementor-section-height-default\" data-id=\"105829d\" data-element_type=\"section\">\n\t\t\t\t\t\t<div class=\"elementor-container elementor-column-gap-default\">\n\t\t\t\t\t<div class=\"elementor-column elementor-col-100 elementor-top-column elementor-element elementor-element-fc0109b\" data-id=\"fc0109b\" data-element_type=\"column\">\n\t\t\t<div class=\"elementor-widget-wrap elementor-element-populated\">\n\t\t\t\t\t\t<div class=\"elementor-element elementor-element-b68d66b elementor-widget elementor-widget-image\" data-id=\"b68d66b\" data-element_type=\"widget\" data-widget_type=\"image.default\">\n\t\t\t\t<div class=\"elementor-widget-container\">\n\t\t\t\t\t\t\t\t\t\t\t\t\t<img fetchpriority=\"high\" decoding=\"async\" width=\"300\" height=\"300\" src=\"https:\/\/www.ufsm.br\/app\/uploads\/sites\/806\/2020\/02\/Muteco_2016-300x300.jpg\" class=\"attachment-medium size-medium wp-image-787\" alt=\"\" srcset=\"https:\/\/www.ufsm.br\/app\/uploads\/sites\/806\/2020\/02\/Muteco_2016-300x300.jpg 300w, https:\/\/www.ufsm.br\/app\/uploads\/sites\/806\/2020\/02\/Muteco_2016-150x150.jpg 150w, https:\/\/www.ufsm.br\/app\/uploads\/sites\/806\/2020\/02\/Muteco_2016.jpg 581w\" sizes=\"(max-width: 300px) 100vw, 300px\" \/>\t\t\t\t\t\t\t\t\t\t\t\t\t<\/div>\n\t\t\t\t<\/div>\n\t\t\t\t\t<\/div>\n\t\t<\/div>\n\t\t\t\t\t<\/div>\n\t\t<\/section>\n\t\t\t\t<section class=\"elementor-section elementor-top-section elementor-element elementor-element-f1b143f elementor-section-boxed elementor-section-height-default elementor-section-height-default\" data-id=\"f1b143f\" data-element_type=\"section\">\n\t\t\t\t\t\t<div class=\"elementor-container elementor-column-gap-default\">\n\t\t\t\t\t<div class=\"elementor-column elementor-col-100 elementor-top-column elementor-element elementor-element-1d09cf2\" data-id=\"1d09cf2\" data-element_type=\"column\">\n\t\t\t<div class=\"elementor-widget-wrap elementor-element-populated\">\n\t\t\t\t\t\t<div class=\"elementor-element elementor-element-8433149 elementor-widget elementor-widget-text-editor\" data-id=\"8433149\" data-element_type=\"widget\" data-widget_type=\"text-editor.default\">\n\t\t\t\t<div class=\"elementor-widget-container\">\n\t\t\t\t\t\t\t<p>O MUTECO \u2013 Mutir\u00e3o Escoteiro de A\u00e7\u00e3o Ecol\u00f3gica \u00e9 uma atividade escoteira realizada anualmente que trata de temas relativos \u00e0 educa\u00e7\u00e3o ambiental. Geralmente esta atividade \u00e9 pensada para que os jovens possam desenvolver as etapas para a IMMA \u2013 Ins\u00edgnia Mundial do Meio Ambiente. Esta ins\u00edgnia tem como objetivo desenvolver nos jovens o pensamento cr\u00edtico e a responsabilidade individual sobre o meio em que vivemos, atrav\u00e9s de atividades din\u00e2micas e pr\u00e1ticas sobre temas ambientais, as quais contribuir\u00e3o para que os jovens desenvolvam uma consci\u00eancia ambiental.<\/p><p>No m\u00eas de junho de 2016 os integrantes do Grupo Escoteiro Henrique Dias &#8211; 22\/RS, realizaram suas atividades em parceria com o Museu de Solos do RS. O tema desenvolvido por meio de oficinas pr\u00e1ticas foi &#8220;solos urbanos&#8221;. O p\u00fablico de aproximadamente 30 crian\u00e7as e jovens visitaram o museu de solos e conheceram mais sobre os solos urbanos e sua import\u00e2ncia para nossas vidas. A atividade foi um sucesso!<\/p>\t\t\t\t\t\t<\/div>\n\t\t\t\t<\/div>\n\t\t\t\t\t<\/div>\n\t\t<\/div>\n\t\t\t\t\t<\/div>\n\t\t<\/section>\n\t\t\t\t<section class=\"elementor-section elementor-top-section elementor-element elementor-element-9c31f24 elementor-section-boxed elementor-section-height-default elementor-section-height-default\" data-id=\"9c31f24\" data-element_type=\"section\">\n\t\t\t\t\t\t<div class=\"elementor-container elementor-column-gap-default\">\n\t\t\t\t\t<div class=\"elementor-column elementor-col-33 elementor-top-column elementor-element elementor-element-057615d\" data-id=\"057615d\" data-element_type=\"column\">\n\t\t\t<div class=\"elementor-widget-wrap elementor-element-populated\">\n\t\t\t\t\t\t<div class=\"elementor-element elementor-element-d39721f elementor-widget elementor-widget-image\" data-id=\"d39721f\" data-element_type=\"widget\" data-widget_type=\"image.default\">\n\t\t\t\t<div class=\"elementor-widget-container\">\n\t\t\t\t\t\t\t\t\t\t<figure class=\"wp-caption\">\n\t\t\t\t\t\t\t\t\t\t<img decoding=\"async\" width=\"1024\" height=\"768\" src=\"https:\/\/www.ufsm.br\/app\/uploads\/sites\/806\/2020\/02\/muteco_1-1024x768.jpg\" class=\"attachment-large size-large wp-image-788\" alt=\"\" srcset=\"https:\/\/www.ufsm.br\/app\/uploads\/sites\/806\/2020\/02\/muteco_1-1024x768.jpg 1024w, https:\/\/www.ufsm.br\/app\/uploads\/sites\/806\/2020\/02\/muteco_1-300x225.jpg 300w, https:\/\/www.ufsm.br\/app\/uploads\/sites\/806\/2020\/02\/muteco_1-768x576.jpg 768w, https:\/\/www.ufsm.br\/app\/uploads\/sites\/806\/2020\/02\/muteco_1.jpg 1232w\" sizes=\"(max-width: 1024px) 100vw, 1024px\" \/>\t\t\t\t\t\t\t\t\t\t\t<figcaption class=\"widget-image-caption wp-caption-text\">Turma de Escoteiros e Lobinhos em atividades nas oficinas de solos urbanos.<\/figcaption>\n\t\t\t\t\t\t\t\t\t\t<\/figure>\n\t\t\t\t\t\t\t<\/div>\n\t\t\t\t<\/div>\n\t\t\t\t\t<\/div>\n\t\t<\/div>\n\t\t\t\t<div class=\"elementor-column elementor-col-33 elementor-top-column elementor-element elementor-element-5ce1a38\" data-id=\"5ce1a38\" data-element_type=\"column\">\n\t\t\t<div class=\"elementor-widget-wrap elementor-element-populated\">\n\t\t\t\t\t\t<div class=\"elementor-element elementor-element-3c4acfc elementor-widget elementor-widget-image\" data-id=\"3c4acfc\" data-element_type=\"widget\" data-widget_type=\"image.default\">\n\t\t\t\t<div class=\"elementor-widget-container\">\n\t\t\t\t\t\t\t\t\t\t<figure class=\"wp-caption\">\n\t\t\t\t\t\t\t\t\t\t<img decoding=\"async\" width=\"1013\" height=\"759\" src=\"https:\/\/www.ufsm.br\/app\/uploads\/sites\/806\/2020\/02\/muteco_2.jpg\" class=\"attachment-large size-large wp-image-789\" alt=\"\" srcset=\"https:\/\/www.ufsm.br\/app\/uploads\/sites\/806\/2020\/02\/muteco_2.jpg 1013w, https:\/\/www.ufsm.br\/app\/uploads\/sites\/806\/2020\/02\/muteco_2-300x225.jpg 300w, https:\/\/www.ufsm.br\/app\/uploads\/sites\/806\/2020\/02\/muteco_2-768x575.jpg 768w\" sizes=\"(max-width: 1013px) 100vw, 1013px\" \/>\t\t\t\t\t\t\t\t\t\t\t<figcaption class=\"widget-image-caption wp-caption-text\">Turma de Escoteiro e Lobinhos com os estagi\u00e1rios do Museu de Solos do RS.<\/figcaption>\n\t\t\t\t\t\t\t\t\t\t<\/figure>\n\t\t\t\t\t\t\t<\/div>\n\t\t\t\t<\/div>\n\t\t\t\t\t<\/div>\n\t\t<\/div>\n\t\t\t\t<div class=\"elementor-column elementor-col-33 elementor-top-column elementor-element elementor-element-69eeee6\" data-id=\"69eeee6\" data-element_type=\"column\">\n\t\t\t<div class=\"elementor-widget-wrap elementor-element-populated\">\n\t\t\t\t\t\t<div class=\"elementor-element elementor-element-05603b7 elementor-widget elementor-widget-image\" data-id=\"05603b7\" data-element_type=\"widget\" data-widget_type=\"image.default\">\n\t\t\t\t<div class=\"elementor-widget-container\">\n\t\t\t\t\t\t\t\t\t\t<figure class=\"wp-caption\">\n\t\t\t\t\t\t\t\t\t\t<img loading=\"lazy\" decoding=\"async\" width=\"1024\" height=\"768\" src=\"https:\/\/www.ufsm.br\/app\/uploads\/sites\/806\/2020\/02\/muteco_3-1024x768.jpg\" class=\"attachment-large size-large wp-image-790\" alt=\"\" srcset=\"https:\/\/www.ufsm.br\/app\/uploads\/sites\/806\/2020\/02\/muteco_3-1024x768.jpg 1024w, https:\/\/www.ufsm.br\/app\/uploads\/sites\/806\/2020\/02\/muteco_3-300x225.jpg 300w, https:\/\/www.ufsm.br\/app\/uploads\/sites\/806\/2020\/02\/muteco_3-768x576.jpg 768w, https:\/\/www.ufsm.br\/app\/uploads\/sites\/806\/2020\/02\/muteco_3.jpg 1188w\" sizes=\"(max-width: 1024px) 100vw, 1024px\" \/>\t\t\t\t\t\t\t\t\t\t\t<figcaption class=\"widget-image-caption wp-caption-text\"> Participantes mostrando os desenhos feitos com tinta a base de solo.<\/figcaption>\n\t\t\t\t\t\t\t\t\t\t<\/figure>\n\t\t\t\t\t\t\t<\/div>\n\t\t\t\t<\/div>\n\t\t\t\t\t<\/div>\n\t\t<\/div>\n\t\t\t\t\t<\/div>\n\t\t<\/section>\n\t\t\t\t<\/div>\n\t\t","protected":false},"excerpt":{"rendered":"<p>O MUTECO \u2013 Mutir\u00e3o Escoteiro de A\u00e7\u00e3o Ecol\u00f3gica \u00e9 uma atividade escoteira realizada anualmente que trata de temas relativos \u00e0 educa\u00e7\u00e3o ambiental. Geralmente esta atividade \u00e9 pensada para que os jovens possam desenvolver as etapas para a IMMA \u2013 Ins\u00edgnia Mundial do Meio Ambiente. Esta ins\u00edgnia tem como objetivo desenvolver nos jovens o pensamento cr\u00edtico [&hellip;]<\/p>\n","protected":false},"author":867,"featured_media":0,"parent":0,"menu_order":0,"comment_status":"closed","ping_status":"closed","template":"","meta":{"footnotes":""},"categories":[],"tags":[],"class_list":["post-425","page","type-page","status-publish","hentry"],"acf":[],"_links":{"self":[{"href":"https:\/\/www.ufsm.br\/museus\/msrs\/wp-json\/wp\/v2\/pages\/425","targetHints":{"allow":["GET"]}}],"collection":[{"href":"https:\/\/www.ufsm.br\/museus\/msrs\/wp-json\/wp\/v2\/pages"}],"about":[{"href":"https:\/\/www.ufsm.br\/museus\/msrs\/wp-json\/wp\/v2\/types\/page"}],"author":[{"embeddable":true,"href":"https:\/\/www.ufsm.br\/museus\/msrs\/wp-json\/wp\/v2\/users\/867"}],"replies":[{"embeddable":true,"href":"https:\/\/www.ufsm.br\/museus\/msrs\/wp-json\/wp\/v2\/comments?post=425"}],"version-history":[{"count":0,"href":"https:\/\/www.ufsm.br\/museus\/msrs\/wp-json\/wp\/v2\/pages\/425\/revisions"}],"wp:attachment":[{"href":"https:\/\/www.ufsm.br\/museus\/msrs\/wp-json\/wp\/v2\/media?parent=425"}],"wp:term":[{"taxonomy":"category","embeddable":true,"href":"https:\/\/www.ufsm.br\/museus\/msrs\/wp-json\/wp\/v2\/categories?post=425"},{"taxonomy":"post_tag","embeddable":true,"href":"https:\/\/www.ufsm.br\/museus\/msrs\/wp-json\/wp\/v2\/tags?post=425"}],"curies":[{"name":"wp","href":"https:\/\/api.w.org\/{rel}","templated":true}]}}

<div data-elementor-type="wp-page" data-elementor-id="425" class="elementor elementor-425">
						<section class="elementor-section elementor-top-section elementor-element elementor-element-105829d elementor-section-boxed elementor-section-height-default elementor-section-height-default" data-id="105829d" data-element_type="section">
						<div class="elementor-container elementor-column-gap-default">
					<div class="elementor-column elementor-col-100 elementor-top-column elementor-element elementor-element-fc0109b" data-id="fc0109b" data-element_type="column">
			<div class="elementor-widget-wrap elementor-element-populated">
						<div class="elementor-element elementor-element-b68d66b elementor-widget elementor-widget-image" data-id="b68d66b" data-element_type="widget" data-widget_type="image.default">
				<div class="elementor-widget-container">
													<img fetchpriority="high" decoding="async" width="300" height="300" src="https://www.ufsm.br/app/uploads/sites/806/2020/02/Muteco_2016-300x300.jpg" class="attachment-medium size-medium wp-image-787" alt="" srcset="https://www.ufsm.br/app/uploads/sites/806/2020/02/Muteco_2016-300x300.jpg 300w, https://www.ufsm.br/app/uploads/sites/806/2020/02/Muteco_2016-150x150.jpg 150w, https://www.ufsm.br/app/uploads/sites/806/2020/02/Muteco_2016.jpg 581w" sizes="(max-width: 300px) 100vw, 300px" />													</div>
				</div>
					</div>
		</div>
					</div>
		</section>
				<section class="elementor-section elementor-top-section elementor-element elementor-element-f1b143f elementor-section-boxed elementor-section-height-default elementor-section-height-default" data-id="f1b143f" data-element_type="section">
						<div class="elementor-container elementor-column-gap-default">
					<div class="elementor-column elementor-col-100 elementor-top-column elementor-element elementor-element-1d09cf2" data-id="1d09cf2" data-element_type="column">
			<div class="elementor-widget-wrap elementor-element-populated">
						<div class="elementor-element elementor-element-8433149 elementor-widget elementor-widget-text-editor" data-id="8433149" data-element_type="widget" data-widget_type="text-editor.default">
				<div class="elementor-widget-container">
							<p>O MUTECO – Mutirão Escoteiro de Ação Ecológica é uma atividade escoteira realizada anualmente que trata de temas relativos à educação ambiental. Geralmente esta atividade é pensada para que os jovens possam desenvolver as etapas para a IMMA – Insígnia Mundial do Meio Ambiente. Esta insígnia tem como objetivo desenvolver nos jovens o pensamento crítico e a responsabilidade individual sobre o meio em que vivemos, através de atividades dinâmicas e práticas sobre temas ambientais, as quais contribuirão para que os jovens desenvolvam uma consciência ambiental.</p><p>No mês de junho de 2016 os integrantes do Grupo Escoteiro Henrique Dias &#8211; 22/RS, realizaram suas atividades em parceria com o Museu de Solos do RS. O tema desenvolvido por meio de oficinas práticas foi &#8220;solos urbanos&#8221;. O público de aproximadamente 30 crianças e jovens visitaram o museu de solos e conheceram mais sobre os solos urbanos e sua importância para nossas vidas. A atividade foi um sucesso!</p>						</div>
				</div>
					</div>
		</div>
					</div>
		</section>
				<section class="elementor-section elementor-top-section elementor-element elementor-element-9c31f24 elementor-section-boxed elementor-section-height-default elementor-section-height-default" data-id="9c31f24" data-element_type="section">
						<div class="elementor-container elementor-column-gap-default">
					<div class="elementor-column elementor-col-33 elementor-top-column elementor-element elementor-element-057615d" data-id="057615d" data-element_type="column">
			<div class="elementor-widget-wrap elementor-element-populated">
						<div class="elementor-element elementor-element-d39721f elementor-widget elementor-widget-image" data-id="d39721f" data-element_type="widget" data-widget_type="image.default">
				<div class="elementor-widget-container">
										<figure class="wp-caption">
										<img decoding="async" width="1024" height="768" src="https://www.ufsm.br/app/uploads/sites/806/2020/02/muteco_1-1024x768.jpg" class="attachment-large size-large wp-image-788" alt="" srcset="https://www.ufsm.br/app/uploads/sites/806/2020/02/muteco_1-1024x768.jpg 1024w, https://www.ufsm.br/app/uploads/sites/806/2020/02/muteco_1-300x225.jpg 300w, https://www.ufsm.br/app/uploads/sites/806/2020/02/muteco_1-768x576.jpg 768w, https://www.ufsm.br/app/uploads/sites/806/2020/02/muteco_1.jpg 1232w" sizes="(max-width: 1024px) 100vw, 1024px" />											<figcaption class="widget-image-caption wp-caption-text">Turma de Escoteiros e Lobinhos em atividades nas oficinas de solos urbanos.</figcaption>
										</figure>
							</div>
				</div>
					</div>
		</div>
				<div class="elementor-column elementor-col-33 elementor-top-column elementor-element elementor-element-5ce1a38" data-id="5ce1a38" data-element_type="column">
			<div class="elementor-widget-wrap elementor-element-populated">
						<div class="elementor-element elementor-element-3c4acfc elementor-widget elementor-widget-image" data-id="3c4acfc" data-element_type="widget" data-widget_type="image.default">
				<div class="elementor-widget-container">
										<figure class="wp-caption">
										<img decoding="async" width="1013" height="759" src="https://www.ufsm.br/app/uploads/sites/806/2020/02/muteco_2.jpg" class="attachment-large size-large wp-image-789" alt="" srcset="https://www.ufsm.br/app/uploads/sites/806/2020/02/muteco_2.jpg 1013w, https://www.ufsm.br/app/uploads/sites/806/2020/02/muteco_2-300x225.jpg 300w, https://www.ufsm.br/app/uploads/sites/806/2020/02/muteco_2-768x575.jpg 768w" sizes="(max-width: 1013px) 100vw, 1013px" />											<figcaption class="widget-image-caption wp-caption-text">Turma de Escoteiro e Lobinhos com os estagiários do Museu de Solos do RS.</figcaption>
										</figure>
							</div>
				</div>
					</div>
		</div>
				<div class="elementor-column elementor-col-33 elementor-top-column elementor-element elementor-element-69eeee6" data-id="69eeee6" data-element_type="column">
			<div class="elementor-widget-wrap elementor-element-populated">
						<div class="elementor-element elementor-element-05603b7 elementor-widget elementor-widget-image" data-id="05603b7" data-element_type="widget" data-widget_type="image.default">
				<div class="elementor-widget-container">
										<figure class="wp-caption">
										<img loading="lazy" decoding="async" width="1024" height="768" src="https://www.ufsm.br/app/uploads/sites/806/2020/02/muteco_3-1024x768.jpg" class="attachment-large size-large wp-image-790" alt="" srcset="https://www.ufsm.br/app/uploads/sites/806/2020/02/muteco_3-1024x768.jpg 1024w, https://www.ufsm.br/app/uploads/sites/806/2020/02/muteco_3-300x225.jpg 300w, https://www.ufsm.br/app/uploads/sites/806/2020/02/muteco_3-768x576.jpg 768w, https://www.ufsm.br/app/uploads/sites/806/2020/02/muteco_3.jpg 1188w" sizes="(max-width: 1024px) 100vw, 1024px" />											<figcaption class="widget-image-caption wp-caption-text"> Participantes mostrando os desenhos feitos com tinta a base de solo.</figcaption>
										</figure>
							</div>
				</div>
					</div>
		</div>
					</div>
		</section>
				</div>

<p>O MUTECO – Mutirão Escoteiro de Ação Ecológica é uma atividade escoteira realizada anualmente que trata de temas relativos à educação ambiental. Geralmente esta atividade é pensada para que os jovens possam desenvolver as etapas para a IMMA – Insígnia Mundial do Meio Ambiente. Esta insígnia tem como objetivo desenvolver nos jovens o pensamento crítico [&hellip;]</p>
