{"id":438,"date":"2020-02-12T11:14:30","date_gmt":"2020-02-12T14:14:30","guid":{"rendered":"https:\/\/www.ufsm.br\/unidades-universitarias\/ccr\/msrs\/?page_id=438"},"modified":"2020-02-17T12:20:10","modified_gmt":"2020-02-17T15:20:10","slug":"i-competicao-sul-brasileira-de-identificacao-de-solos","status":"publish","type":"page","link":"https:\/\/www.ufsm.br\/museus\/msrs\/i-competicao-sul-brasileira-de-identificacao-de-solos","title":{"rendered":"I Competi\u00e7\u00e3o Sul Brasileira de Identifica\u00e7\u00e3o de Solos"},"content":{"rendered":"\t\t<div data-elementor-type=\"wp-page\" data-elementor-id=\"438\" class=\"elementor elementor-438\">\n\t\t\t\t\t\t<section class=\"elementor-section elementor-top-section elementor-element elementor-element-649613b elementor-section-boxed elementor-section-height-default elementor-section-height-default\" data-id=\"649613b\" data-element_type=\"section\">\n\t\t\t\t\t\t<div class=\"elementor-container elementor-column-gap-default\">\n\t\t\t\t\t<div class=\"elementor-column elementor-col-100 elementor-top-column elementor-element elementor-element-dbb040d\" data-id=\"dbb040d\" data-element_type=\"column\">\n\t\t\t<div class=\"elementor-widget-wrap elementor-element-populated\">\n\t\t\t\t\t\t<div class=\"elementor-element elementor-element-2318213 elementor-widget elementor-widget-image\" data-id=\"2318213\" data-element_type=\"widget\" data-widget_type=\"image.default\">\n\t\t\t\t<div class=\"elementor-widget-container\">\n\t\t\t\t\t\t\t\t\t\t\t\t\t<img decoding=\"async\" src=\"https:\/\/www.ufsm.br\/app\/uploads\/sites\/806\/elementor\/thumbs\/Banner_Competi\u00e7\u00e3o_de_solos-olb0phrbxa36s3tma70zg12mux1e1iz4oem666p9ww.jpg\" title=\"Banner_Competi\u00e7\u00e3o_de_solos\" alt=\"Banner_Competi\u00e7\u00e3o_de_solos\" loading=\"lazy\" \/>\t\t\t\t\t\t\t\t\t\t\t\t\t<\/div>\n\t\t\t\t<\/div>\n\t\t\t\t\t<\/div>\n\t\t<\/div>\n\t\t\t\t\t<\/div>\n\t\t<\/section>\n\t\t\t\t<section class=\"elementor-section elementor-top-section elementor-element elementor-element-e907d73 elementor-section-boxed elementor-section-height-default elementor-section-height-default\" data-id=\"e907d73\" data-element_type=\"section\">\n\t\t\t\t\t\t<div class=\"elementor-container elementor-column-gap-default\">\n\t\t\t\t\t<div class=\"elementor-column elementor-col-100 elementor-top-column elementor-element elementor-element-4d04693\" data-id=\"4d04693\" data-element_type=\"column\">\n\t\t\t<div class=\"elementor-widget-wrap elementor-element-populated\">\n\t\t\t\t\t\t<div class=\"elementor-element elementor-element-9ce10ce elementor-widget elementor-widget-text-editor\" data-id=\"9ce10ce\" data-element_type=\"widget\" data-widget_type=\"text-editor.default\">\n\t\t\t\t<div class=\"elementor-widget-container\">\n\t\t\t\t\t\t\t<p>O Grupo de Pedologia da UFSM (Departamento de Solos\/PPG em Ci\u00eancia do Solo\/Museu de Solos do RS), com apoio da Embrapa e do N\u00facleo Regional Sul da SBCS realizaram a I Competi\u00e7\u00e3o Sul Brasileira de Identifica\u00e7\u00e3o de Solos,\u00a0evento at\u00e9 ent\u00e3o in\u00e9dito no Brasil. Alunos de diversas institui\u00e7\u00f5es do sul do Brasil mostraram suas habilidades na identifica\u00e7\u00e3o de solos t\u00edpicos da regi\u00e3o central do RS, nos dias 7 e 8 de maio, no campus da UFSM.<\/p><p>Este tipo de evento costuma ser organizado em outros pa\u00edses, como nos EUA e \u00a0tem como objetivo a integra\u00e7\u00e3o de alunos, professores e pesquisadores da \u00e1rea de Pedologia atrav\u00e9s de atividades desafiadoras e din\u00e2micas, fora da sala de aula, bem como difundir aos jovens Ped\u00f3logos as particularidades dos solos da regi\u00e3o sede do evento.<\/p><p>A competi\u00e7\u00e3o coordenada pelos professores do Departamento de Solos Fabr\u00edcio de Ara\u00fajo Pedron, Ricardo Bergamo Schenato e Ricardo Sim\u00e3o Diniz Dalmolin foi um sucesso! O primeiro lugar individual ficou com o aluno de doutorado do PPGCS-UFSM Luis Antonio Coutrim dos Santos e o primeiro lugar por equipes tamb\u00e9m com a UFSM com os alunos Ang\u00e9lica Silveira Bonum\u00e1 (doutoranda do PPGCS), Fl\u00e1via Benvenuti Ferreira (graduanda do curso de Engenharia Florestal), D\u00e9bora Milani Kemerich (graduanda Engenharia Florestal) e Lu\u00eds\u00a0Antonio Coutrim dos Santos (doutorando do PPGCS). Os segundo e terceiro lugares, tanto individual quanto por equipes, ficaram com os competidores da UFSC -Universidade Federal de Santa Catarina.<\/p>\t\t\t\t\t\t<\/div>\n\t\t\t\t<\/div>\n\t\t\t\t\t<\/div>\n\t\t<\/div>\n\t\t\t\t\t<\/div>\n\t\t<\/section>\n\t\t\t\t<section class=\"elementor-section elementor-top-section elementor-element elementor-element-ffdf478 elementor-section-boxed elementor-section-height-default elementor-section-height-default\" data-id=\"ffdf478\" data-element_type=\"section\">\n\t\t\t\t\t\t<div class=\"elementor-container elementor-column-gap-default\">\n\t\t\t\t\t<div class=\"elementor-column elementor-col-33 elementor-top-column elementor-element elementor-element-70194b8\" data-id=\"70194b8\" data-element_type=\"column\">\n\t\t\t<div class=\"elementor-widget-wrap elementor-element-populated\">\n\t\t\t\t\t\t<div class=\"elementor-element elementor-element-365d2ec elementor-widget elementor-widget-image\" data-id=\"365d2ec\" data-element_type=\"widget\" data-widget_type=\"image.default\">\n\t\t\t\t<div class=\"elementor-widget-container\">\n\t\t\t\t\t\t\t\t\t\t<figure class=\"wp-caption\">\n\t\t\t\t\t\t\t\t\t\t<img decoding=\"async\" src=\"https:\/\/www.ufsm.br\/app\/uploads\/sites\/806\/elementor\/thumbs\/I_CIS_SUL_1-olb0r8qin6fz8hxf89ju9blhp4ah6iz6rcl49bsgq4.jpg\" title=\"I_CIS_SUL_1\" alt=\"I_CIS_SUL_1\" loading=\"lazy\" \/>\t\t\t\t\t\t\t\t\t\t\t<figcaption class=\"widget-image-caption wp-caption-text\"> Grupo de participantes da I Competi\u00e7\u00e3o de Identidica\u00e7\u00e3o de Solos.<\/figcaption>\n\t\t\t\t\t\t\t\t\t\t<\/figure>\n\t\t\t\t\t\t\t<\/div>\n\t\t\t\t<\/div>\n\t\t\t\t\t<\/div>\n\t\t<\/div>\n\t\t\t\t<div class=\"elementor-column elementor-col-33 elementor-top-column elementor-element elementor-element-f20c6ef\" data-id=\"f20c6ef\" data-element_type=\"column\">\n\t\t\t<div class=\"elementor-widget-wrap elementor-element-populated\">\n\t\t\t\t\t\t<div class=\"elementor-element elementor-element-c26e57f elementor-widget elementor-widget-image\" data-id=\"c26e57f\" data-element_type=\"widget\" data-widget_type=\"image.default\">\n\t\t\t\t<div class=\"elementor-widget-container\">\n\t\t\t\t\t\t\t\t\t\t<figure class=\"wp-caption\">\n\t\t\t\t\t\t\t\t\t\t<img decoding=\"async\" src=\"https:\/\/www.ufsm.br\/app\/uploads\/sites\/806\/elementor\/thumbs\/I_CIS_SUL_2-olb0rvan77auz50nkjavx5wjyd7ab9gqug8rryv0ks.jpg\" title=\"I_CIS_SUL_2\" alt=\"I_CIS_SUL_2\" loading=\"lazy\" \/>\t\t\t\t\t\t\t\t\t\t\t<figcaption class=\"widget-image-caption wp-caption-text\"> Organizadores da I Competi\u00e7\u00e3o de Identifica\u00e7\u00e3o de Solos.<\/figcaption>\n\t\t\t\t\t\t\t\t\t\t<\/figure>\n\t\t\t\t\t\t\t<\/div>\n\t\t\t\t<\/div>\n\t\t\t\t\t<\/div>\n\t\t<\/div>\n\t\t\t\t<div class=\"elementor-column elementor-col-33 elementor-top-column elementor-element elementor-element-f1f5fee\" data-id=\"f1f5fee\" data-element_type=\"column\">\n\t\t\t<div class=\"elementor-widget-wrap elementor-element-populated\">\n\t\t\t\t\t\t<div class=\"elementor-element elementor-element-1d4551b elementor-widget elementor-widget-image\" data-id=\"1d4551b\" data-element_type=\"widget\" data-widget_type=\"image.default\">\n\t\t\t\t<div class=\"elementor-widget-container\">\n\t\t\t\t\t\t\t\t\t\t<figure class=\"wp-caption\">\n\t\t\t\t\t\t\t\t\t\t<img decoding=\"async\" src=\"https:\/\/www.ufsm.br\/app\/uploads\/sites\/806\/elementor\/thumbs\/I_CIS_SUL_3-olb0skoabq9lolzsgc9tahhzzrq7339hxxuvqftdws.jpg\" title=\"I_CIS_SUL_3\" alt=\"I_CIS_SUL_3\" loading=\"lazy\" \/>\t\t\t\t\t\t\t\t\t\t\t<figcaption class=\"widget-image-caption wp-caption-text\"> Competidores realizando as provas de identifica\u00e7\u00e3o dos solos.<\/figcaption>\n\t\t\t\t\t\t\t\t\t\t<\/figure>\n\t\t\t\t\t\t\t<\/div>\n\t\t\t\t<\/div>\n\t\t\t\t\t<\/div>\n\t\t<\/div>\n\t\t\t\t\t<\/div>\n\t\t<\/section>\n\t\t\t\t<\/div>\n\t\t","protected":false},"excerpt":{"rendered":"<p>O Grupo de Pedologia da UFSM (Departamento de Solos\/PPG em Ci\u00eancia do Solo\/Museu de Solos do RS), com apoio da Embrapa e do N\u00facleo Regional Sul da SBCS realizaram a I Competi\u00e7\u00e3o Sul Brasileira de Identifica\u00e7\u00e3o de Solos,\u00a0evento at\u00e9 ent\u00e3o in\u00e9dito no Brasil. Alunos de diversas institui\u00e7\u00f5es do sul do Brasil mostraram suas habilidades na [&hellip;]<\/p>\n","protected":false},"author":867,"featured_media":0,"parent":0,"menu_order":0,"comment_status":"closed","ping_status":"closed","template":"","meta":{"footnotes":""},"categories":[],"tags":[],"class_list":["post-438","page","type-page","status-publish","hentry"],"acf":[],"_links":{"self":[{"href":"https:\/\/www.ufsm.br\/museus\/msrs\/wp-json\/wp\/v2\/pages\/438","targetHints":{"allow":["GET"]}}],"collection":[{"href":"https:\/\/www.ufsm.br\/museus\/msrs\/wp-json\/wp\/v2\/pages"}],"about":[{"href":"https:\/\/www.ufsm.br\/museus\/msrs\/wp-json\/wp\/v2\/types\/page"}],"author":[{"embeddable":true,"href":"https:\/\/www.ufsm.br\/museus\/msrs\/wp-json\/wp\/v2\/users\/867"}],"replies":[{"embeddable":true,"href":"https:\/\/www.ufsm.br\/museus\/msrs\/wp-json\/wp\/v2\/comments?post=438"}],"version-history":[{"count":0,"href":"https:\/\/www.ufsm.br\/museus\/msrs\/wp-json\/wp\/v2\/pages\/438\/revisions"}],"wp:attachment":[{"href":"https:\/\/www.ufsm.br\/museus\/msrs\/wp-json\/wp\/v2\/media?parent=438"}],"wp:term":[{"taxonomy":"category","embeddable":true,"href":"https:\/\/www.ufsm.br\/museus\/msrs\/wp-json\/wp\/v2\/categories?post=438"},{"taxonomy":"post_tag","embeddable":true,"href":"https:\/\/www.ufsm.br\/museus\/msrs\/wp-json\/wp\/v2\/tags?post=438"}],"curies":[{"name":"wp","href":"https:\/\/api.w.org\/{rel}","templated":true}]}}