{"id":449,"date":"2020-02-12T11:24:06","date_gmt":"2020-02-12T14:24:06","guid":{"rendered":"https:\/\/www.ufsm.br\/unidades-universitarias\/ccr\/msrs\/?page_id=449"},"modified":"2020-02-17T12:26:46","modified_gmt":"2020-02-17T15:26:46","slug":"curso-de-pedologia-aplicada-2014","status":"publish","type":"page","link":"https:\/\/www.ufsm.br\/museus\/msrs\/curso-de-pedologia-aplicada-2014","title":{"rendered":"Curso de Pedologia Aplicada 2014"},"content":{"rendered":"\t\t<div data-elementor-type=\"wp-page\" data-elementor-id=\"449\" class=\"elementor elementor-449\">\n\t\t\t\t\t\t<section class=\"elementor-section elementor-top-section elementor-element elementor-element-6d80afc elementor-section-boxed elementor-section-height-default elementor-section-height-default\" data-id=\"6d80afc\" data-element_type=\"section\">\n\t\t\t\t\t\t<div class=\"elementor-container elementor-column-gap-default\">\n\t\t\t\t\t<div class=\"elementor-column elementor-col-100 elementor-top-column elementor-element elementor-element-09ce43e\" data-id=\"09ce43e\" data-element_type=\"column\">\n\t\t\t<div class=\"elementor-widget-wrap elementor-element-populated\">\n\t\t\t\t\t\t<div class=\"elementor-element elementor-element-485c945 elementor-widget elementor-widget-image\" data-id=\"485c945\" data-element_type=\"widget\" data-widget_type=\"image.default\">\n\t\t\t\t<div class=\"elementor-widget-container\">\n\t\t\t\t\t\t\t\t\t\t\t\t\t<img fetchpriority=\"high\" decoding=\"async\" width=\"1024\" height=\"397\" src=\"https:\/\/www.ufsm.br\/app\/uploads\/sites\/806\/2020\/02\/Banner_Curso_pedologia-1024x397.jpg\" class=\"attachment-large size-large wp-image-807\" alt=\"\" srcset=\"https:\/\/www.ufsm.br\/app\/uploads\/sites\/806\/2020\/02\/Banner_Curso_pedologia-1024x397.jpg 1024w, https:\/\/www.ufsm.br\/app\/uploads\/sites\/806\/2020\/02\/Banner_Curso_pedologia-300x116.jpg 300w, https:\/\/www.ufsm.br\/app\/uploads\/sites\/806\/2020\/02\/Banner_Curso_pedologia-768x298.jpg 768w, https:\/\/www.ufsm.br\/app\/uploads\/sites\/806\/2020\/02\/Banner_Curso_pedologia-1536x596.jpg 1536w, https:\/\/www.ufsm.br\/app\/uploads\/sites\/806\/2020\/02\/Banner_Curso_pedologia.jpg 1982w\" sizes=\"(max-width: 1024px) 100vw, 1024px\" \/>\t\t\t\t\t\t\t\t\t\t\t\t\t<\/div>\n\t\t\t\t<\/div>\n\t\t\t\t\t<\/div>\n\t\t<\/div>\n\t\t\t\t\t<\/div>\n\t\t<\/section>\n\t\t\t\t<section class=\"elementor-section elementor-top-section elementor-element elementor-element-e4dff5d elementor-section-boxed elementor-section-height-default elementor-section-height-default\" data-id=\"e4dff5d\" data-element_type=\"section\">\n\t\t\t\t\t\t<div class=\"elementor-container elementor-column-gap-default\">\n\t\t\t\t\t<div class=\"elementor-column elementor-col-100 elementor-top-column elementor-element elementor-element-2c9c779\" data-id=\"2c9c779\" data-element_type=\"column\">\n\t\t\t<div class=\"elementor-widget-wrap elementor-element-populated\">\n\t\t\t\t\t\t<div class=\"elementor-element elementor-element-3b1224e elementor-widget elementor-widget-text-editor\" data-id=\"3b1224e\" data-element_type=\"widget\" data-widget_type=\"text-editor.default\">\n\t\t\t\t<div class=\"elementor-widget-container\">\n\t\t\t\t\t\t\t<p>O Curso de Pedologia Aplicada foi promovido pelo grupo de Pedologia do Departamento de Solos da UFSM, juntamente com o Museu de Solos e o PPGCS. O curso foi coordenado pelo professor Fabr\u00edcio Pedron e contou com a participa\u00e7\u00e3o dos ped\u00f3logos Ricardo Dalmolin (UFSM), Egon Klamt (aposentado UFRGS), Carlos Alberto Flores (EMBRAPA) e Jaime Almeida (UDESC). Tamb\u00e9m colaboraram com o curso os Professores Ricardo Schenato (UFSM) e Alexandre ten Caten (UFSC). O Curso foi realizado de forma presencial (60 horas de campo) e EAD (180 horas te\u00f3ricas), com 37 alunos (todos professores e pos-graduandos). As atividades de campo foram realizadas em novembro de 2014, na regi\u00e3o central e Campanha do RS.<\/p><p>Conforme os relatos dos participantes, o Curso de Pedologia Aplicada contribuiu significativamente para a forma\u00e7\u00e3o dos profissionais da \u00e1rea de Pedologia. Os m\u00f3dulos em EAD, presenciais de campo e avaliativo em EAD foram aprovados e considerados adequados pelos participantes. A manuten\u00e7\u00e3o destes cursos tamb\u00e9m foi solicitada pelos participantes.<\/p>\t\t\t\t\t\t<\/div>\n\t\t\t\t<\/div>\n\t\t\t\t\t<\/div>\n\t\t<\/div>\n\t\t\t\t\t<\/div>\n\t\t<\/section>\n\t\t\t\t<section class=\"elementor-section elementor-top-section elementor-element elementor-element-c464806 elementor-section-boxed elementor-section-height-default elementor-section-height-default\" data-id=\"c464806\" data-element_type=\"section\">\n\t\t\t\t\t\t<div class=\"elementor-container elementor-column-gap-default\">\n\t\t\t\t\t<div class=\"elementor-column elementor-col-50 elementor-top-column elementor-element elementor-element-a5dce96\" data-id=\"a5dce96\" data-element_type=\"column\">\n\t\t\t<div class=\"elementor-widget-wrap elementor-element-populated\">\n\t\t\t\t\t\t<div class=\"elementor-element elementor-element-dfc7309 elementor-widget elementor-widget-image\" data-id=\"dfc7309\" data-element_type=\"widget\" data-widget_type=\"image.default\">\n\t\t\t\t<div class=\"elementor-widget-container\">\n\t\t\t\t\t\t\t\t\t\t<figure class=\"wp-caption\">\n\t\t\t\t\t\t\t\t\t\t<img decoding=\"async\" src=\"https:\/\/www.ufsm.br\/app\/uploads\/sites\/806\/elementor\/thumbs\/curso_pedologia_1-olb0zxqt2v4m0cscpedjo5jccuf8ejpxjfo27e43og.jpg\" title=\"curso_pedologia_1\" alt=\"curso_pedologia_1\" loading=\"lazy\" \/>\t\t\t\t\t\t\t\t\t\t\t<figcaption class=\"widget-image-caption wp-caption-text\">Identifica\u00e7\u00f5es de solos no campo (etapa pr\u00e1tica).<\/figcaption>\n\t\t\t\t\t\t\t\t\t\t<\/figure>\n\t\t\t\t\t\t\t<\/div>\n\t\t\t\t<\/div>\n\t\t\t\t\t<\/div>\n\t\t<\/div>\n\t\t\t\t<div class=\"elementor-column elementor-col-50 elementor-top-column elementor-element elementor-element-c13ddd4\" data-id=\"c13ddd4\" data-element_type=\"column\">\n\t\t\t<div class=\"elementor-widget-wrap elementor-element-populated\">\n\t\t\t\t\t\t<div class=\"elementor-element elementor-element-dcb1e9c elementor-widget elementor-widget-image\" data-id=\"dcb1e9c\" data-element_type=\"widget\" data-widget_type=\"image.default\">\n\t\t\t\t<div class=\"elementor-widget-container\">\n\t\t\t\t\t\t\t\t\t\t<figure class=\"wp-caption\">\n\t\t\t\t\t\t\t\t\t\t<img decoding=\"async\" src=\"https:\/\/www.ufsm.br\/app\/uploads\/sites\/806\/elementor\/thumbs\/curso_pedologia_2-olb100kbnd8gz6o98xlfdmtq501c1n14jtmin7zx5s.jpg\" title=\"curso_pedologia_2\" alt=\"curso_pedologia_2\" loading=\"lazy\" \/>\t\t\t\t\t\t\t\t\t\t\t<figcaption class=\"widget-image-caption wp-caption-text\">Turma participante do Curso de Pedologia Aplicada.<\/figcaption>\n\t\t\t\t\t\t\t\t\t\t<\/figure>\n\t\t\t\t\t\t\t<\/div>\n\t\t\t\t<\/div>\n\t\t\t\t\t<\/div>\n\t\t<\/div>\n\t\t\t\t\t<\/div>\n\t\t<\/section>\n\t\t\t\t<section class=\"elementor-section elementor-top-section elementor-element elementor-element-f10628f elementor-section-boxed elementor-section-height-default elementor-section-height-default\" data-id=\"f10628f\" data-element_type=\"section\">\n\t\t\t\t\t\t<div class=\"elementor-container elementor-column-gap-default\">\n\t\t\t\t\t<div class=\"elementor-column elementor-col-50 elementor-top-column elementor-element elementor-element-f45188a\" data-id=\"f45188a\" data-element_type=\"column\">\n\t\t\t<div class=\"elementor-widget-wrap elementor-element-populated\">\n\t\t\t\t\t\t<div class=\"elementor-element elementor-element-3ce2fab elementor-widget elementor-widget-image\" data-id=\"3ce2fab\" data-element_type=\"widget\" data-widget_type=\"image.default\">\n\t\t\t\t<div class=\"elementor-widget-container\">\n\t\t\t\t\t\t\t\t\t\t<figure class=\"wp-caption\">\n\t\t\t\t\t\t\t\t\t\t<img decoding=\"async\" src=\"https:\/\/www.ufsm.br\/app\/uploads\/sites\/806\/elementor\/thumbs\/curso_pedologia_3-olb10gjkvjucgk11nmi320sk8jukohska0prsxc880.jpg\" title=\"curso_pedologia_3\" alt=\"curso_pedologia_3\" loading=\"lazy\" \/>\t\t\t\t\t\t\t\t\t\t\t<figcaption class=\"widget-image-caption wp-caption-text\">Foto de slickensides (fei\u00e7\u00e3o morfol\u00f3gica especial) em Vertissolos Eb\u00e2nicos da Campanha ga\u00facha.<\/figcaption>\n\t\t\t\t\t\t\t\t\t\t<\/figure>\n\t\t\t\t\t\t\t<\/div>\n\t\t\t\t<\/div>\n\t\t\t\t\t<\/div>\n\t\t<\/div>\n\t\t\t\t<div class=\"elementor-column elementor-col-50 elementor-top-column elementor-element elementor-element-8a56af1\" data-id=\"8a56af1\" data-element_type=\"column\">\n\t\t\t<div class=\"elementor-widget-wrap elementor-element-populated\">\n\t\t\t\t\t\t<div class=\"elementor-element elementor-element-375757e elementor-widget elementor-widget-image\" data-id=\"375757e\" data-element_type=\"widget\" data-widget_type=\"image.default\">\n\t\t\t\t<div class=\"elementor-widget-container\">\n\t\t\t\t\t\t\t\t\t\t<figure class=\"wp-caption\">\n\t\t\t\t\t\t\t\t\t\t<img decoding=\"async\" src=\"https:\/\/www.ufsm.br\/app\/uploads\/sites\/806\/elementor\/thumbs\/curso_pedologia_4-olb10dq2b1qhhq5543a7cji6ge8h1ehd9mrbd3geqo.jpg\" title=\"curso_pedologia_4\" alt=\"curso_pedologia_4\" loading=\"lazy\" \/>\t\t\t\t\t\t\t\t\t\t\t<figcaption class=\"widget-image-caption wp-caption-text\"> Turma em aula te\u00f3rica presencial.<\/figcaption>\n\t\t\t\t\t\t\t\t\t\t<\/figure>\n\t\t\t\t\t\t\t<\/div>\n\t\t\t\t<\/div>\n\t\t\t\t\t<\/div>\n\t\t<\/div>\n\t\t\t\t\t<\/div>\n\t\t<\/section>\n\t\t\t\t<\/div>\n\t\t","protected":false},"excerpt":{"rendered":"<p>O Curso de Pedologia Aplicada foi promovido pelo grupo de Pedologia do Departamento de Solos da UFSM, juntamente com o Museu de Solos e o PPGCS. O curso foi coordenado pelo professor Fabr\u00edcio Pedron e contou com a participa\u00e7\u00e3o dos ped\u00f3logos Ricardo Dalmolin (UFSM), Egon Klamt (aposentado UFRGS), Carlos Alberto Flores (EMBRAPA) e Jaime Almeida [&hellip;]<\/p>\n","protected":false},"author":867,"featured_media":0,"parent":0,"menu_order":0,"comment_status":"closed","ping_status":"closed","template":"","meta":{"footnotes":""},"categories":[],"tags":[],"class_list":["post-449","page","type-page","status-publish","hentry"],"acf":[],"_links":{"self":[{"href":"https:\/\/www.ufsm.br\/museus\/msrs\/wp-json\/wp\/v2\/pages\/449","targetHints":{"allow":["GET"]}}],"collection":[{"href":"https:\/\/www.ufsm.br\/museus\/msrs\/wp-json\/wp\/v2\/pages"}],"about":[{"href":"https:\/\/www.ufsm.br\/museus\/msrs\/wp-json\/wp\/v2\/types\/page"}],"author":[{"embeddable":true,"href":"https:\/\/www.ufsm.br\/museus\/msrs\/wp-json\/wp\/v2\/users\/867"}],"replies":[{"embeddable":true,"href":"https:\/\/www.ufsm.br\/museus\/msrs\/wp-json\/wp\/v2\/comments?post=449"}],"version-history":[{"count":0,"href":"https:\/\/www.ufsm.br\/museus\/msrs\/wp-json\/wp\/v2\/pages\/449\/revisions"}],"wp:attachment":[{"href":"https:\/\/www.ufsm.br\/museus\/msrs\/wp-json\/wp\/v2\/media?parent=449"}],"wp:term":[{"taxonomy":"category","embeddable":true,"href":"https:\/\/www.ufsm.br\/museus\/msrs\/wp-json\/wp\/v2\/categories?post=449"},{"taxonomy":"post_tag","embeddable":true,"href":"https:\/\/www.ufsm.br\/museus\/msrs\/wp-json\/wp\/v2\/tags?post=449"}],"curies":[{"name":"wp","href":"https:\/\/api.w.org\/{rel}","templated":true}]}}