{"id":481,"date":"2020-02-13T08:34:49","date_gmt":"2020-02-13T11:34:49","guid":{"rendered":"https:\/\/www.ufsm.br\/unidades-universitarias\/ccr\/msrs\/?page_id=481"},"modified":"2020-10-18T20:44:41","modified_gmt":"2020-10-18T23:44:41","slug":"dia-mundial-do-solo","status":"publish","type":"page","link":"https:\/\/www.ufsm.br\/museus\/msrs\/dia-mundial-do-solo","title":{"rendered":"Dia Mundial do Solo"},"content":{"rendered":"\t\t<div data-elementor-type=\"wp-page\" data-elementor-id=\"481\" class=\"elementor elementor-481\">\n\t\t\t\t\t\t<section class=\"elementor-section elementor-top-section elementor-element elementor-element-045d94d elementor-section-boxed elementor-section-height-default elementor-section-height-default\" data-id=\"045d94d\" data-element_type=\"section\">\n\t\t\t\t\t\t<div class=\"elementor-container elementor-column-gap-default\">\n\t\t\t\t\t<div class=\"elementor-column elementor-col-100 elementor-top-column elementor-element elementor-element-a807678\" data-id=\"a807678\" data-element_type=\"column\">\n\t\t\t<div class=\"elementor-widget-wrap elementor-element-populated\">\n\t\t\t\t\t\t<div class=\"elementor-element elementor-element-8d02c04 elementor-widget elementor-widget-text-editor\" data-id=\"8d02c04\" data-element_type=\"widget\" data-widget_type=\"text-editor.default\">\n\t\t\t\t<div class=\"elementor-widget-container\">\n\t\t\t\t\t\t\t<p>O Dia Mundial do Solo foi institu\u00eddo em 2013 pela FAO. Comemorado pela primeira vez em 05 de dezembro de 2014, a data tem por objetivo divulgar a import\u00e2ncia dos solos para a manuten\u00e7\u00e3o da vida no planeta Terra. O dia 05 de dezembro foi escolhido em homenagem ao anivers\u00e1rio do H.M. King Bhumibol Adulyadej, o rei da Tail\u00e2ndia, o qual sancionou oficialmente a data junto a ONU. O Dia Mundial do Solo foi uma conquista da IUSS (Sociedade Internacional de Ci\u00eancia do Solo) e da Global Soil Partnership junto a FAO\/ONU. Muitas atividades educativas s\u00e3o desenvolvidas nesta data no mundo todo. O Museu de Solos do Rio Grande do Sul apoia e faz parte desta grande comemora\u00e7\u00e3o mundial, desenvolvendo atividades de educa\u00e7\u00e3o e conserva\u00e7\u00e3o dos solos do sul do Brasil. Mobilize a sua escola ou grupo de\u00a0amigos e participe tamb\u00e9m.<\/p>\t\t\t\t\t\t<\/div>\n\t\t\t\t<\/div>\n\t\t\t\t\t<\/div>\n\t\t<\/div>\n\t\t\t\t\t<\/div>\n\t\t<\/section>\n\t\t\t\t<section class=\"elementor-section elementor-top-section elementor-element elementor-element-ba249b0 elementor-section-boxed elementor-section-height-default elementor-section-height-default\" data-id=\"ba249b0\" data-element_type=\"section\">\n\t\t\t\t\t\t<div class=\"elementor-container elementor-column-gap-default\">\n\t\t\t\t\t<div class=\"elementor-column elementor-col-100 elementor-top-column elementor-element elementor-element-c73619d\" data-id=\"c73619d\" data-element_type=\"column\">\n\t\t\t<div class=\"elementor-widget-wrap elementor-element-populated\">\n\t\t\t\t\t\t<div class=\"elementor-element elementor-element-5a2d264 elementor-widget elementor-widget-heading\" data-id=\"5a2d264\" data-element_type=\"widget\" data-widget_type=\"heading.default\">\n\t\t\t\t<div class=\"elementor-widget-container\">\n\t\t\t<h5 class=\"elementor-heading-title elementor-size-medium\"><b>Campanha de 2020<\/b><\/h5>\t\t<\/div>\n\t\t\t\t<\/div>\n\t\t\t\t\t<\/div>\n\t\t<\/div>\n\t\t\t\t\t<\/div>\n\t\t<\/section>\n\t\t\t\t<section class=\"elementor-section elementor-top-section elementor-element elementor-element-4dec141 elementor-section-boxed elementor-section-height-default elementor-section-height-default\" data-id=\"4dec141\" data-element_type=\"section\">\n\t\t\t\t\t\t<div class=\"elementor-container elementor-column-gap-default\">\n\t\t\t\t\t<div class=\"elementor-column elementor-col-100 elementor-top-column elementor-element elementor-element-c8f88d5\" data-id=\"c8f88d5\" data-element_type=\"column\">\n\t\t\t<div class=\"elementor-widget-wrap elementor-element-populated\">\n\t\t\t\t\t\t<div class=\"elementor-element elementor-element-af2f085 elementor-widget elementor-widget-text-editor\" data-id=\"af2f085\" data-element_type=\"widget\" data-widget_type=\"text-editor.default\">\n\t\t\t\t<div class=\"elementor-widget-container\">\n\t\t\t\t\t\t\t<p>No ano de 2020 o tema do dia mundial do solo ser\u00e1 o seguinte: &#8220;Mantenha os solos vivos, proteja a sua biodiversidade&#8221;.\u00a0<span style=\"color: #000000;font-size: 16px\">A FAO, juntamente com a Global Soil Partnership, est\u00e1 desenvolvendo uma s\u00e9rie de atividades para divulgar a importancia da conserva\u00e7\u00e3o da biodiversidade dos solos. O Museu de Solos do RS est\u00e1 se juntando a eles para a realiza\u00e7\u00e3o de atividades relacionadas ao tema.<\/span><span style=\"color: black;font-size: 1rem\">\u00a0<\/span><\/p>\t\t\t\t\t\t<\/div>\n\t\t\t\t<\/div>\n\t\t\t\t\t<\/div>\n\t\t<\/div>\n\t\t\t\t\t<\/div>\n\t\t<\/section>\n\t\t\t\t<section class=\"elementor-section elementor-top-section elementor-element elementor-element-72269c2 elementor-section-boxed elementor-section-height-default elementor-section-height-default\" data-id=\"72269c2\" data-element_type=\"section\">\n\t\t\t\t\t\t<div class=\"elementor-container elementor-column-gap-default\">\n\t\t\t\t\t<div class=\"elementor-column elementor-col-100 elementor-top-column elementor-element elementor-element-308d29d\" data-id=\"308d29d\" data-element_type=\"column\">\n\t\t\t<div class=\"elementor-widget-wrap elementor-element-populated\">\n\t\t\t\t\t\t<div class=\"elementor-element elementor-element-42eae20 elementor-widget elementor-widget-image\" data-id=\"42eae20\" data-element_type=\"widget\" data-widget_type=\"image.default\">\n\t\t\t\t<div class=\"elementor-widget-container\">\n\t\t\t\t\t\t\t\t\t\t\t\t\t<img fetchpriority=\"high\" decoding=\"async\" width=\"1024\" height=\"349\" src=\"https:\/\/www.ufsm.br\/app\/uploads\/sites\/806\/2020\/10\/Dia-mundial-do-solo-2020-1024x349.jpg\" class=\"attachment-large size-large wp-image-959\" alt=\"\" srcset=\"https:\/\/www.ufsm.br\/app\/uploads\/sites\/806\/2020\/10\/Dia-mundial-do-solo-2020-1024x349.jpg 1024w, https:\/\/www.ufsm.br\/app\/uploads\/sites\/806\/2020\/10\/Dia-mundial-do-solo-2020-300x102.jpg 300w, https:\/\/www.ufsm.br\/app\/uploads\/sites\/806\/2020\/10\/Dia-mundial-do-solo-2020-768x261.jpg 768w, https:\/\/www.ufsm.br\/app\/uploads\/sites\/806\/2020\/10\/Dia-mundial-do-solo-2020-1536x523.jpg 1536w, https:\/\/www.ufsm.br\/app\/uploads\/sites\/806\/2020\/10\/Dia-mundial-do-solo-2020.jpg 1889w\" sizes=\"(max-width: 1024px) 100vw, 1024px\" \/>\t\t\t\t\t\t\t\t\t\t\t\t\t<\/div>\n\t\t\t\t<\/div>\n\t\t\t\t\t<\/div>\n\t\t<\/div>\n\t\t\t\t\t<\/div>\n\t\t<\/section>\n\t\t\t\t<section class=\"elementor-section elementor-top-section elementor-element elementor-element-bbd125c elementor-section-boxed elementor-section-height-default elementor-section-height-default\" data-id=\"bbd125c\" data-element_type=\"section\">\n\t\t\t\t\t\t<div class=\"elementor-container elementor-column-gap-default\">\n\t\t\t\t\t<div class=\"elementor-column elementor-col-100 elementor-top-column elementor-element elementor-element-5ac6ba8\" data-id=\"5ac6ba8\" data-element_type=\"column\">\n\t\t\t<div class=\"elementor-widget-wrap elementor-element-populated\">\n\t\t\t\t\t\t<div class=\"elementor-element elementor-element-a7003e8 elementor-widget elementor-widget-heading\" data-id=\"a7003e8\" data-element_type=\"widget\" data-widget_type=\"heading.default\">\n\t\t\t\t<div class=\"elementor-widget-container\">\n\t\t\t<h5 class=\"elementor-heading-title elementor-size-medium\"><b>Campanha de 2019<\/b><\/h5>\t\t<\/div>\n\t\t\t\t<\/div>\n\t\t\t\t\t<\/div>\n\t\t<\/div>\n\t\t\t\t\t<\/div>\n\t\t<\/section>\n\t\t\t\t<section class=\"elementor-section elementor-top-section elementor-element elementor-element-a8c06b0 elementor-section-boxed elementor-section-height-default elementor-section-height-default\" data-id=\"a8c06b0\" data-element_type=\"section\">\n\t\t\t\t\t\t<div class=\"elementor-container elementor-column-gap-default\">\n\t\t\t\t\t<div class=\"elementor-column elementor-col-100 elementor-top-column elementor-element elementor-element-7a7de5e\" data-id=\"7a7de5e\" data-element_type=\"column\">\n\t\t\t<div class=\"elementor-widget-wrap elementor-element-populated\">\n\t\t\t\t\t\t<div class=\"elementor-element elementor-element-e77e006 elementor-widget elementor-widget-text-editor\" data-id=\"e77e006\" data-element_type=\"widget\" data-widget_type=\"text-editor.default\">\n\t\t\t\t<div class=\"elementor-widget-container\">\n\t\t\t\t\t\t\t<p>Em 2019 o tema do dia mundial do solo foi o seguinte: &#8220;Pare a eros\u00e3o dos solos, salve nosso planeta&#8221;. A FAO juntamente com a Global Soil Partnership est\u00e1 desenvolvendo uma s\u00e9rie de atividades para divulgar os principais problemas de polui\u00e7\u00e3o dos solos. O Museu de Solos do RS est\u00e1 se juntando a eles para a realiza\u00e7\u00e3o de atividades relacionadas ao tema.<\/p>\t\t\t\t\t\t<\/div>\n\t\t\t\t<\/div>\n\t\t\t\t\t<\/div>\n\t\t<\/div>\n\t\t\t\t\t<\/div>\n\t\t<\/section>\n\t\t\t\t<section class=\"elementor-section elementor-top-section elementor-element elementor-element-8632b4c elementor-section-boxed elementor-section-height-default elementor-section-height-default\" data-id=\"8632b4c\" data-element_type=\"section\">\n\t\t\t\t\t\t<div class=\"elementor-container elementor-column-gap-default\">\n\t\t\t\t\t<div class=\"elementor-column elementor-col-100 elementor-top-column elementor-element elementor-element-cdc98a4\" data-id=\"cdc98a4\" data-element_type=\"column\">\n\t\t\t<div class=\"elementor-widget-wrap elementor-element-populated\">\n\t\t\t\t\t\t<div class=\"elementor-element elementor-element-9818bfa elementor-widget elementor-widget-image\" data-id=\"9818bfa\" data-element_type=\"widget\" data-widget_type=\"image.default\">\n\t\t\t\t<div class=\"elementor-widget-container\">\n\t\t\t\t\t\t\t\t\t\t\t\t\t<img decoding=\"async\" width=\"920\" height=\"180\" src=\"https:\/\/www.ufsm.br\/app\/uploads\/sites\/806\/2020\/02\/WSD19_Banner_Home_920x180_EN.jpg\" class=\"attachment-large size-large wp-image-812\" alt=\"\" srcset=\"https:\/\/www.ufsm.br\/app\/uploads\/sites\/806\/2020\/02\/WSD19_Banner_Home_920x180_EN.jpg 920w, https:\/\/www.ufsm.br\/app\/uploads\/sites\/806\/2020\/02\/WSD19_Banner_Home_920x180_EN-300x59.jpg 300w, https:\/\/www.ufsm.br\/app\/uploads\/sites\/806\/2020\/02\/WSD19_Banner_Home_920x180_EN-768x150.jpg 768w\" sizes=\"(max-width: 920px) 100vw, 920px\" \/>\t\t\t\t\t\t\t\t\t\t\t\t\t<\/div>\n\t\t\t\t<\/div>\n\t\t\t\t\t<\/div>\n\t\t<\/div>\n\t\t\t\t\t<\/div>\n\t\t<\/section>\n\t\t\t\t<section class=\"elementor-section elementor-top-section elementor-element elementor-element-53ff871 elementor-section-boxed elementor-section-height-default elementor-section-height-default\" data-id=\"53ff871\" data-element_type=\"section\">\n\t\t\t\t\t\t<div class=\"elementor-container elementor-column-gap-default\">\n\t\t\t\t\t<div class=\"elementor-column elementor-col-100 elementor-top-column elementor-element elementor-element-3306b69\" data-id=\"3306b69\" data-element_type=\"column\">\n\t\t\t<div class=\"elementor-widget-wrap elementor-element-populated\">\n\t\t\t\t\t\t<div class=\"elementor-element elementor-element-f26ee14 elementor-widget elementor-widget-text-editor\" data-id=\"f26ee14\" data-element_type=\"widget\" data-widget_type=\"text-editor.default\">\n\t\t\t\t<div class=\"elementor-widget-container\">\n\t\t\t\t\t\t\t<h5><strong>Campanha de 2018<\/strong><\/h5>\t\t\t\t\t\t<\/div>\n\t\t\t\t<\/div>\n\t\t\t\t\t<\/div>\n\t\t<\/div>\n\t\t\t\t\t<\/div>\n\t\t<\/section>\n\t\t\t\t<section class=\"elementor-section elementor-top-section elementor-element elementor-element-c259b01 elementor-section-boxed elementor-section-height-default elementor-section-height-default\" data-id=\"c259b01\" data-element_type=\"section\">\n\t\t\t\t\t\t<div class=\"elementor-container elementor-column-gap-default\">\n\t\t\t\t\t<div class=\"elementor-column elementor-col-100 elementor-top-column elementor-element elementor-element-5d30829\" data-id=\"5d30829\" data-element_type=\"column\">\n\t\t\t<div class=\"elementor-widget-wrap elementor-element-populated\">\n\t\t\t\t\t\t<div class=\"elementor-element elementor-element-f3879e8 elementor-widget elementor-widget-image\" data-id=\"f3879e8\" data-element_type=\"widget\" data-widget_type=\"image.default\">\n\t\t\t\t<div class=\"elementor-widget-container\">\n\t\t\t\t\t\t\t\t\t\t\t\t\t<img decoding=\"async\" width=\"768\" height=\"514\" src=\"https:\/\/www.ufsm.br\/app\/uploads\/sites\/806\/2020\/02\/Painel_dia_mundial_do_solo_2018-768x514.jpg\" class=\"attachment-medium_large size-medium_large wp-image-813\" alt=\"\" srcset=\"https:\/\/www.ufsm.br\/app\/uploads\/sites\/806\/2020\/02\/Painel_dia_mundial_do_solo_2018-768x514.jpg 768w, https:\/\/www.ufsm.br\/app\/uploads\/sites\/806\/2020\/02\/Painel_dia_mundial_do_solo_2018-300x201.jpg 300w, https:\/\/www.ufsm.br\/app\/uploads\/sites\/806\/2020\/02\/Painel_dia_mundial_do_solo_2018-1024x686.jpg 1024w, https:\/\/www.ufsm.br\/app\/uploads\/sites\/806\/2020\/02\/Painel_dia_mundial_do_solo_2018-1536x1028.jpg 1536w, https:\/\/www.ufsm.br\/app\/uploads\/sites\/806\/2020\/02\/Painel_dia_mundial_do_solo_2018-272x182.jpg 272w, https:\/\/www.ufsm.br\/app\/uploads\/sites\/806\/2020\/02\/Painel_dia_mundial_do_solo_2018.jpg 2048w\" sizes=\"(max-width: 768px) 100vw, 768px\" \/>\t\t\t\t\t\t\t\t\t\t\t\t\t<\/div>\n\t\t\t\t<\/div>\n\t\t\t\t\t<\/div>\n\t\t<\/div>\n\t\t\t\t\t<\/div>\n\t\t<\/section>\n\t\t\t\t<section class=\"elementor-section elementor-top-section elementor-element elementor-element-66d62ed elementor-section-boxed elementor-section-height-default elementor-section-height-default\" data-id=\"66d62ed\" data-element_type=\"section\">\n\t\t\t\t\t\t<div class=\"elementor-container elementor-column-gap-default\">\n\t\t\t\t\t<div class=\"elementor-column elementor-col-100 elementor-top-column elementor-element elementor-element-428b224\" data-id=\"428b224\" data-element_type=\"column\">\n\t\t\t<div class=\"elementor-widget-wrap elementor-element-populated\">\n\t\t\t\t\t\t<div class=\"elementor-element elementor-element-c7ea5bd elementor-widget elementor-widget-text-editor\" data-id=\"c7ea5bd\" data-element_type=\"widget\" data-widget_type=\"text-editor.default\">\n\t\t\t\t<div class=\"elementor-widget-container\">\n\t\t\t\t\t\t\t<h5><strong>Campanha de 2017<\/strong><\/h5>\t\t\t\t\t\t<\/div>\n\t\t\t\t<\/div>\n\t\t\t\t\t<\/div>\n\t\t<\/div>\n\t\t\t\t\t<\/div>\n\t\t<\/section>\n\t\t\t\t<section class=\"elementor-section elementor-top-section elementor-element elementor-element-7cf3912 elementor-section-boxed elementor-section-height-default elementor-section-height-default\" data-id=\"7cf3912\" data-element_type=\"section\">\n\t\t\t\t\t\t<div class=\"elementor-container elementor-column-gap-default\">\n\t\t\t\t\t<div class=\"elementor-column elementor-col-100 elementor-top-column elementor-element elementor-element-4419911\" data-id=\"4419911\" data-element_type=\"column\">\n\t\t\t<div class=\"elementor-widget-wrap elementor-element-populated\">\n\t\t\t\t\t\t<div class=\"elementor-element elementor-element-e40f14f elementor-widget elementor-widget-image\" data-id=\"e40f14f\" data-element_type=\"widget\" data-widget_type=\"image.default\">\n\t\t\t\t<div class=\"elementor-widget-container\">\n\t\t\t\t\t\t\t\t\t\t\t\t\t<img loading=\"lazy\" decoding=\"async\" width=\"509\" height=\"598\" src=\"https:\/\/www.ufsm.br\/app\/uploads\/sites\/806\/2020\/02\/Poster_FAO_dia_do_solo_2017.jpg\" class=\"attachment-large size-large wp-image-814\" alt=\"\" srcset=\"https:\/\/www.ufsm.br\/app\/uploads\/sites\/806\/2020\/02\/Poster_FAO_dia_do_solo_2017.jpg 509w, https:\/\/www.ufsm.br\/app\/uploads\/sites\/806\/2020\/02\/Poster_FAO_dia_do_solo_2017-255x300.jpg 255w\" sizes=\"(max-width: 509px) 100vw, 509px\" \/>\t\t\t\t\t\t\t\t\t\t\t\t\t<\/div>\n\t\t\t\t<\/div>\n\t\t\t\t\t<\/div>\n\t\t<\/div>\n\t\t\t\t\t<\/div>\n\t\t<\/section>\n\t\t\t\t<\/div>\n\t\t","protected":false},"excerpt":{"rendered":"<p>O Dia Mundial do Solo foi institu\u00eddo em 2013 pela FAO. Comemorado pela primeira vez em 05 de dezembro de 2014, a data tem por objetivo divulgar a import\u00e2ncia dos solos para a manuten\u00e7\u00e3o da vida no planeta Terra. O dia 05 de dezembro foi escolhido em homenagem ao anivers\u00e1rio do H.M. King Bhumibol Adulyadej, [&hellip;]<\/p>\n","protected":false},"author":867,"featured_media":0,"parent":0,"menu_order":0,"comment_status":"closed","ping_status":"closed","template":"","meta":{"footnotes":""},"categories":[],"tags":[],"class_list":["post-481","page","type-page","status-publish","hentry"],"acf":[],"_links":{"self":[{"href":"https:\/\/www.ufsm.br\/museus\/msrs\/wp-json\/wp\/v2\/pages\/481","targetHints":{"allow":["GET"]}}],"collection":[{"href":"https:\/\/www.ufsm.br\/museus\/msrs\/wp-json\/wp\/v2\/pages"}],"about":[{"href":"https:\/\/www.ufsm.br\/museus\/msrs\/wp-json\/wp\/v2\/types\/page"}],"author":[{"embeddable":true,"href":"https:\/\/www.ufsm.br\/museus\/msrs\/wp-json\/wp\/v2\/users\/867"}],"replies":[{"embeddable":true,"href":"https:\/\/www.ufsm.br\/museus\/msrs\/wp-json\/wp\/v2\/comments?post=481"}],"version-history":[{"count":0,"href":"https:\/\/www.ufsm.br\/museus\/msrs\/wp-json\/wp\/v2\/pages\/481\/revisions"}],"wp:attachment":[{"href":"https:\/\/www.ufsm.br\/museus\/msrs\/wp-json\/wp\/v2\/media?parent=481"}],"wp:term":[{"taxonomy":"category","embeddable":true,"href":"https:\/\/www.ufsm.br\/museus\/msrs\/wp-json\/wp\/v2\/categories?post=481"},{"taxonomy":"post_tag","embeddable":true,"href":"https:\/\/www.ufsm.br\/museus\/msrs\/wp-json\/wp\/v2\/tags?post=481"}],"curies":[{"name":"wp","href":"https:\/\/api.w.org\/{rel}","templated":true}]}}