{"id":486,"date":"2020-02-13T08:40:50","date_gmt":"2020-02-13T11:40:50","guid":{"rendered":"https:\/\/www.ufsm.br\/unidades-universitarias\/ccr\/msrs\/?page_id=486"},"modified":"2021-05-05T11:01:35","modified_gmt":"2021-05-05T14:01:35","slug":"infograficos","status":"publish","type":"page","link":"https:\/\/www.ufsm.br\/museus\/msrs\/infograficos","title":{"rendered":"Infogr\u00e1ficos"},"content":{"rendered":"\t\t<div data-elementor-type=\"wp-page\" data-elementor-id=\"486\" class=\"elementor elementor-486\">\n\t\t\t\t\t\t<section class=\"elementor-section elementor-top-section elementor-element elementor-element-02f7052 elementor-section-boxed elementor-section-height-default elementor-section-height-default\" data-id=\"02f7052\" data-element_type=\"section\">\n\t\t\t\t\t\t<div class=\"elementor-container elementor-column-gap-default\">\n\t\t\t\t\t<div class=\"elementor-column elementor-col-100 elementor-top-column elementor-element elementor-element-d22c4d5\" data-id=\"d22c4d5\" data-element_type=\"column\">\n\t\t\t<div class=\"elementor-widget-wrap elementor-element-populated\">\n\t\t\t\t\t\t<div class=\"elementor-element elementor-element-3f6afc1 elementor-widget elementor-widget-text-editor\" data-id=\"3f6afc1\" data-element_type=\"widget\" data-widget_type=\"text-editor.default\">\n\t\t\t\t<div class=\"elementor-widget-container\">\n\t\t\t\t\t\t\t<p style=\"text-align: center\"><strong>Aqui voc\u00ea poder\u00e1 realizar o donwload dos diversos infogr\u00e1ficos produzidos pelo Museu de Solos do RS.<\/strong><\/p>\t\t\t\t\t\t<\/div>\n\t\t\t\t<\/div>\n\t\t\t\t\t<\/div>\n\t\t<\/div>\n\t\t\t\t\t<\/div>\n\t\t<\/section>\n\t\t\t\t<section class=\"elementor-section elementor-top-section elementor-element elementor-element-1a0b99a elementor-section-boxed elementor-section-height-default elementor-section-height-default\" data-id=\"1a0b99a\" data-element_type=\"section\">\n\t\t\t\t\t\t<div class=\"elementor-container elementor-column-gap-default\">\n\t\t\t\t\t<div class=\"elementor-column elementor-col-100 elementor-top-column elementor-element elementor-element-6e7390a\" data-id=\"6e7390a\" data-element_type=\"column\">\n\t\t\t<div class=\"elementor-widget-wrap elementor-element-populated\">\n\t\t\t\t\t\t<div class=\"elementor-element elementor-element-4386246 elementor-widget elementor-widget-text-editor\" data-id=\"4386246\" data-element_type=\"widget\" data-widget_type=\"text-editor.default\">\n\t\t\t\t<div class=\"elementor-widget-container\">\n\t\t\t\t\t\t\t<ol><li><a href=\"https:\/\/www.ufsm.br\/museus\/solos-do-rio-grande-do-sul\/wp-content\/uploads\/sites\/806\/2020\/02\/Infografico-minerais-1.pdf\" target=\"_blank\" rel=\"noopener\">Infogr\u00e1fico minerais prim\u00e1rios no solo<\/a><\/li><li><a href=\"https:\/\/www.ufsm.br\/museus\/solos-do-rio-grande-do-sul\/wp-content\/uploads\/sites\/806\/2020\/02\/Infografico-rochas-1.pdf\" target=\"_blank\" rel=\"noopener\">Infogr\u00e1fico rochas e solos no RS<\/a><\/li><li><a href=\"https:\/\/www.ufsm.br\/museus\/solos-do-rio-grande-do-sul\/wp-content\/uploads\/sites\/806\/2020\/02\/Infografico-morfologia-do-solo-1.pdf\" target=\"_blank\" rel=\"noopener\">Infogr\u00e1fico morfologia do solo<\/a><\/li><li><a href=\"https:\/\/www.ufsm.br\/museus\/solos-do-rio-grande-do-sul\/wp-content\/uploads\/sites\/806\/2020\/02\/Infografico-feies-morfolgicas-1.pdf\" target=\"_blank\" rel=\"noopener\">Infogr\u00e1fico fei\u00e7\u00f5es morfol\u00f3gicas especiais<\/a><\/li><li><a href=\"https:\/\/www.ufsm.br\/museus\/solos-do-rio-grande-do-sul\/wp-content\/uploads\/sites\/806\/2020\/02\/Infografico-mineralogia-do-solo-1.pdf\" target=\"_blank\" rel=\"noopener\">Infogr\u00e1fico mineralogia do solo<\/a><\/li><li><a href=\"https:\/\/www.ufsm.br\/museus\/solos-do-rio-grande-do-sul\/wp-content\/uploads\/sites\/806\/2020\/02\/Infografico-solos-brasileiros-1.pdf\" target=\"_blank\" rel=\"noopener\">Infogr\u00e1fico classes de solos brasileiros<\/a><\/li><li><a href=\"https:\/\/www.ufsm.br\/app\/uploads\/sites\/806\/2021\/05\/Infografico-Solos-urbanos-1.pdf\" target=\"_blank\" rel=\"noopener\">Infogr\u00e1fico solos urbanos<\/a><\/li><\/ol>\t\t\t\t\t\t<\/div>\n\t\t\t\t<\/div>\n\t\t\t\t\t<\/div>\n\t\t<\/div>\n\t\t\t\t\t<\/div>\n\t\t<\/section>\n\t\t\t\t<\/div>\n\t\t","protected":false},"excerpt":{"rendered":"<p>Aqui voc\u00ea poder\u00e1 realizar o donwload dos diversos infogr\u00e1ficos produzidos pelo Museu de Solos do RS. Infogr\u00e1fico minerais prim\u00e1rios no solo Infogr\u00e1fico rochas e solos no RS Infogr\u00e1fico morfologia do solo Infogr\u00e1fico fei\u00e7\u00f5es morfol\u00f3gicas especiais Infogr\u00e1fico mineralogia do solo Infogr\u00e1fico classes de solos brasileiros Infogr\u00e1fico solos urbanos<\/p>\n","protected":false},"author":867,"featured_media":0,"parent":0,"menu_order":0,"comment_status":"closed","ping_status":"closed","template":"","meta":{"footnotes":""},"categories":[],"tags":[],"class_list":["post-486","page","type-page","status-publish","hentry"],"acf":[],"_links":{"self":[{"href":"https:\/\/www.ufsm.br\/museus\/msrs\/wp-json\/wp\/v2\/pages\/486","targetHints":{"allow":["GET"]}}],"collection":[{"href":"https:\/\/www.ufsm.br\/museus\/msrs\/wp-json\/wp\/v2\/pages"}],"about":[{"href":"https:\/\/www.ufsm.br\/museus\/msrs\/wp-json\/wp\/v2\/types\/page"}],"author":[{"embeddable":true,"href":"https:\/\/www.ufsm.br\/museus\/msrs\/wp-json\/wp\/v2\/users\/867"}],"replies":[{"embeddable":true,"href":"https:\/\/www.ufsm.br\/museus\/msrs\/wp-json\/wp\/v2\/comments?post=486"}],"version-history":[{"count":0,"href":"https:\/\/www.ufsm.br\/museus\/msrs\/wp-json\/wp\/v2\/pages\/486\/revisions"}],"wp:attachment":[{"href":"https:\/\/www.ufsm.br\/museus\/msrs\/wp-json\/wp\/v2\/media?parent=486"}],"wp:term":[{"taxonomy":"category","embeddable":true,"href":"https:\/\/www.ufsm.br\/museus\/msrs\/wp-json\/wp\/v2\/categories?post=486"},{"taxonomy":"post_tag","embeddable":true,"href":"https:\/\/www.ufsm.br\/museus\/msrs\/wp-json\/wp\/v2\/tags?post=486"}],"curies":[{"name":"wp","href":"https:\/\/api.w.org\/{rel}","templated":true}]}}