{"id":982,"date":"2021-03-22T11:10:01","date_gmt":"2021-03-22T14:10:01","guid":{"rendered":"https:\/\/www.ufsm.br\/museus\/msrs\/?page_id=982"},"modified":"2021-03-22T11:18:18","modified_gmt":"2021-03-22T14:18:18","slug":"ciclo-de-palestras-dia-mundial-do-solo-2020","status":"publish","type":"page","link":"https:\/\/www.ufsm.br\/museus\/msrs\/ciclo-de-palestras-dia-mundial-do-solo-2020","title":{"rendered":"Ciclo de palestras Dia Mundial do Solo 2020"},"content":{"rendered":"\t\t<div data-elementor-type=\"wp-page\" data-elementor-id=\"982\" class=\"elementor elementor-982\">\n\t\t\t\t\t\t<section class=\"elementor-section elementor-top-section elementor-element elementor-element-6643480 elementor-section-boxed elementor-section-height-default elementor-section-height-default\" data-id=\"6643480\" data-element_type=\"section\">\n\t\t\t\t\t\t<div class=\"elementor-container elementor-column-gap-default\">\n\t\t\t\t\t<div class=\"elementor-column elementor-col-100 elementor-top-column elementor-element elementor-element-47ad4d6\" data-id=\"47ad4d6\" data-element_type=\"column\">\n\t\t\t<div class=\"elementor-widget-wrap elementor-element-populated\">\n\t\t\t\t\t\t<div class=\"elementor-element elementor-element-e054130 elementor-widget elementor-widget-text-editor\" data-id=\"e054130\" data-element_type=\"widget\" data-widget_type=\"text-editor.default\">\n\t\t\t\t<div class=\"elementor-widget-container\">\n\t\t\t\t\t\t\t<p>O Ciclo de Palestras em comemora\u00e7\u00e3o ao dia mundial do solo em 2020 foi uma promo\u00e7\u00e3o do Departamento de Solos, Museu de Solos do RS, Programa de P\u00f3s-gradua\u00e7\u00e3o em Ci\u00eancia do Solo e do PET Agronomia da UFSM. O evento foi realizado de forma remota, com transmiss\u00e3o direta no canal YouTube do Museu de Solos do RS, nos dias 01, 02 e 03 de dezembro de 2020. Ao longo do evento foram realizadas 5 palestras sobre temas importantes \u00e0 ci\u00eancia do solo, conforme programa\u00e7\u00e3o abaixo.<\/p>\t\t\t\t\t\t<\/div>\n\t\t\t\t<\/div>\n\t\t\t\t\t<\/div>\n\t\t<\/div>\n\t\t\t\t\t<\/div>\n\t\t<\/section>\n\t\t\t\t<section class=\"elementor-section elementor-top-section elementor-element elementor-element-5946f9d elementor-section-boxed elementor-section-height-default elementor-section-height-default\" data-id=\"5946f9d\" data-element_type=\"section\">\n\t\t\t\t\t\t<div class=\"elementor-container elementor-column-gap-default\">\n\t\t\t\t\t<div class=\"elementor-column elementor-col-100 elementor-top-column elementor-element elementor-element-ad2fc9a\" data-id=\"ad2fc9a\" data-element_type=\"column\">\n\t\t\t<div class=\"elementor-widget-wrap elementor-element-populated\">\n\t\t\t\t\t\t<div class=\"elementor-element elementor-element-833d655 elementor-widget elementor-widget-image\" data-id=\"833d655\" data-element_type=\"widget\" data-widget_type=\"image.default\">\n\t\t\t\t<div class=\"elementor-widget-container\">\n\t\t\t\t\t\t\t\t\t\t<figure class=\"wp-caption\">\n\t\t\t\t\t\t\t\t\t\t<img fetchpriority=\"high\" decoding=\"async\" width=\"768\" height=\"770\" src=\"https:\/\/www.ufsm.br\/app\/uploads\/sites\/806\/2021\/03\/Lives-dia-mundial-do-Solo-2020-768x770.jpg\" class=\"attachment-medium_large size-medium_large wp-image-983\" alt=\"\" srcset=\"https:\/\/www.ufsm.br\/app\/uploads\/sites\/806\/2021\/03\/Lives-dia-mundial-do-Solo-2020-768x770.jpg 768w, https:\/\/www.ufsm.br\/app\/uploads\/sites\/806\/2021\/03\/Lives-dia-mundial-do-Solo-2020-300x300.jpg 300w, https:\/\/www.ufsm.br\/app\/uploads\/sites\/806\/2021\/03\/Lives-dia-mundial-do-Solo-2020-150x150.jpg 150w, https:\/\/www.ufsm.br\/app\/uploads\/sites\/806\/2021\/03\/Lives-dia-mundial-do-Solo-2020.jpg 1001w\" sizes=\"(max-width: 768px) 100vw, 768px\" \/>\t\t\t\t\t\t\t\t\t\t\t<figcaption class=\"widget-image-caption wp-caption-text\">Programa\u00e7\u00e3o do evento.<\/figcaption>\n\t\t\t\t\t\t\t\t\t\t<\/figure>\n\t\t\t\t\t\t\t<\/div>\n\t\t\t\t<\/div>\n\t\t\t\t\t<\/div>\n\t\t<\/div>\n\t\t\t\t\t<\/div>\n\t\t<\/section>\n\t\t\t\t<\/div>\n\t\t","protected":false},"excerpt":{"rendered":"<p>O Ciclo de Palestras em comemora\u00e7\u00e3o ao dia mundial do solo em 2020 foi uma promo\u00e7\u00e3o do Departamento de Solos, Museu de Solos do RS, Programa de P\u00f3s-gradua\u00e7\u00e3o em Ci\u00eancia do Solo e do PET Agronomia da UFSM. O evento foi realizado de forma remota, com transmiss\u00e3o direta no canal YouTube do Museu de Solos [&hellip;]<\/p>\n","protected":false},"author":2638,"featured_media":0,"parent":0,"menu_order":0,"comment_status":"closed","ping_status":"closed","template":"","meta":{"footnotes":""},"categories":[],"tags":[],"class_list":["post-982","page","type-page","status-publish","hentry"],"acf":[],"_links":{"self":[{"href":"https:\/\/www.ufsm.br\/museus\/msrs\/wp-json\/wp\/v2\/pages\/982","targetHints":{"allow":["GET"]}}],"collection":[{"href":"https:\/\/www.ufsm.br\/museus\/msrs\/wp-json\/wp\/v2\/pages"}],"about":[{"href":"https:\/\/www.ufsm.br\/museus\/msrs\/wp-json\/wp\/v2\/types\/page"}],"author":[{"embeddable":true,"href":"https:\/\/www.ufsm.br\/museus\/msrs\/wp-json\/wp\/v2\/users\/2638"}],"replies":[{"embeddable":true,"href":"https:\/\/www.ufsm.br\/museus\/msrs\/wp-json\/wp\/v2\/comments?post=982"}],"version-history":[{"count":0,"href":"https:\/\/www.ufsm.br\/museus\/msrs\/wp-json\/wp\/v2\/pages\/982\/revisions"}],"wp:attachment":[{"href":"https:\/\/www.ufsm.br\/museus\/msrs\/wp-json\/wp\/v2\/media?parent=982"}],"wp:term":[{"taxonomy":"category","embeddable":true,"href":"https:\/\/www.ufsm.br\/museus\/msrs\/wp-json\/wp\/v2\/categories?post=982"},{"taxonomy":"post_tag","embeddable":true,"href":"https:\/\/www.ufsm.br\/museus\/msrs\/wp-json\/wp\/v2\/tags?post=982"}],"curies":[{"name":"wp","href":"https:\/\/api.w.org\/{rel}","templated":true}]}}