{"id":28,"date":"2024-02-09T07:28:58","date_gmt":"2024-02-09T10:28:58","guid":{"rendered":"https:\/\/www.ufsm.br\/museus\/museu-do-conhecimento\/?page_id=28"},"modified":"2025-11-25T16:52:33","modified_gmt":"2025-11-25T19:52:33","slug":"agendamento","status":"publish","type":"page","link":"https:\/\/www.ufsm.br\/museus\/museu-do-conhecimento\/agendamento","title":{"rendered":"Agendamento do SCIENTIAH MUSEUM"},"content":{"rendered":"\t\t<div data-elementor-type=\"wp-page\" data-elementor-id=\"28\" class=\"elementor elementor-28\">\n\t\t\t\t\t\t<section class=\"elementor-section elementor-top-section elementor-element elementor-element-9f3b6ef elementor-section-boxed elementor-section-height-default elementor-section-height-default\" data-id=\"9f3b6ef\" data-element_type=\"section\">\n\t\t\t\t\t\t<div class=\"elementor-container elementor-column-gap-default\">\n\t\t\t\t\t<div class=\"elementor-column elementor-col-100 elementor-top-column elementor-element elementor-element-0548f77\" data-id=\"0548f77\" data-element_type=\"column\">\n\t\t\t<div class=\"elementor-widget-wrap elementor-element-populated\">\n\t\t\t\t\t\t<div class=\"elementor-element elementor-element-aab77c7 elementor-widget elementor-widget-spacer\" data-id=\"aab77c7\" data-element_type=\"widget\" data-widget_type=\"spacer.default\">\n\t\t\t\t<div class=\"elementor-widget-container\">\n\t\t\t\t\t<div class=\"elementor-spacer\">\n\t\t\t<div class=\"elementor-spacer-inner\"><\/div>\n\t\t<\/div>\n\t\t\t\t<\/div>\n\t\t\t\t<\/div>\n\t\t\t\t\t<\/div>\n\t\t<\/div>\n\t\t\t\t\t<\/div>\n\t\t<\/section>\n\t\t\t\t<section class=\"elementor-section elementor-top-section elementor-element elementor-element-4e191f13 elementor-section-boxed elementor-section-height-default elementor-section-height-default\" data-id=\"4e191f13\" data-element_type=\"section\">\n\t\t\t\t\t\t<div class=\"elementor-container elementor-column-gap-default\">\n\t\t\t\t\t<div class=\"elementor-column elementor-col-100 elementor-top-column elementor-element elementor-element-53e43a\" data-id=\"53e43a\" data-element_type=\"column\">\n\t\t\t<div class=\"elementor-widget-wrap elementor-element-populated\">\n\t\t\t\t\t\t<div class=\"elementor-element elementor-element-18697e22 elementor-widget elementor-widget-text-editor\" data-id=\"18697e22\" data-element_type=\"widget\" data-widget_type=\"text-editor.default\">\n\t\t\t\t<div class=\"elementor-widget-container\">\n\t\t\t\t\t\t\t<p class=\"has-text-align-center\" style=\"text-align: center\">Voc\u00ea gostaria de utilizar o complexo e\/ou agendar visita\u00e7\u00e3o ao <strong>Museu do Conhecimento &#8211; SCIENTIAH MUSEUM?<\/strong><\/p>\n<p><!-- \/wp:paragraph --><!-- wp:paragraph {\"align\":\"center\"} --><\/p>\n<p class=\"has-text-align-center\" style=\"text-align: center\">Acesse <a href=\"https:\/\/forms.gle\/dH14rd4pBmDRmRvk6\"><strong>AQUI<\/strong> <\/a>nosso formul\u00e1rio para registrar sua solicita\u00e7\u00e3o (obrigat\u00f3rio a partir de novembro de 2025).<\/p>\n<p class=\"has-text-align-center\" style=\"text-align: center\">Lembrando que, para a reserva de qualquer espa\u00e7o, \u00e9 imprescind\u00edvel que a solicita\u00e7\u00e3o seja feita por <strong>formul\u00e1rio<\/strong> com <strong>2 SEMANAS de anteced\u00eancia do seu evento, <\/strong>e se h\u00e1 montagem, contabilizar o tempo de montagem&nbsp;do seu evento no formul\u00e1rio. Solicita\u00e7\u00f5es fora desse prazo podem resultar no n\u00e3o atendimento ou na impossibilidade de realiza\u00e7\u00e3o do evento.<\/p>\n<p class=\"has-text-align-center\" style=\"text-align: center\">Entraremos em contato para confirmar a agenda!<\/p>\n<p class=\"has-text-align-center\" style=\"text-align: center\">\n<\/p><p class=\"has-text-align-center\" style=\"text-align: center\">\n<\/p><p class=\"has-text-align-center\" style=\"text-align: center\">\n<\/p><p class=\"has-text-align-center\" style=\"text-align: center\">\n<\/p><p class=\"has-text-align-center\" style=\"text-align: center\">\n<\/p><p><!-- \/wp:paragraph --><!-- wp:gallery {\"linkTo\":\"none\"} --><\/p>\n<p><\/p>\n<table class=\" aligncenter\" style=\"height: 819px;width: 70%;border-collapse: collapse;border-style: none;border-color: #102061;background-color: #ffffff\">\n<tbody>\n<tr>\n<td style=\"width: 43.6071%\">\n<p><img fetchpriority=\"high\" decoding=\"async\" class=\"aligncenter wp-image-88 size-medium\" src=\"https:\/\/www.ufsm.br\/app\/uploads\/sites\/917\/2025\/10\/1a-Sala-Expositiva-Solar-300x169.jpg\" alt=\"\" width=\"300\" height=\"169\" srcset=\"https:\/\/www.ufsm.br\/app\/uploads\/sites\/917\/2025\/10\/1a-Sala-Expositiva-Solar-300x169.jpg 300w, https:\/\/www.ufsm.br\/app\/uploads\/sites\/917\/2025\/10\/1a-Sala-Expositiva-Solar-1024x577.jpg 1024w, https:\/\/www.ufsm.br\/app\/uploads\/sites\/917\/2025\/10\/1a-Sala-Expositiva-Solar-768x432.jpg 768w, https:\/\/www.ufsm.br\/app\/uploads\/sites\/917\/2025\/10\/1a-Sala-Expositiva-Solar-1536x865.jpg 1536w, https:\/\/www.ufsm.br\/app\/uploads\/sites\/917\/2025\/10\/1a-Sala-Expositiva-Solar.jpg 1920w\" sizes=\"(max-width: 300px) 100vw, 300px\" \/><\/p>\n<\/td>\n<td style=\"width: 53.1532%\">\n<p><b>Sala Expositiva Solar (Sala 06)<\/b><br>&#8211; Para exposi\u00e7\u00e3o f\u00edsica de produtos resultantes de pesquisa e\/ou produ\u00e7\u00f5es art\u00edsticas<\/p>\n<p>&#8211; Sem recursos expogr\u00e1ficos no momento, como tapumes, ilhas, ferramentas<\/p>\n<p>&#8211; Reserva do espa\u00e7o<\/p>\n<p>&#8211; Sem refrigera\u00e7\u00e3o por ora, mas h\u00e1 o modo ventila\u00e7\u00e3o no ar condicionado<\/p>\n<p><\/p>\n<\/td>\n<\/tr>\n<tr>\n<td style=\"width: 43.6071%\">\n<p><img decoding=\"async\" class=\"aligncenter wp-image-89 size-medium\" src=\"https:\/\/www.ufsm.br\/app\/uploads\/sites\/917\/2025\/10\/2a-Sala-Expositiva-Palestra_2025d-1-300x169.jpg\" alt=\"\" width=\"300\" height=\"169\" srcset=\"https:\/\/www.ufsm.br\/app\/uploads\/sites\/917\/2025\/10\/2a-Sala-Expositiva-Palestra_2025d-1-300x169.jpg 300w, https:\/\/www.ufsm.br\/app\/uploads\/sites\/917\/2025\/10\/2a-Sala-Expositiva-Palestra_2025d-1-1024x577.jpg 1024w, https:\/\/www.ufsm.br\/app\/uploads\/sites\/917\/2025\/10\/2a-Sala-Expositiva-Palestra_2025d-1-768x432.jpg 768w, https:\/\/www.ufsm.br\/app\/uploads\/sites\/917\/2025\/10\/2a-Sala-Expositiva-Palestra_2025d-1-1536x865.jpg 1536w, https:\/\/www.ufsm.br\/app\/uploads\/sites\/917\/2025\/10\/2a-Sala-Expositiva-Palestra_2025d-1.jpg 1920w\" sizes=\"(max-width: 300px) 100vw, 300px\" \/><\/p>\n<\/td>\n<td style=\"width: 53.1532%\">\n<p><b>Sala de Palestras (Sala 07)<br><\/b>&nbsp;&#8211; Para divulga\u00e7\u00e3o cient\u00edfica e\/ou populariza\u00e7\u00e3o de conte\u00fados digitais<br>&#8211; 70 cadeiras dispon\u00edveis<\/p>\n<p>&#8211; 1 mesa grande para coffee break<\/p>\n<p>&#8211; 1 mesa menor para projetar<br>&#8211; V\u00e1rios totens interativos com acesso a internet<br>&#8211; Sem equipamentos de proje\u00e7\u00e3o instalados, s\u00f3 por solicita\u00e7\u00e3o<\/p>\n<p>&#8211; Ar condicionado<\/p>\n<p><\/p>\n<\/td>\n<\/tr>\n<tr>\n<td style=\"width: 43.6071%\">\n<p><img decoding=\"async\" class=\"aligncenter wp-image-90 size-medium\" src=\"https:\/\/www.ufsm.br\/app\/uploads\/sites\/917\/2025\/10\/Atrio-out-2025a-300x169.jpg\" alt=\"\" width=\"300\" height=\"169\" srcset=\"https:\/\/www.ufsm.br\/app\/uploads\/sites\/917\/2025\/10\/Atrio-out-2025a-300x169.jpg 300w, https:\/\/www.ufsm.br\/app\/uploads\/sites\/917\/2025\/10\/Atrio-out-2025a-1024x577.jpg 1024w, https:\/\/www.ufsm.br\/app\/uploads\/sites\/917\/2025\/10\/Atrio-out-2025a-768x432.jpg 768w, https:\/\/www.ufsm.br\/app\/uploads\/sites\/917\/2025\/10\/Atrio-out-2025a-1536x865.jpg 1536w, https:\/\/www.ufsm.br\/app\/uploads\/sites\/917\/2025\/10\/Atrio-out-2025a.jpg 1920w\" sizes=\"(max-width: 300px) 100vw, 300px\" \/><\/p>\n<\/td>\n<td style=\"width: 53.1532%\"><b>\u00c1trio&nbsp;<\/b><br>&#8211; Para atividades art\u00edsticas, culturais e de divulga\u00e7\u00e3o cient\u00edfica&nbsp;<br>&#8211; Sem refrigera\u00e7\u00e3o, mas h\u00e1 ventila\u00e7\u00e3o natural&nbsp; &nbsp;<\/td>\n<\/tr>\n<tr>\n<td style=\"width: 43.6071%\">\n<p><img loading=\"lazy\" decoding=\"async\" class=\"aligncenter wp-image-91 size-medium\" src=\"https:\/\/www.ufsm.br\/app\/uploads\/sites\/917\/2025\/10\/Sala-de-Cinema-Imersao-set2025h-300x169.jpg\" alt=\"\" width=\"300\" height=\"169\" srcset=\"https:\/\/www.ufsm.br\/app\/uploads\/sites\/917\/2025\/10\/Sala-de-Cinema-Imersao-set2025h-300x169.jpg 300w, https:\/\/www.ufsm.br\/app\/uploads\/sites\/917\/2025\/10\/Sala-de-Cinema-Imersao-set2025h-1024x577.jpg 1024w, https:\/\/www.ufsm.br\/app\/uploads\/sites\/917\/2025\/10\/Sala-de-Cinema-Imersao-set2025h-768x432.jpg 768w, https:\/\/www.ufsm.br\/app\/uploads\/sites\/917\/2025\/10\/Sala-de-Cinema-Imersao-set2025h-1536x865.jpg 1536w, https:\/\/www.ufsm.br\/app\/uploads\/sites\/917\/2025\/10\/Sala-de-Cinema-Imersao-set2025h.jpg 1920w\" sizes=\"(max-width: 300px) 100vw, 300px\" \/><\/p>\n<\/td>\n<td style=\"width: 53.1532%\">\n<p><b>Sala Imersiva ou Cinema&nbsp;<\/b><\/p>\n<p>&nbsp;&#8211; Sem equipamentos de proje\u00e7\u00e3o, apenas a estrutura imersiva<\/p>\n<p>&#8211; Sem janelas<\/p>\n<p>&#8211; Ar condicionado<\/p>\n<p><\/p>\n<\/td>\n<\/tr>\n<\/tbody>\n<\/table>\n<figure class=\"wp-block-gallery has-nested-images columns-default is-cropped\">\n<figure class=\"wp-block-image size-large\"><\/figure>\n<\/figure>\n<figure class=\"wp-block-gallery has-nested-images columns-default is-cropped\"><\/figure>\n<p class=\"has-text-align-center\" style=\"text-align: center\">\n<\/p><p><!-- \/wp:paragraph --><!-- wp:paragraph --><\/p>\n<p><!-- \/wp:paragraph --><!-- wp:paragraph --><\/p>\n<p><!-- \/wp:paragraph --><!-- wp:paragraph --><\/p>\n<p><!-- \/wp:paragraph --><!-- wp:paragraph --><\/p>\n<p><!-- \/wp:paragraph --><\/p>\t\t\t\t\t\t<\/div>\n\t\t\t\t<\/div>\n\t\t\t\t\t<\/div>\n\t\t<\/div>\n\t\t\t\t\t<\/div>\n\t\t<\/section>\n\t\t\t\t<section class=\"elementor-section elementor-top-section elementor-element elementor-element-2fb5634 elementor-section-boxed elementor-section-height-default elementor-section-height-default\" data-id=\"2fb5634\" data-element_type=\"section\">\n\t\t\t\t\t\t<div class=\"elementor-container elementor-column-gap-default\">\n\t\t\t\t\t<div class=\"elementor-column elementor-col-100 elementor-top-column elementor-element elementor-element-e4e72a4\" data-id=\"e4e72a4\" data-element_type=\"column\">\n\t\t\t<div class=\"elementor-widget-wrap elementor-element-populated\">\n\t\t\t\t\t\t\t<\/div>\n\t\t<\/div>\n\t\t\t\t\t<\/div>\n\t\t<\/section>\n\t\t\t\t<section class=\"elementor-section elementor-top-section elementor-element elementor-element-4fff34c elementor-section-boxed elementor-section-height-default elementor-section-height-default\" data-id=\"4fff34c\" data-element_type=\"section\">\n\t\t\t\t\t\t<div class=\"elementor-container elementor-column-gap-default\">\n\t\t\t\t\t<div class=\"elementor-column elementor-col-50 elementor-top-column elementor-element elementor-element-b1a08e1\" data-id=\"b1a08e1\" data-element_type=\"column\">\n\t\t\t<div class=\"elementor-widget-wrap elementor-element-populated\">\n\t\t\t\t\t\t<div class=\"elementor-element elementor-element-c576558 elementor-widget elementor-widget-spacer\" data-id=\"c576558\" data-element_type=\"widget\" data-widget_type=\"spacer.default\">\n\t\t\t\t<div class=\"elementor-widget-container\">\n\t\t\t\t\t<div class=\"elementor-spacer\">\n\t\t\t<div class=\"elementor-spacer-inner\"><\/div>\n\t\t<\/div>\n\t\t\t\t<\/div>\n\t\t\t\t<\/div>\n\t\t\t\t\t<\/div>\n\t\t<\/div>\n\t\t\t\t<div class=\"elementor-column elementor-col-50 elementor-top-column elementor-element elementor-element-03f2bd4\" data-id=\"03f2bd4\" data-element_type=\"column\">\n\t\t\t<div class=\"elementor-widget-wrap elementor-element-populated\">\n\t\t\t\t\t\t<div class=\"elementor-element elementor-element-590ef34 elementor-widget elementor-widget-spacer\" data-id=\"590ef34\" data-element_type=\"widget\" data-widget_type=\"spacer.default\">\n\t\t\t\t<div class=\"elementor-widget-container\">\n\t\t\t\t\t<div class=\"elementor-spacer\">\n\t\t\t<div class=\"elementor-spacer-inner\"><\/div>\n\t\t<\/div>\n\t\t\t\t<\/div>\n\t\t\t\t<\/div>\n\t\t\t\t\t<\/div>\n\t\t<\/div>\n\t\t\t\t\t<\/div>\n\t\t<\/section>\n\t\t\t\t<section class=\"elementor-section elementor-top-section elementor-element elementor-element-5d6e7e3 elementor-section-boxed elementor-section-height-default elementor-section-height-default\" data-id=\"5d6e7e3\" data-element_type=\"section\">\n\t\t\t\t\t\t<div class=\"elementor-container elementor-column-gap-default\">\n\t\t\t\t\t<div class=\"elementor-column elementor-col-100 elementor-top-column elementor-element elementor-element-d9124f3\" data-id=\"d9124f3\" data-element_type=\"column\">\n\t\t\t<div class=\"elementor-widget-wrap elementor-element-populated\">\n\t\t\t\t\t\t<div class=\"elementor-element elementor-element-69dba83 elementor-widget elementor-widget-spacer\" data-id=\"69dba83\" data-element_type=\"widget\" data-widget_type=\"spacer.default\">\n\t\t\t\t<div class=\"elementor-widget-container\">\n\t\t\t\t\t<div class=\"elementor-spacer\">\n\t\t\t<div class=\"elementor-spacer-inner\"><\/div>\n\t\t<\/div>\n\t\t\t\t<\/div>\n\t\t\t\t<\/div>\n\t\t\t\t<div class=\"elementor-element elementor-element-ecaae8b elementor-widget elementor-widget-spacer\" data-id=\"ecaae8b\" data-element_type=\"widget\" data-widget_type=\"spacer.default\">\n\t\t\t\t<div class=\"elementor-widget-container\">\n\t\t\t\t\t<div class=\"elementor-spacer\">\n\t\t\t<div class=\"elementor-spacer-inner\"><\/div>\n\t\t<\/div>\n\t\t\t\t<\/div>\n\t\t\t\t<\/div>\n\t\t\t\t\t<\/div>\n\t\t<\/div>\n\t\t\t\t\t<\/div>\n\t\t<\/section>\n\t\t\t\t<\/div>\n\t\t","protected":false},"excerpt":{"rendered":"<p>Voc\u00ea gostaria de utilizar o complexo e\/ou agendar visita\u00e7\u00e3o ao Museu do Conhecimento &#8211; SCIENTIAH MUSEUM? Acesse AQUI nosso formul\u00e1rio para registrar sua solicita\u00e7\u00e3o (obrigat\u00f3rio a partir de novembro de 2025). Lembrando que, para a reserva de qualquer espa\u00e7o, \u00e9 imprescind\u00edvel que a solicita\u00e7\u00e3o seja feita por formul\u00e1rio com 2 SEMANAS de anteced\u00eancia do seu [&hellip;]<\/p>\n","protected":false},"author":1162,"featured_media":0,"parent":0,"menu_order":0,"comment_status":"closed","ping_status":"closed","template":"","meta":{"footnotes":""},"categories":[],"tags":[],"class_list":["post-28","page","type-page","status-publish","hentry"],"acf":[],"_links":{"self":[{"href":"https:\/\/www.ufsm.br\/museus\/museu-do-conhecimento\/wp-json\/wp\/v2\/pages\/28","targetHints":{"allow":["GET"]}}],"collection":[{"href":"https:\/\/www.ufsm.br\/museus\/museu-do-conhecimento\/wp-json\/wp\/v2\/pages"}],"about":[{"href":"https:\/\/www.ufsm.br\/museus\/museu-do-conhecimento\/wp-json\/wp\/v2\/types\/page"}],"author":[{"embeddable":true,"href":"https:\/\/www.ufsm.br\/museus\/museu-do-conhecimento\/wp-json\/wp\/v2\/users\/1162"}],"replies":[{"embeddable":true,"href":"https:\/\/www.ufsm.br\/museus\/museu-do-conhecimento\/wp-json\/wp\/v2\/comments?post=28"}],"version-history":[{"count":0,"href":"https:\/\/www.ufsm.br\/museus\/museu-do-conhecimento\/wp-json\/wp\/v2\/pages\/28\/revisions"}],"wp:attachment":[{"href":"https:\/\/www.ufsm.br\/museus\/museu-do-conhecimento\/wp-json\/wp\/v2\/media?parent=28"}],"wp:term":[{"taxonomy":"category","embeddable":true,"href":"https:\/\/www.ufsm.br\/museus\/museu-do-conhecimento\/wp-json\/wp\/v2\/categories?post=28"},{"taxonomy":"post_tag","embeddable":true,"href":"https:\/\/www.ufsm.br\/museus\/museu-do-conhecimento\/wp-json\/wp\/v2\/tags?post=28"}],"curies":[{"name":"wp","href":"https:\/\/api.w.org\/{rel}","templated":true}]}}