{"id":140,"date":"2018-09-14T08:54:05","date_gmt":"2018-09-14T11:54:05","guid":{"rendered":"https:\/\/www.ufsm.br\/orgaos-executivos\/dcf\/?page_id=140"},"modified":"2025-04-23T15:32:08","modified_gmt":"2025-04-23T18:32:08","slug":"legislacao","status":"publish","type":"page","link":"https:\/\/www.ufsm.br\/orgaos-executivos\/dcf\/legislacao","title":{"rendered":"Legisla\u00e7\u00e3o"},"content":{"rendered":"\t\t<div data-elementor-type=\"wp-page\" data-elementor-id=\"140\" class=\"elementor elementor-140\">\n\t\t\t\t\t\t<section class=\"elementor-section elementor-top-section elementor-element elementor-element-f18c0fe elementor-section-boxed elementor-section-height-default elementor-section-height-default\" data-id=\"f18c0fe\" data-element_type=\"section\">\n\t\t\t\t\t\t<div class=\"elementor-container elementor-column-gap-default\">\n\t\t\t\t\t<div class=\"elementor-column elementor-col-100 elementor-top-column elementor-element elementor-element-325cc3a\" data-id=\"325cc3a\" data-element_type=\"column\">\n\t\t\t<div class=\"elementor-widget-wrap elementor-element-populated\">\n\t\t\t\t\t\t<div class=\"elementor-element elementor-element-730fe4d elementor-widget elementor-widget-text-editor\" data-id=\"730fe4d\" data-element_type=\"widget\" data-widget_type=\"text-editor.default\">\n\t\t\t\t<div class=\"elementor-widget-container\">\n\t\t\t\t\t\t\t<h5><span style=\"font-size: 12pt\">Constitui\u00e7\u00e3o Brasileira<\/span><\/h5><ul><li><span style=\"font-family: georgia, palatino, serif;font-size: 12pt\"><a href=\"https:\/\/www.planalto.gov.br\/ccivil_03\/constituicao\/ConstituicaoCompilado.htm\"><strong>Constitui\u00e7\u00e3o da Rep\u00fablica Federativa do Brasil de 1988<\/strong><\/a><\/span><\/li><\/ul><h5><span style=\"font-family: georgia, palatino, serif;font-size: 12pt\">Leis Complementares:<\/span><\/h5><ul><li><span style=\"font-family: georgia, palatino, serif;font-size: 12pt\"><a href=\"https:\/\/www.planalto.gov.br\/ccivil_03\/leis\/lcp\/lcp101.htm\"><strong>Lei Complementar 101<\/strong><\/a>, de 04 de maio de 2000 &#8211; Estabelece normas de finan\u00e7as p\u00fablicas voltadas para a responsabilidade na gest\u00e3o fiscal e d\u00e1 outras provid\u00eancias.<\/span><\/li><\/ul><h5><span style=\"font-family: georgia, palatino, serif;font-size: 12pt\">Leis Ordin\u00e1rias:<\/span><\/h5><ul><li><span style=\"font-family: georgia, palatino, serif;font-size: 12pt\"><a href=\"https:\/\/www.planalto.gov.br\/ccivil_03\/leis\/l8666cons.htm\">Lei N.\u00ba 8.666<\/a>, de 21 de junho de 1993 &#8211; institui normas para licita\u00e7\u00f5es e contratos da Administra\u00e7\u00e3o p\u00fablica e d\u00e1 outras provid\u00eancias. <span style=\"color: #008080\">Revogada em 30 de dezembro de 2023.<\/span><\/span><\/li><li><span style=\"font-family: georgia, palatino, serif;font-size: 12pt\"><a href=\"https:\/\/www.planalto.gov.br\/ccivil_03\/leis\/L8958compilado.htm\"><strong>Lei N.\u00ba 8.958<\/strong><\/a>, de 20 de dezembro de 1994 &#8211; Disp\u00f5e sobre as rela\u00e7\u00f5es entre as institui\u00e7\u00f5es federais de ensino superior e de pesquisa cient\u00edfica e tecnol\u00f3gica e as funda\u00e7\u00f5es de apoio e d\u00e1 outras provid\u00eancias.\u00a0<\/span><\/li><li><span style=\"font-family: georgia, palatino, serif;font-size: 12pt\"><a href=\"https:\/\/www.planalto.gov.br\/ccivil_03\/leis\/l9452.htm\"><strong>Lei N.\u00ba 9.452<\/strong><\/a>, de 20 de mar\u00e7o de 1997 &#8211; Determina que as C\u00e2maras Municipais sejam obrigatoriamente notificadas da libera\u00e7\u00e3o de recursos federais para os respectivos Munic\u00edpios e d\u00e1 outras provid\u00eancias.<\/span><\/li><li><span style=\"font-family: georgia, palatino, serif;font-size: 12pt\">\u00a0<a href=\"https:\/\/www.planalto.gov.br\/ccivil_03\/leis\/l9790.htm\"><strong>Lei N.\u00ba 9.790<\/strong><\/a>, de 23 de mar\u00e7o de 1999 &#8211;<span style=\"color: #000000\">\u00a0<span style=\"text-align: justify\">Disp\u00f5e sobre a qualifica\u00e7\u00e3o de pessoas jur\u00eddicas de direito privado, sem fins lucrativos, como Organiza\u00e7\u00f5es da Sociedade Civil de Interesse P\u00fablico, institui e disciplina o Termo de Parceria, e d\u00e1 outras provid\u00eancias.<\/span><\/span><\/span><\/li><li><span style=\"font-family: georgia, palatino, serif;font-size: 12pt\"><span style=\"color: #000000\"><span style=\"text-align: justify\"><a href=\"https:\/\/www.planalto.gov.br\/ccivil_03\/leis\/2002\/l10520.htm\">Lei N.\u00ba 10.520<\/a>, de 17 de julho de 2002 &#8211;\u00a0<\/span><\/span><span style=\"line-height: 107%;background-image: initial;background-position: initial;background-size: initial;background-repeat: initial;background-attachment: initial\">I<\/span>nstitui, no \u00e2mbito da Uni\u00e3o, Estados, Distrito Federal e Munic\u00edpios, nos termos do art. 37, inciso XXI, da Constitui\u00e7\u00e3o Federal, modalidade de licita\u00e7\u00e3o denominada preg\u00e3o, para aquisi\u00e7\u00e3o de bens e servi\u00e7os comuns, e d\u00e1 outras provid\u00eancias. <span style=\"color: #008080\">Revogada em 30 de dezembro de 2023.<\/span><\/span><\/li><li><span style=\"font-family: georgia, palatino, serif;font-size: 12pt\">\u00a0<strong><a href=\"https:\/\/www.planalto.gov.br\/ccivil_03\/_ato2007-2010\/2009\/lei\/l11945.htm\">Lei N.\u00ba 11.945<\/a><\/strong>, de 4 de junho de 2009 &#8211;<span style=\"color: #000000\">\u00a0<span style=\"text-align: justify\">Altera a legisla\u00e7\u00e3o tribut\u00e1ria federal e d\u00e1 outras provid\u00eancias.<\/span><\/span><\/span><\/li><li><span style=\"font-family: georgia, palatino, serif;font-size: 12pt\"><strong><a href=\"https:\/\/www.planalto.gov.br\/ccivil_03\/_ato2011-2014\/2014\/lei\/L13019compilado.htm\">Lei N.\u00ba 13.019<\/a><\/strong>, de 31 de julho de 2014, Estabelece o regime jur\u00eddico das parcerias entre a administra\u00e7\u00e3o p\u00fablica e as organiza\u00e7\u00f5es da sociedade civil, em regime de m\u00fatua coopera\u00e7\u00e3o, para a consecu\u00e7\u00e3o de finalidades de interesse p\u00fablico e rec\u00edproco, mediante a execu\u00e7\u00e3o de atividades ou de projetos previamente estabelecidos em planos de trabalho inseridos em termos de colabora\u00e7\u00e3o, em termos de fomento ou em acordos de coopera\u00e7\u00e3o; define diretrizes para a pol\u00edtica de fomento, de colabora\u00e7\u00e3o e de coopera\u00e7\u00e3o com organiza\u00e7\u00f5es da sociedade civil; e altera as Leis n.\u00ba 8.429, de 2 de junho de 1992, e 9.790, de 23 de mar\u00e7o de 1999<span style=\"color: #000000\">.\u00a0<a style=\"color: #000000\" href=\"https:\/\/www.planalto.gov.br\/ccivil_03\/_Ato2015-2018\/2015\/Lei\/L13204.htm#art1\">(Reda\u00e7\u00e3o dada pela Lei n\u00ba 13.204, de 2015)<\/a><\/span><\/span><\/li><li><span style=\"font-family: georgia, palatino, serif;font-size: 12pt\"><strong><a href=\"https:\/\/www.planalto.gov.br\/ccivil_03\/_ato2019-2022\/2021\/lei\/l14133.htm\">Lei N.\u00ba 14.133<\/a><\/strong>, de 01 de abril de 2021, Lei de Licita\u00e7\u00f5es e Contratos Administrativos.<\/span><\/li><\/ul>\t\t\t\t\t\t<\/div>\n\t\t\t\t<\/div>\n\t\t\t\t\t<\/div>\n\t\t<\/div>\n\t\t\t\t\t<\/div>\n\t\t<\/section>\n\t\t\t\t<section class=\"elementor-section elementor-top-section elementor-element elementor-element-c7d5ecb elementor-section-boxed elementor-section-height-default elementor-section-height-default\" data-id=\"c7d5ecb\" data-element_type=\"section\">\n\t\t\t\t\t\t<div class=\"elementor-container elementor-column-gap-default\">\n\t\t\t\t\t<div class=\"elementor-column elementor-col-100 elementor-top-column elementor-element elementor-element-e69f0c4\" data-id=\"e69f0c4\" data-element_type=\"column\">\n\t\t\t<div class=\"elementor-widget-wrap elementor-element-populated\">\n\t\t\t\t\t\t<div class=\"elementor-element elementor-element-c9c5b8b elementor-widget elementor-widget-text-editor\" data-id=\"c9c5b8b\" data-element_type=\"widget\" data-widget_type=\"text-editor.default\">\n\t\t\t\t<div class=\"elementor-widget-container\">\n\t\t\t\t\t\t\t<h5>Decretos Legislativos:<\/h5><ul><li><a href=\"https:\/\/www.planalto.gov.br\/ccivil_03\/decreto-lei\/del0200.htm#view\"><strong>Decreto Lei N.\u00ba 200<\/strong><\/a>, de 25 de fevereiro de 1967 &#8211; Disp\u00f5e sobre a organiza\u00e7\u00e3o da Administra\u00e7\u00e3o Federal, estabelece diretrizes para a Reforma Administrativa e d\u00e1 outras provid\u00eancias.<\/li><li><strong><a href=\"https:\/\/www.planalto.gov.br\/ccivil_03\/decreto\/d93872.htm#view\">Decreto N.\u00ba 93.872<\/a><\/strong>, de 23 de dezembro de 1986 &#8211; Disp\u00f5e sobre a unifica\u00e7\u00e3o dos recursos de caixa do Tesouro Nacional, atualiza e consolida a legisla\u00e7\u00e3o pertinente e d\u00e1 outras provid\u00eancias.<\/li><li><a href=\"https:\/\/www.planalto.gov.br\/ccivil_03\/decreto\/1996\/D1819.htm\">Decreto N.\u00ba 1.819<\/a>, de 16 de fevereiro de 1996 (revogado em 01\/09\/2023) &#8211; Disciplina as transfer\u00eancias de recursos da Uni\u00e3o por interm\u00e9dio de institui\u00e7\u00f5es e ag\u00eancias financeiras oficiais federais e d\u00e1 outras provid\u00eancias. <span style=\"color: #008080\">(revogado em 01\/09\/2023)<\/span><\/li><li><a href=\"https:\/\/www.planalto.gov.br\/ccivil_03\/decreto\/d3100.htm\"><strong>Decreto N.\u00ba 3.100<\/strong><\/a>, de 30 de junho de 1999 &#8211; Regulamenta a Lei n<sup><u>o<\/u><\/sup> 9.790, de 23 de mar\u00e7o de 1999, que disp\u00f5e sobre a qualifica\u00e7\u00e3o de pessoas jur\u00eddicas de direito privado, sem fins lucrativos, como Organiza\u00e7\u00f5es da Sociedade Civil de Interesse P\u00fablico, institui e disciplina o Termo de Parceria, e d\u00e1 outras provid\u00eancias.<\/li><li><a href=\"https:\/\/www.planalto.gov.br\/ccivil_03\/_ato2007-2010\/2007\/decreto\/d6170.htm\">Decreto N.\u00ba 6.170<\/a>, de 25 de julho de 2007 &#8211; Disp\u00f5e sobre as normas relativas \u00e0s transfer\u00eancias de recursos da Uni\u00e3o mediante conv\u00eanios e contratos de repasse, e d\u00e1 outras provid\u00eancias. <span style=\"color: #008080\">(revogado em 01\/09\/2023).<\/span><\/li><\/ul>\t\t\t\t\t\t<\/div>\n\t\t\t\t<\/div>\n\t\t\t\t\t<\/div>\n\t\t<\/div>\n\t\t\t\t\t<\/div>\n\t\t<\/section>\n\t\t\t\t<section class=\"elementor-section elementor-top-section elementor-element elementor-element-d979413 elementor-section-boxed elementor-section-height-default elementor-section-height-default\" data-id=\"d979413\" data-element_type=\"section\">\n\t\t\t\t\t\t<div class=\"elementor-container elementor-column-gap-default\">\n\t\t\t\t\t<div class=\"elementor-column elementor-col-100 elementor-top-column elementor-element elementor-element-e25d7c1\" data-id=\"e25d7c1\" data-element_type=\"column\">\n\t\t\t<div class=\"elementor-widget-wrap elementor-element-populated\">\n\t\t\t\t\t\t<div class=\"elementor-element elementor-element-0ad78c0 elementor-widget elementor-widget-text-editor\" data-id=\"0ad78c0\" data-element_type=\"widget\" data-widget_type=\"text-editor.default\">\n\t\t\t\t<div class=\"elementor-widget-container\">\n\t\t\t\t\t\t\t<h5>Resolu\u00e7\u00f5es:<\/h5><ul><li><span style=\"font-family: georgia, palatino, serif;font-size: 12pt\"><strong><a href=\"https:\/\/www.ufsm.br\/pro-reitorias\/proplan\/resolucao-n-025-2012\">Resolu\u00e7\u00e3o UFSM N.\u00ba 025<\/a>,<\/strong> de 05 de novembro de 2012 &#8211; Disp\u00f5e, no \u00e2mbito da UFSM, sobre as diretrizes e normas relativas \u00e0 presta\u00e7\u00e3o de servi\u00e7os, por meio do desenvolvimento de atividades voltadas ao ensino, \u00e0 pesquisa cient\u00edfica e tecnol\u00f3gica, \u00e0 extens\u00e3o universit\u00e1ria e a inova\u00e7\u00e3o.<\/span><\/li><li><span style=\"font-family: georgia, palatino, serif;font-size: 12pt\"><span style=\"color: blue\"><span style=\"color: #000000\"><a href=\"https:\/\/www.ufsm.br\/pro-reitorias\/proplan\/resolucao-ufsm-n-089-2022\"><strong>Resolu\u00e7\u00e3o UFSM N.\u00ba 089<\/strong><\/a>, de 06 de maio de 2022 &#8211; Regulamenta a rela\u00e7\u00e3o entre a Universidade Federal de Santa Maria (UFSM) e funda\u00e7\u00f5es de apoio para a execu\u00e7\u00e3o de projetos de pesquisa, ensino, extens\u00e3o, desenvolvimento institucional, cient\u00edfico e tecnol\u00f3gico, est\u00edmulo \u00e0 inova\u00e7\u00e3o e presta\u00e7\u00e3o de servi\u00e7os.<\/span><\/span><\/span><\/li><li><a href=\"https:\/\/www.ufsm.br\/pro-reitorias\/proplan\/resolucao-ufsm-n-135-de-04-de-julho-de-2023\"><strong>Resolu\u00e7\u00e3o UFSM N.\u00ba 153<\/strong><\/a>, de 04 de julho de 2023 &#8211; Disciplina a tramita\u00e7\u00e3o de Processos e Acordos de Coopera\u00e7\u00e3o T\u00e9cnica, Protocolos de Inten\u00e7\u00f5es e outros instrumentos cong\u00eaneres que n\u00e3o envolvam transfer\u00eancia de recursos financeiros.\u00a0<\/li><\/ul>\t\t\t\t\t\t<\/div>\n\t\t\t\t<\/div>\n\t\t\t\t\t<\/div>\n\t\t<\/div>\n\t\t\t\t\t<\/div>\n\t\t<\/section>\n\t\t\t\t<section class=\"elementor-section elementor-top-section elementor-element elementor-element-5548f56 elementor-section-boxed elementor-section-height-default elementor-section-height-default\" data-id=\"5548f56\" data-element_type=\"section\">\n\t\t\t\t\t\t<div class=\"elementor-container elementor-column-gap-default\">\n\t\t\t\t\t<div class=\"elementor-column elementor-col-100 elementor-top-column elementor-element elementor-element-49c7d82\" data-id=\"49c7d82\" data-element_type=\"column\">\n\t\t\t<div class=\"elementor-widget-wrap elementor-element-populated\">\n\t\t\t\t\t\t<div class=\"elementor-element elementor-element-8e4db30 elementor-widget elementor-widget-text-editor\" data-id=\"8e4db30\" data-element_type=\"widget\" data-widget_type=\"text-editor.default\">\n\t\t\t\t<div class=\"elementor-widget-container\">\n\t\t\t\t\t\t\t<h5>Portarias:<\/h5><p>&#8211;\u00a0<a href=\"https:\/\/www.ufsm.br\/orgaos-executivos\/dcf\/wp-content\/uploads\/sites\/407\/2018\/09\/PORTARIA_INTERMINISTERIAL_N_424_de_30_de_dezembro_de_2016_Alterada_PI_101_de_20_de_abril_de_2017.pdf\" target=\"_blank\" rel=\"noopener\">Portaria Interministerial N.\u00ba 424, de 30 de dezembro de 2016\u00a0(Vigente a partir de 2 de janeiro de 2017<\/a>) e<\/p><p>alterada pela\u00a0<a href=\"https:\/\/www.ufsm.br\/orgaos-executivos\/dcf\/wp-content\/uploads\/sites\/407\/2018\/09\/PORTARIA_INTERMINISTERIAL_N__101_DE_20_DE_ABRIL_DE_2017.pdf\" target=\"_blank\" rel=\"noopener\">Portaria Interministerial N.\u00ba 101, de 20 de abril de 2017<\/a><\/p><p>&#8211;\u00a0<a href=\"https:\/\/www.ufsm.br\/orgaos-executivos\/dcf\/wp-content\/uploads\/sites\/407\/2018\/09\/Portaria_Interministerial_n_507_de_24_novembro_de_2011.pdf\" target=\"_blank\" rel=\"noopener\">Portaria Interministerial N.\u00ba 507, de 24 de novembro de 2011<\/a>\u00a0(Vigente at\u00e9 1\u00ba de janeiro de 2017)<\/p><p>&#8211;\u00a0<a href=\"https:\/\/www.ufsm.br\/orgaos-executivos\/dcf\/wp-content\/uploads\/sites\/407\/2018\/09\/Portaria_Interministerial_40_de_060214.pdf\" target=\"_blank\" rel=\"noopener\">Portaria Interministerial N.\u00ba 40, de 6 de fevereiro de 2014\u00a0<\/a><\/p><h5>Instru\u00e7\u00f5es Normativas:<\/h5><p>&#8211;\u00a0<a href=\"https:\/\/www.ufsm.br\/orgaos-executivos\/dcf\/wp-content\/uploads\/sites\/407\/2018\/09\/Instruo_Normativa_N_6_de_27_de_julho_de_2012.pdf\" target=\"_blank\" rel=\"noopener\">Instru\u00e7\u00e3o Normativa N.\u00ba 6, de 27 de julho de 2012<\/a><\/p><p>&#8211;\u00a0<a href=\"https:\/\/www.ufsm.br\/orgaos-executivos\/dcf\/wp-content\/uploads\/sites\/407\/2018\/09\/INSTRUCAO_NORMATIVA_N_11_DE_28_DE_NOVEMBRO_DE_2012.pdf\" target=\"_blank\" rel=\"noopener\">Instru\u00e7\u00e3o Normativa N.\u00ba 11, de 28 de novembro de 2012<\/a><\/p><h5>Ac\u00f3rd\u00e3os:<\/h5><p>&#8211;\u00a0<a href=\"https:\/\/www.ufsm.br\/orgaos-executivos\/dcf\/wp-content\/uploads\/sites\/407\/2018\/09\/ACORDAO_N_2259-2007.pdf\" target=\"_blank\" rel=\"noopener\">Ac\u00f3rd\u00e3o TCU n\u00ba 2259\/2007 &#8211; Plen\u00e1rio<\/a><\/p><p>&#8211;\u00a0<a href=\"https:\/\/www.ufsm.br\/orgaos-executivos\/dcf\/wp-content\/uploads\/sites\/407\/2018\/09\/AcordaoTCU_1331_2008.pdf\" target=\"_blank\" rel=\"noopener\">Ac\u00f3rd\u00e3o TCU n\u00ba 1331\/2008 &#8211; Plen\u00e1rio<\/a><\/p><p>&#8211;\u00a0<a href=\"https:\/\/www.ufsm.br\/orgaos-executivos\/dcf\/wp-content\/uploads\/sites\/407\/2018\/09\/ACORDO_N_2731-2008_TCU_Plenrio.pdf\" target=\"_blank\" rel=\"noopener\">Ac\u00f3rd\u00e3o TCU n\u00ba 2731\/2008 &#8211; Plen\u00e1rio<\/a><\/p><p>&#8211;\u00a0<a href=\"https:\/\/www.ufsm.br\/orgaos-executivos\/dcf\/wp-content\/uploads\/sites\/407\/2018\/09\/Acordao_TCU_510-2009.pdf\" target=\"_blank\" rel=\"noopener\">Ac\u00f3rd\u00e3o TCU n\u00ba 510\/2009 \u2013 Institui\u00e7\u00f5es Federais de Ensino Superior<\/a><\/p><p>&#8211;\u00a0<a href=\"https:\/\/www.ufsm.br\/orgaos-executivos\/dcf\/wp-content\/uploads\/sites\/407\/2018\/09\/ACORDAO_N_2016-2011_TCU_Plenrio.pdf\" target=\"_blank\" rel=\"noopener\">Ac\u00f3rd\u00e3o TCU n\u00ba 2016\/2011 &#8211; Plen\u00e1rio<\/a><\/p><p>&#8211;\u00a0<a href=\"https:\/\/www.ufsm.br\/orgaos-executivos\/dcf\/wp-content\/uploads\/sites\/407\/2018\/09\/Acordao_N_2927-2013_de_30-10-13.pdf\" target=\"_blank\" rel=\"noopener\">Ac\u00f3rd\u00e3o TCU n\u00ba 2927\/2013 &#8211; Plen\u00e1rio<\/a><\/p>\t\t\t\t\t\t<\/div>\n\t\t\t\t<\/div>\n\t\t\t\t\t<\/div>\n\t\t<\/div>\n\t\t\t\t\t<\/div>\n\t\t<\/section>\n\t\t\t\t<\/div>\n\t\t","protected":false},"excerpt":{"rendered":"<p>Constitui\u00e7\u00e3o Brasileira Constitui\u00e7\u00e3o da Rep\u00fablica Federativa do Brasil de 1988 Leis Complementares: Lei Complementar 101, de 04 de maio de 2000 &#8211; Estabelece normas de finan\u00e7as p\u00fablicas voltadas para a responsabilidade na gest\u00e3o fiscal e d\u00e1 outras provid\u00eancias. Leis Ordin\u00e1rias: Lei N.\u00ba 8.666, de 21 de junho de 1993 &#8211; institui normas para licita\u00e7\u00f5es e [&hellip;]<\/p>\n","protected":false},"author":194,"featured_media":0,"parent":0,"menu_order":0,"comment_status":"closed","ping_status":"closed","template":"","meta":{"footnotes":""},"categories":[],"tags":[],"class_list":["post-140","page","type-page","status-publish","hentry"],"acf":[],"_links":{"self":[{"href":"https:\/\/www.ufsm.br\/orgaos-executivos\/dcf\/wp-json\/wp\/v2\/pages\/140","targetHints":{"allow":["GET"]}}],"collection":[{"href":"https:\/\/www.ufsm.br\/orgaos-executivos\/dcf\/wp-json\/wp\/v2\/pages"}],"about":[{"href":"https:\/\/www.ufsm.br\/orgaos-executivos\/dcf\/wp-json\/wp\/v2\/types\/page"}],"author":[{"embeddable":true,"href":"https:\/\/www.ufsm.br\/orgaos-executivos\/dcf\/wp-json\/wp\/v2\/users\/194"}],"replies":[{"embeddable":true,"href":"https:\/\/www.ufsm.br\/orgaos-executivos\/dcf\/wp-json\/wp\/v2\/comments?post=140"}],"version-history":[{"count":0,"href":"https:\/\/www.ufsm.br\/orgaos-executivos\/dcf\/wp-json\/wp\/v2\/pages\/140\/revisions"}],"wp:attachment":[{"href":"https:\/\/www.ufsm.br\/orgaos-executivos\/dcf\/wp-json\/wp\/v2\/media?parent=140"}],"wp:term":[{"taxonomy":"category","embeddable":true,"href":"https:\/\/www.ufsm.br\/orgaos-executivos\/dcf\/wp-json\/wp\/v2\/categories?post=140"},{"taxonomy":"post_tag","embeddable":true,"href":"https:\/\/www.ufsm.br\/orgaos-executivos\/dcf\/wp-json\/wp\/v2\/tags?post=140"}],"curies":[{"name":"wp","href":"https:\/\/api.w.org\/{rel}","templated":true}]}}