{"id":827,"date":"2022-09-25T19:20:37","date_gmt":"2022-09-25T22:20:37","guid":{"rendered":"https:\/\/www.ufsm.br\/orgaos-executivos\/dcf\/?page_id=827"},"modified":"2026-01-21T14:42:58","modified_gmt":"2026-01-21T17:42:58","slug":"tutoriais","status":"publish","type":"page","link":"https:\/\/www.ufsm.br\/orgaos-executivos\/dcf\/tutoriais","title":{"rendered":"Tutoriais"},"content":{"rendered":"\t\t<div data-elementor-type=\"wp-page\" data-elementor-id=\"827\" class=\"elementor elementor-827\">\n\t\t\t\t\t\t<section class=\"elementor-section elementor-top-section elementor-element elementor-element-e42e69c elementor-section-boxed elementor-section-height-default elementor-section-height-default\" data-id=\"e42e69c\" data-element_type=\"section\">\n\t\t\t\t\t\t<div class=\"elementor-container elementor-column-gap-default\">\n\t\t\t\t\t<div class=\"elementor-column elementor-col-100 elementor-top-column elementor-element elementor-element-50339e9\" data-id=\"50339e9\" data-element_type=\"column\">\n\t\t\t<div class=\"elementor-widget-wrap elementor-element-populated\">\n\t\t\t\t\t\t<div class=\"elementor-element elementor-element-8cdb247 elementor-widget elementor-widget-toggle\" data-id=\"8cdb247\" data-element_type=\"widget\" data-widget_type=\"toggle.default\">\n\t\t\t\t<div class=\"elementor-widget-container\">\n\t\t\t\t\t<div class=\"elementor-toggle\">\n\t\t\t\t\t\t\t<div class=\"elementor-toggle-item\">\n\t\t\t\t\t<div id=\"elementor-tab-title-1471\" class=\"elementor-tab-title\" data-tab=\"1\" role=\"button\" aria-controls=\"elementor-tab-content-1471\" aria-expanded=\"false\">\n\t\t\t\t\t\t\t\t\t\t\t\t<span class=\"elementor-toggle-icon elementor-toggle-icon-left\" aria-hidden=\"true\">\n\t\t\t\t\t\t\t\t\t\t\t\t\t\t\t<span class=\"elementor-toggle-icon-closed\"><i class=\"fas fa-chevron-down\"><\/i><\/span>\n\t\t\t\t\t\t\t\t<span class=\"elementor-toggle-icon-opened\"><i class=\"elementor-toggle-icon-opened fas fa-caret-up\"><\/i><\/span>\n\t\t\t\t\t\t\t\t\t\t\t\t\t<\/span>\n\t\t\t\t\t\t\t\t\t\t\t\t<a class=\"elementor-toggle-title\" tabindex=\"0\">PEN - SIE<\/a>\n\t\t\t\t\t<\/div>\n\n\t\t\t\t\t<div id=\"elementor-tab-content-1471\" class=\"elementor-tab-content elementor-clearfix\" data-tab=\"1\" role=\"region\" aria-labelledby=\"elementor-tab-title-1471\"><ul><li><a href=\"https:\/\/www.ufsm.br\/orgaos-executivos\/dcf\/criar-novo-processo-de-liquidacao-e-pagamento-de-documentos-fiscais-fornecedores\/\" target=\"_blank\" rel=\"noopener\">Criar novo processo de liquida\u00e7\u00e3o e pagamento de documentos fiscais (FORNECEDORES)<\/a><\/li><li><a href=\"https:\/\/www.ufsm.br\/orgaos-executivos\/dcf\/consultar-pagamentos-portal-documentos-ufsm\" target=\"_blank\" rel=\"noopener\">Consultar pagamentos no Portal de Documentos da UFSM (Consulta de processos)<\/a><\/li><li><a href=\"https:\/\/www.ufsm.br\/orgaos-executivos\/dcf\/solicitar-cadastro-de-novo-usuario-no-siafi\/\" target=\"_blank\" rel=\"noopener\">Solicitar cadastro de novo usu\u00e1rio no SIAFI<\/a><\/li><\/ul><\/div>\n\t\t\t\t<\/div>\n\t\t\t\t\t\t\t<div class=\"elementor-toggle-item\">\n\t\t\t\t\t<div id=\"elementor-tab-title-1472\" class=\"elementor-tab-title\" data-tab=\"2\" role=\"button\" aria-controls=\"elementor-tab-content-1472\" aria-expanded=\"false\">\n\t\t\t\t\t\t\t\t\t\t\t\t<span class=\"elementor-toggle-icon elementor-toggle-icon-left\" aria-hidden=\"true\">\n\t\t\t\t\t\t\t\t\t\t\t\t\t\t\t<span class=\"elementor-toggle-icon-closed\"><i class=\"fas fa-chevron-down\"><\/i><\/span>\n\t\t\t\t\t\t\t\t<span class=\"elementor-toggle-icon-opened\"><i class=\"elementor-toggle-icon-opened fas fa-caret-up\"><\/i><\/span>\n\t\t\t\t\t\t\t\t\t\t\t\t\t<\/span>\n\t\t\t\t\t\t\t\t\t\t\t\t<a class=\"elementor-toggle-title\" tabindex=\"0\">SIAFI OPERACIONAL (TELA PRETA)<\/a>\n\t\t\t\t\t<\/div>\n\n\t\t\t\t\t<div id=\"elementor-tab-content-1472\" class=\"elementor-tab-content elementor-clearfix\" data-tab=\"2\" role=\"region\" aria-labelledby=\"elementor-tab-title-1472\"><ul><li><a href=\"https:\/\/hod.serpro.gov.br\/a83016cv\/manual\" target=\"_blank\" rel=\"noopener\">Manual HOD (Servi\u00e7o Federal de Processamento de Dados &#8211; SERPRO)<\/a><\/li><li><a href=\"https:\/\/www.ufsm.br\/orgaos-executivos\/dcf\/primeiros-passos-siafi-operacional\/\" target=\"_blank\" rel=\"noopener\">Primeiros passos no SIAFI OPERACIONAL (TELA PRETA)<\/a><\/li><li><a href=\"https:\/\/www.ufsm.br\/orgaos-executivos\/dcf\/comando-conrazao-consultar-saldo-de-empenho\/\" target=\"_blank\" rel=\"noopener\">Comando &gt;CONRAZAO (consultar saldo de empenho)<\/a><\/li><li><a href=\"https:\/\/www.ufsm.br\/orgaos-executivos\/dcf\/configurar-telas-de-impressao-por-pagina\/\" target=\"_blank\" rel=\"noopener\">Configurar telas de impress\u00e3o por p\u00e1gina (imprimir 2 telas por p\u00e1gina)<\/a><\/li><li><a href=\"https:\/\/www.ufsm.br\/orgaos-executivos\/dcf\/imprimir-documento-em-pdf-extraido-do-siafi-operacional-tela-preta\/\" target=\"_blank\" rel=\"noopener\">Imprimir documento em pdf no SIAFI OPERACIONAL (TELA PRETA)<\/a><\/li><\/ul><\/div>\n\t\t\t\t<\/div>\n\t\t\t\t\t\t\t<div class=\"elementor-toggle-item\">\n\t\t\t\t\t<div id=\"elementor-tab-title-1473\" class=\"elementor-tab-title\" data-tab=\"3\" role=\"button\" aria-controls=\"elementor-tab-content-1473\" aria-expanded=\"false\">\n\t\t\t\t\t\t\t\t\t\t\t\t<span class=\"elementor-toggle-icon elementor-toggle-icon-left\" aria-hidden=\"true\">\n\t\t\t\t\t\t\t\t\t\t\t\t\t\t\t<span class=\"elementor-toggle-icon-closed\"><i class=\"fas fa-chevron-down\"><\/i><\/span>\n\t\t\t\t\t\t\t\t<span class=\"elementor-toggle-icon-opened\"><i class=\"elementor-toggle-icon-opened fas fa-caret-up\"><\/i><\/span>\n\t\t\t\t\t\t\t\t\t\t\t\t\t<\/span>\n\t\t\t\t\t\t\t\t\t\t\t\t<a class=\"elementor-toggle-title\" tabindex=\"0\">SIAFI WEB (TELA BRANCA)<\/a>\n\t\t\t\t\t<\/div>\n\n\t\t\t\t\t<div id=\"elementor-tab-content-1473\" class=\"elementor-tab-content elementor-clearfix\" data-tab=\"3\" role=\"region\" aria-labelledby=\"elementor-tab-title-1473\"><ul><li><a href=\"https:\/\/www.ufsm.br\/orgaos-executivos\/dcf\/consultar-pagamentos-no-siafi-web-tela-branca\/\" target=\"_blank\" rel=\"noopener\">Consultar pagamentos no SIAFI WEB (TELA BRANCA)<\/a><\/li><li><a href=\"https:\/\/www.ufsm.br\/orgaos-executivos\/dcf\/extrair-gerar-pdf-empenho-no-siafi-web-tela-branca\/\" target=\"_blank\" rel=\"noopener\">Imprimir empenho SIAFI em pdf no SIAFI WEB (TELA BRANCA)<\/a><\/li><\/ul><\/div>\n\t\t\t\t<\/div>\n\t\t\t\t\t\t\t<div class=\"elementor-toggle-item\">\n\t\t\t\t\t<div id=\"elementor-tab-title-1474\" class=\"elementor-tab-title\" data-tab=\"4\" role=\"button\" aria-controls=\"elementor-tab-content-1474\" aria-expanded=\"false\">\n\t\t\t\t\t\t\t\t\t\t\t\t<span class=\"elementor-toggle-icon elementor-toggle-icon-left\" aria-hidden=\"true\">\n\t\t\t\t\t\t\t\t\t\t\t\t\t\t\t<span class=\"elementor-toggle-icon-closed\"><i class=\"fas fa-chevron-down\"><\/i><\/span>\n\t\t\t\t\t\t\t\t<span class=\"elementor-toggle-icon-opened\"><i class=\"elementor-toggle-icon-opened fas fa-caret-up\"><\/i><\/span>\n\t\t\t\t\t\t\t\t\t\t\t\t\t<\/span>\n\t\t\t\t\t\t\t\t\t\t\t\t<a class=\"elementor-toggle-title\" tabindex=\"0\">SIE - DESKTOP<\/a>\n\t\t\t\t\t<\/div>\n\n\t\t\t\t\t<div id=\"elementor-tab-content-1474\" class=\"elementor-tab-content elementor-clearfix\" data-tab=\"4\" role=\"region\" aria-labelledby=\"elementor-tab-title-1474\"><ul><li><a href=\"https:\/\/www.ufsm.br\/orgaos-executivos\/dcf\/cadastrar-empenho-no-sie-desktop\/\" target=\"_blank\" rel=\"noopener\">Cadastrar empenho no SIE &#8211; DESKTOP<\/a><\/li><li><a href=\"https:\/\/www.ufsm.br\/orgaos-executivos\/dcf\/localizar-nota-fiscal-ou-documento-de-recepcao-no-sie-desktop\/\" target=\"_blank\" rel=\"noopener\">Localizar nota fiscal ou documento de recep\u00e7\u00e3o no SIE &#8211; DESKTOP<\/a><\/li><li><a href=\"https:\/\/www.ufsm.br\/orgaos-executivos\/dcf\/devolver-saldo-de-empenho-no-sie-desktop\/\" target=\"_blank\" rel=\"noopener\">Devolver saldo de empenho no SIE &#8211; DESKTOP<\/a><\/li><\/ul><\/div>\n\t\t\t\t<\/div>\n\t\t\t\t\t\t\t<div class=\"elementor-toggle-item\">\n\t\t\t\t\t<div id=\"elementor-tab-title-1475\" class=\"elementor-tab-title\" data-tab=\"5\" role=\"button\" aria-controls=\"elementor-tab-content-1475\" aria-expanded=\"false\">\n\t\t\t\t\t\t\t\t\t\t\t\t<span class=\"elementor-toggle-icon elementor-toggle-icon-left\" aria-hidden=\"true\">\n\t\t\t\t\t\t\t\t\t\t\t\t\t\t\t<span class=\"elementor-toggle-icon-closed\"><i class=\"fas fa-chevron-down\"><\/i><\/span>\n\t\t\t\t\t\t\t\t<span class=\"elementor-toggle-icon-opened\"><i class=\"elementor-toggle-icon-opened fas fa-caret-up\"><\/i><\/span>\n\t\t\t\t\t\t\t\t\t\t\t\t\t<\/span>\n\t\t\t\t\t\t\t\t\t\t\t\t<a class=\"elementor-toggle-title\" tabindex=\"0\">VARIADOS<\/a>\n\t\t\t\t\t<\/div>\n\n\t\t\t\t\t<div id=\"elementor-tab-content-1475\" class=\"elementor-tab-content elementor-clearfix\" data-tab=\"5\" role=\"region\" aria-labelledby=\"elementor-tab-title-1475\"><ul><li><a href=\"https:\/\/www.ufsm.br\/orgaos-executivos\/dcf\/preenchimento-gru\/\" target=\"_blank\" rel=\"noopener\">Instru\u00e7\u00f5es para Preenchimento e Impress\u00e3o da GRU Simples<\/a><\/li><li><a href=\"https:\/\/www.ufsm.br\/app\/uploads\/sites\/407\/2018\/09\/CursoExecuodadespesapblica.pdf\" target=\"_blank\" rel=\"noopener\">Curso: Execu\u00e7\u00e3o Despesa 2018<\/a><\/li><li><a href=\"https:\/\/www.ufsm.br\/app\/uploads\/sites\/407\/2019\/09\/Manual2019.pdf\" target=\"_blank\" rel=\"noopener\">Manual da Se\u00e7\u00e3o de An\u00e1lise \u2013 2019<\/a><\/li><\/ul><\/div>\n\t\t\t\t<\/div>\n\t\t\t\t\t\t\t\t<\/div>\n\t\t\t\t<\/div>\n\t\t\t\t<\/div>\n\t\t\t\t\t<\/div>\n\t\t<\/div>\n\t\t\t\t\t<\/div>\n\t\t<\/section>\n\t\t\t\t<section class=\"elementor-section elementor-top-section elementor-element elementor-element-e39a3ae elementor-section-boxed elementor-section-height-default elementor-section-height-default\" data-id=\"e39a3ae\" data-element_type=\"section\">\n\t\t\t\t\t\t<div class=\"elementor-container elementor-column-gap-default\">\n\t\t\t\t\t<div class=\"elementor-column elementor-col-100 elementor-top-column elementor-element elementor-element-5dae7d9\" data-id=\"5dae7d9\" data-element_type=\"column\">\n\t\t\t<div class=\"elementor-widget-wrap elementor-element-populated\">\n\t\t\t\t\t\t<div class=\"elementor-element elementor-element-3620b16 elementor-widget elementor-widget-text-editor\" data-id=\"3620b16\" data-element_type=\"widget\" data-widget_type=\"text-editor.default\">\n\t\t\t\t<div class=\"elementor-widget-container\">\n\t\t\t\t\t\t\t<p><span style=\"color: #000000;font-size: 16px\"><a href=\"https:\/\/www.ufsm.br\/orgaos-suplementares\/dag\/pen\" target=\"_blank\" rel=\"noopener\">Clique aqui<\/a> para maiores informa\u00e7\u00f5es sobre o PEN na UFSM (tutoriais e apoio ao usu\u00e1rio, acesso a processos PEN em caixa postal, cadastro de usu\u00e1rios externos, etc).<\/span><\/p>\t\t\t\t\t\t<\/div>\n\t\t\t\t<\/div>\n\t\t\t\t\t<\/div>\n\t\t<\/div>\n\t\t\t\t\t<\/div>\n\t\t<\/section>\n\t\t\t\t<\/div>\n\t\t","protected":false},"excerpt":{"rendered":"<p>PEN &#8211; SIE Criar novo processo de liquida\u00e7\u00e3o e pagamento de documentos fiscais (FORNECEDORES) Consultar pagamentos no Portal de Documentos da UFSM (Consulta de processos) Solicitar cadastro de novo usu\u00e1rio no SIAFI SIAFI OPERACIONAL (TELA PRETA) Manual HOD (Servi\u00e7o Federal de Processamento de Dados &#8211; SERPRO) Primeiros passos no SIAFI OPERACIONAL (TELA PRETA) Comando &gt;CONRAZAO [&hellip;]<\/p>\n","protected":false},"author":36,"featured_media":0,"parent":0,"menu_order":0,"comment_status":"closed","ping_status":"closed","template":"","meta":{"footnotes":""},"categories":[],"tags":[],"class_list":["post-827","page","type-page","status-publish","hentry"],"acf":[],"_links":{"self":[{"href":"https:\/\/www.ufsm.br\/orgaos-executivos\/dcf\/wp-json\/wp\/v2\/pages\/827","targetHints":{"allow":["GET"]}}],"collection":[{"href":"https:\/\/www.ufsm.br\/orgaos-executivos\/dcf\/wp-json\/wp\/v2\/pages"}],"about":[{"href":"https:\/\/www.ufsm.br\/orgaos-executivos\/dcf\/wp-json\/wp\/v2\/types\/page"}],"author":[{"embeddable":true,"href":"https:\/\/www.ufsm.br\/orgaos-executivos\/dcf\/wp-json\/wp\/v2\/users\/36"}],"replies":[{"embeddable":true,"href":"https:\/\/www.ufsm.br\/orgaos-executivos\/dcf\/wp-json\/wp\/v2\/comments?post=827"}],"version-history":[{"count":0,"href":"https:\/\/www.ufsm.br\/orgaos-executivos\/dcf\/wp-json\/wp\/v2\/pages\/827\/revisions"}],"wp:attachment":[{"href":"https:\/\/www.ufsm.br\/orgaos-executivos\/dcf\/wp-json\/wp\/v2\/media?parent=827"}],"wp:term":[{"taxonomy":"category","embeddable":true,"href":"https:\/\/www.ufsm.br\/orgaos-executivos\/dcf\/wp-json\/wp\/v2\/categories?post=827"},{"taxonomy":"post_tag","embeddable":true,"href":"https:\/\/www.ufsm.br\/orgaos-executivos\/dcf\/wp-json\/wp\/v2\/tags?post=827"}],"curies":[{"name":"wp","href":"https:\/\/api.w.org\/{rel}","templated":true}]}}