{"id":231,"date":"2018-12-12T11:07:04","date_gmt":"2018-12-12T13:07:04","guid":{"rendered":"https:\/\/www.ufsm.br\/orgaos-suplementares\/biblioteca\/?page_id=231"},"modified":"2018-12-12T11:07:05","modified_gmt":"2018-12-12T13:07:05","slug":"novas-aquisicoes","status":"publish","type":"page","link":"https:\/\/www.ufsm.br\/orgaos-suplementares\/biblioteca\/novas-aquisicoes","title":{"rendered":"Novas Aquisi\u00e7\u00f5es"},"content":{"rendered":"<p>Boletim de Novas Aquisi\u00e7\u00f5es #9 &#8211; fevereiro 2018 (<a href=\"https:\/\/www.ufsm.br\/orgaos-suplementares\/biblioteca\/wp-content\/uploads\/sites\/362\/2018\/12\/BSCCRnovasaquisicoes2018-02-1.png\">tamanho grande<\/a>)<\/p>\n<p><img fetchpriority=\"high\" decoding=\"async\" class=\"alignnone size-medium wp-image-232\" src=\"https:\/\/www.ufsm.br\/orgaos-suplementares\/biblioteca\/wp-content\/uploads\/sites\/362\/2018\/12\/BSCCRnovasaquisicoes2018-02-212x300.png\" alt=\"\" width=\"212\" height=\"300\" srcset=\"https:\/\/www.ufsm.br\/app\/uploads\/sites\/362\/2018\/12\/BSCCRnovasaquisicoes2018-02-212x300.png 212w, https:\/\/www.ufsm.br\/app\/uploads\/sites\/362\/2018\/12\/BSCCRnovasaquisicoes2018-02-768x1086.png 768w, https:\/\/www.ufsm.br\/app\/uploads\/sites\/362\/2018\/12\/BSCCRnovasaquisicoes2018-02-724x1024.png 724w, https:\/\/www.ufsm.br\/app\/uploads\/sites\/362\/2018\/12\/BSCCRnovasaquisicoes2018-02.png 1588w\" sizes=\"(max-width: 212px) 100vw, 212px\" \/><\/p>\n<p>Boletim de Novas Aquisi\u00e7\u00f5es #8 &#8211; janeiro 2018 (<a href=\"https:\/\/www.ufsm.br\/orgaos-suplementares\/biblioteca\/wp-content\/uploads\/sites\/362\/2018\/12\/novasaquisicoes201801.png\">tamanho grande<\/a>)<\/p>\n<p><img decoding=\"async\" class=\"alignnone size-medium wp-image-234\" src=\"https:\/\/www.ufsm.br\/orgaos-suplementares\/biblioteca\/wp-content\/uploads\/sites\/362\/2018\/12\/novasaquisicoes201801-212x300.png\" alt=\"\" width=\"212\" height=\"300\" srcset=\"https:\/\/www.ufsm.br\/app\/uploads\/sites\/362\/2018\/12\/novasaquisicoes201801-212x300.png 212w, https:\/\/www.ufsm.br\/app\/uploads\/sites\/362\/2018\/12\/novasaquisicoes201801-768x1086.png 768w, https:\/\/www.ufsm.br\/app\/uploads\/sites\/362\/2018\/12\/novasaquisicoes201801-724x1024.png 724w, https:\/\/www.ufsm.br\/app\/uploads\/sites\/362\/2018\/12\/novasaquisicoes201801.png 1588w\" sizes=\"(max-width: 212px) 100vw, 212px\" \/><\/p>\n<p>Boletim de Novas Aquisi\u00e7\u00f5es #7 &#8211; outubro 2017 (<a href=\"https:\/\/www.ufsm.br\/orgaos-suplementares\/biblioteca\/wp-content\/uploads\/sites\/362\/2018\/12\/boletimnovasaquisicoes201710.jpg\">tamanho grande<\/a>)<\/p>\n<p><img decoding=\"async\" class=\"alignnone size-medium wp-image-235\" src=\"https:\/\/www.ufsm.br\/orgaos-suplementares\/biblioteca\/wp-content\/uploads\/sites\/362\/2018\/12\/boletimnovasaquisicoes201710-212x300.jpg\" alt=\"\" width=\"212\" height=\"300\" srcset=\"https:\/\/www.ufsm.br\/app\/uploads\/sites\/362\/2018\/12\/boletimnovasaquisicoes201710-212x300.jpg 212w, https:\/\/www.ufsm.br\/app\/uploads\/sites\/362\/2018\/12\/boletimnovasaquisicoes201710-768x1086.jpg 768w, https:\/\/www.ufsm.br\/app\/uploads\/sites\/362\/2018\/12\/boletimnovasaquisicoes201710-724x1024.jpg 724w, https:\/\/www.ufsm.br\/app\/uploads\/sites\/362\/2018\/12\/boletimnovasaquisicoes201710.jpg 1588w\" sizes=\"(max-width: 212px) 100vw, 212px\" \/><\/p>\n<p>Boletim de Novas Aquisi\u00e7\u00f5es #6 &#8211; setembro 2017 (\u00a0<a href=\"https:\/\/www.ufsm.br\/orgaos-suplementares\/biblioteca\/wp-content\/uploads\/sites\/362\/2018\/12\/boletimnovasaquisicoes6set2017.jpg\">tamanho grande<\/a>)<\/p>\n<p><img loading=\"lazy\" decoding=\"async\" class=\"alignnone size-medium wp-image-236\" src=\"https:\/\/www.ufsm.br\/orgaos-suplementares\/biblioteca\/wp-content\/uploads\/sites\/362\/2018\/12\/boletimnovasaquisicoes6set2017-212x300.jpg\" alt=\"\" width=\"212\" height=\"300\" srcset=\"https:\/\/www.ufsm.br\/app\/uploads\/sites\/362\/2018\/12\/boletimnovasaquisicoes6set2017-212x300.jpg 212w, https:\/\/www.ufsm.br\/app\/uploads\/sites\/362\/2018\/12\/boletimnovasaquisicoes6set2017-768x1086.jpg 768w, https:\/\/www.ufsm.br\/app\/uploads\/sites\/362\/2018\/12\/boletimnovasaquisicoes6set2017-724x1024.jpg 724w, https:\/\/www.ufsm.br\/app\/uploads\/sites\/362\/2018\/12\/boletimnovasaquisicoes6set2017.jpg 1588w\" sizes=\"(max-width: 212px) 100vw, 212px\" \/><\/p>\n<p>Boletim de Novas Aquisi\u00e7\u00f5es #5 &#8211; agosto 2017 (<a href=\"https:\/\/www.ufsm.br\/orgaos-suplementares\/biblioteca\/wp-content\/uploads\/sites\/362\/2018\/12\/novasaquisicoes2017-08.jpg\"> tamanho grande<\/a>)<\/p>\n<p><img loading=\"lazy\" decoding=\"async\" class=\"alignnone size-medium wp-image-237\" src=\"https:\/\/www.ufsm.br\/orgaos-suplementares\/biblioteca\/wp-content\/uploads\/sites\/362\/2018\/12\/novasaquisicoes2017-08-212x300.jpg\" alt=\"\" width=\"212\" height=\"300\" srcset=\"https:\/\/www.ufsm.br\/app\/uploads\/sites\/362\/2018\/12\/novasaquisicoes2017-08-212x300.jpg 212w, https:\/\/www.ufsm.br\/app\/uploads\/sites\/362\/2018\/12\/novasaquisicoes2017-08-768x1086.jpg 768w, https:\/\/www.ufsm.br\/app\/uploads\/sites\/362\/2018\/12\/novasaquisicoes2017-08-724x1024.jpg 724w, https:\/\/www.ufsm.br\/app\/uploads\/sites\/362\/2018\/12\/novasaquisicoes2017-08.jpg 1588w\" sizes=\"(max-width: 212px) 100vw, 212px\" \/><\/p>\n<p>Boletim de Novas Aquisi\u00e7\u00f5es #4 &#8211; julho 2017 ( <a href=\"https:\/\/www.ufsm.br\/orgaos-suplementares\/biblioteca\/wp-content\/uploads\/sites\/362\/2018\/12\/boletimnovasaquisicoes3jul2017.jpg\">tamanho grande<\/a>)<\/p>\n<p><img loading=\"lazy\" decoding=\"async\" class=\"alignnone size-medium wp-image-238\" src=\"https:\/\/www.ufsm.br\/orgaos-suplementares\/biblioteca\/wp-content\/uploads\/sites\/362\/2018\/12\/boletimnovasaquisicoes3jul2017-212x300.jpg\" alt=\"\" width=\"212\" height=\"300\" srcset=\"https:\/\/www.ufsm.br\/app\/uploads\/sites\/362\/2018\/12\/boletimnovasaquisicoes3jul2017-212x300.jpg 212w, https:\/\/www.ufsm.br\/app\/uploads\/sites\/362\/2018\/12\/boletimnovasaquisicoes3jul2017-768x1086.jpg 768w, https:\/\/www.ufsm.br\/app\/uploads\/sites\/362\/2018\/12\/boletimnovasaquisicoes3jul2017-724x1024.jpg 724w, https:\/\/www.ufsm.br\/app\/uploads\/sites\/362\/2018\/12\/boletimnovasaquisicoes3jul2017.jpg 1588w\" sizes=\"(max-width: 212px) 100vw, 212px\" \/><\/p>\n<p>Boletim de Novas Aquisi\u00e7\u00f5es #3 &#8211; junho 2017 (<a href=\"https:\/\/www.ufsm.br\/orgaos-suplementares\/biblioteca\/wp-content\/uploads\/sites\/362\/2018\/12\/Boletim_Novas_aquisi\u00e7\u00f5es_2017-003_jun.jpg\">tamanho grande<\/a>)<\/p>\n<p><img loading=\"lazy\" decoding=\"async\" class=\"alignnone size-medium wp-image-239\" src=\"https:\/\/www.ufsm.br\/orgaos-suplementares\/biblioteca\/wp-content\/uploads\/sites\/362\/2018\/12\/Boletim_Novas_aquisi\u00e7\u00f5es_2017-003_jun-212x300.jpg\" alt=\"\" width=\"212\" height=\"300\" srcset=\"https:\/\/www.ufsm.br\/app\/uploads\/sites\/362\/2018\/12\/Boletim_Novas_aquisi\u00e7\u00f5es_2017-003_jun-212x300.jpg 212w, https:\/\/www.ufsm.br\/app\/uploads\/sites\/362\/2018\/12\/Boletim_Novas_aquisi\u00e7\u00f5es_2017-003_jun-768x1086.jpg 768w, https:\/\/www.ufsm.br\/app\/uploads\/sites\/362\/2018\/12\/Boletim_Novas_aquisi\u00e7\u00f5es_2017-003_jun-724x1024.jpg 724w, https:\/\/www.ufsm.br\/app\/uploads\/sites\/362\/2018\/12\/Boletim_Novas_aquisi\u00e7\u00f5es_2017-003_jun.jpg 1588w\" sizes=\"(max-width: 212px) 100vw, 212px\" \/><\/p>\n<p>Boletim de Novas Aquisi\u00e7\u00f5es #2 &#8211; maio 2017 ( <a href=\"https:\/\/www.ufsm.br\/orgaos-suplementares\/biblioteca\/wp-content\/uploads\/sites\/362\/2018\/12\/Boletim_Novas_aquisi\u00e7\u00f5es_2017-002_maio.jpg\">tamanho grande<\/a>)<\/p>\n<p><img loading=\"lazy\" decoding=\"async\" class=\"alignnone size-medium wp-image-240\" src=\"https:\/\/www.ufsm.br\/orgaos-suplementares\/biblioteca\/wp-content\/uploads\/sites\/362\/2018\/12\/Boletim_Novas_aquisi\u00e7\u00f5es_2017-002_maio-212x300.jpg\" alt=\"\" width=\"212\" height=\"300\" srcset=\"https:\/\/www.ufsm.br\/app\/uploads\/sites\/362\/2018\/12\/Boletim_Novas_aquisi\u00e7\u00f5es_2017-002_maio-212x300.jpg 212w, https:\/\/www.ufsm.br\/app\/uploads\/sites\/362\/2018\/12\/Boletim_Novas_aquisi\u00e7\u00f5es_2017-002_maio-768x1086.jpg 768w, https:\/\/www.ufsm.br\/app\/uploads\/sites\/362\/2018\/12\/Boletim_Novas_aquisi\u00e7\u00f5es_2017-002_maio-724x1024.jpg 724w, https:\/\/www.ufsm.br\/app\/uploads\/sites\/362\/2018\/12\/Boletim_Novas_aquisi\u00e7\u00f5es_2017-002_maio.jpg 1588w\" sizes=\"(max-width: 212px) 100vw, 212px\" \/><\/p>\n<p>Boletim de Novas Aquisi\u00e7\u00f5es #1 &#8211; abr. 2017 (<a href=\"https:\/\/www.ufsm.br\/orgaos-suplementares\/biblioteca\/wp-content\/uploads\/sites\/362\/2018\/12\/Boletim_Novas_aquisi\u00e7\u00f5es_2017-01_abr.png\">tamanho grande<\/a>)<\/p>\n<p><img loading=\"lazy\" decoding=\"async\" class=\"alignnone size-medium wp-image-241\" src=\"https:\/\/www.ufsm.br\/orgaos-suplementares\/biblioteca\/wp-content\/uploads\/sites\/362\/2018\/12\/Boletim_Novas_aquisi\u00e7\u00f5es_2017-01_abr-212x300.png\" alt=\"\" width=\"212\" height=\"300\" srcset=\"https:\/\/www.ufsm.br\/app\/uploads\/sites\/362\/2018\/12\/Boletim_Novas_aquisi\u00e7\u00f5es_2017-01_abr-212x300.png 212w, https:\/\/www.ufsm.br\/app\/uploads\/sites\/362\/2018\/12\/Boletim_Novas_aquisi\u00e7\u00f5es_2017-01_abr-768x1086.png 768w, https:\/\/www.ufsm.br\/app\/uploads\/sites\/362\/2018\/12\/Boletim_Novas_aquisi\u00e7\u00f5es_2017-01_abr-724x1024.png 724w, https:\/\/www.ufsm.br\/app\/uploads\/sites\/362\/2018\/12\/Boletim_Novas_aquisi\u00e7\u00f5es_2017-01_abr.png 1588w\" sizes=\"(max-width: 212px) 100vw, 212px\" \/><\/p>\n<p>&nbsp;<\/p>\n<ul>\n<li><a href=\"https:\/\/portal.ufsm.br\/biblioteca\/relatorio\/ultimasAquisicoes.html;jsessionid=30a6965ff6e2ee42a0da80737f29\">\u00daltimas aquisi\u00e7\u00f5es do Sistema de Bibliotecas UFSM<\/a><\/li>\n<\/ul>\n<p>Voc\u00ea tamb\u00e9m pode fazer\u00a0sugest\u00f5es de aquisi\u00e7\u00e3o\u00a0para ajudar a qualificar o acervo da biblioteca. Voc\u00ea encontra a op\u00e7\u00e3o na aba servi\u00e7os.<\/p>\n","protected":false},"excerpt":{"rendered":"<p>Boletim de Novas Aquisi\u00e7\u00f5es #9 &#8211; fevereiro 2018 (tamanho grande) Boletim de Novas Aquisi\u00e7\u00f5es #8 &#8211; janeiro 2018 (tamanho grande) Boletim de Novas Aquisi\u00e7\u00f5es #7 &#8211; outubro 2017 (tamanho grande) Boletim de Novas Aquisi\u00e7\u00f5es #6 &#8211; setembro 2017 (\u00a0tamanho grande) Boletim de Novas Aquisi\u00e7\u00f5es #5 &#8211; agosto 2017 ( tamanho grande) Boletim de Novas Aquisi\u00e7\u00f5es [&hellip;]<\/p>\n","protected":false},"author":115,"featured_media":0,"parent":0,"menu_order":0,"comment_status":"closed","ping_status":"closed","template":"","meta":{"footnotes":""},"categories":[],"tags":[],"class_list":["post-231","page","type-page","status-publish","hentry"],"acf":[],"_links":{"self":[{"href":"https:\/\/www.ufsm.br\/orgaos-suplementares\/biblioteca\/wp-json\/wp\/v2\/pages\/231","targetHints":{"allow":["GET"]}}],"collection":[{"href":"https:\/\/www.ufsm.br\/orgaos-suplementares\/biblioteca\/wp-json\/wp\/v2\/pages"}],"about":[{"href":"https:\/\/www.ufsm.br\/orgaos-suplementares\/biblioteca\/wp-json\/wp\/v2\/types\/page"}],"author":[{"embeddable":true,"href":"https:\/\/www.ufsm.br\/orgaos-suplementares\/biblioteca\/wp-json\/wp\/v2\/users\/115"}],"replies":[{"embeddable":true,"href":"https:\/\/www.ufsm.br\/orgaos-suplementares\/biblioteca\/wp-json\/wp\/v2\/comments?post=231"}],"version-history":[{"count":0,"href":"https:\/\/www.ufsm.br\/orgaos-suplementares\/biblioteca\/wp-json\/wp\/v2\/pages\/231\/revisions"}],"wp:attachment":[{"href":"https:\/\/www.ufsm.br\/orgaos-suplementares\/biblioteca\/wp-json\/wp\/v2\/media?parent=231"}],"wp:term":[{"taxonomy":"category","embeddable":true,"href":"https:\/\/www.ufsm.br\/orgaos-suplementares\/biblioteca\/wp-json\/wp\/v2\/categories?post=231"},{"taxonomy":"post_tag","embeddable":true,"href":"https:\/\/www.ufsm.br\/orgaos-suplementares\/biblioteca\/wp-json\/wp\/v2\/tags?post=231"}],"curies":[{"name":"wp","href":"https:\/\/api.w.org\/{rel}","templated":true}]}}