{"id":2397,"date":"2022-05-25T15:24:57","date_gmt":"2022-05-25T18:24:57","guid":{"rendered":"https:\/\/www.ufsm.br\/orgaos-suplementares\/biblioteca\/?page_id=2397"},"modified":"2025-07-08T10:21:42","modified_gmt":"2025-07-08T13:21:42","slug":"desiderata-bsccr","status":"publish","type":"page","link":"https:\/\/www.ufsm.br\/orgaos-suplementares\/biblioteca\/desiderata-bsccr","title":{"rendered":"Desiderata BSCCR"},"content":{"rendered":"\n<div class=\"gmail_default\">A Biblioteca do Centro de Ci\u00eancias Rurais (BSCCR) disponibiliza uma listagem de t\u00edtulos que podem ser doados espontaneamente ou para facilitar a quita\u00e7\u00e3o de d\u00e9bitos ou pend\u00eancias da comunidade acad\u00eamica junto \u00e0 biblioteca.\u00a0<\/div>\n<div class=\"gmail_default\">\u00a0<\/div>\n<div class=\"gmail_default\">Atrav\u00e9s de relat\u00f3rios do sistema de empr\u00e9stimo, identificamos as obras mais emprestadas e aquelas que possuem maior n\u00famero de reservas, desta forma, identificamos os t\u00edtulos que a biblioteca gostaria de ter em maior n\u00famero para melhorar o atendimento das demandas da comunidade.<\/div>\n<div class=\"gmail_default\">\u00a0<\/div>\n<div class=\"gmail_default\">Assim, em caso de doa\u00e7\u00e3o espont\u00e2nea ou, em situa\u00e7\u00f5es de quita\u00e7\u00e3o de d\u00e9bitos junto \u00e0 biblioteca, a listagem pode servir de orienta\u00e7\u00e3o para quais obras no atual momento ir\u00e3o recompor o quantitativo necess\u00e1rio para a comunidade n\u00e3o ficar sem conte\u00fados para estudo e pesquisa.\u00a0<\/div>\n<div class=\"gmail_default\">\u00a0<\/div>\n<div class=\"gmail_default\"><a href=\"https:\/\/www.ufsm.br\/app\/uploads\/sites\/362\/2025\/07\/Desiderata-2025.pdf\"><strong>A listagem est\u00e1 dispon\u00edvel clicando aqui, sendo atualizada anualmente.<\/strong><\/a><\/div>\n","protected":false},"excerpt":{"rendered":"<p>A Biblioteca do Centro de Ci\u00eancias Rurais (BSCCR) disponibiliza uma listagem de t\u00edtulos que podem ser doados espontaneamente ou para facilitar a quita\u00e7\u00e3o de d\u00e9bitos ou pend\u00eancias da comunidade acad\u00eamica junto \u00e0 biblioteca.\u00a0 \u00a0 Atrav\u00e9s de relat\u00f3rios do sistema de empr\u00e9stimo, identificamos as obras mais emprestadas e aquelas que possuem maior n\u00famero de reservas, desta [&hellip;]<\/p>\n","protected":false},"author":260,"featured_media":0,"parent":0,"menu_order":0,"comment_status":"closed","ping_status":"closed","template":"","meta":{"footnotes":""},"categories":[],"tags":[],"class_list":["post-2397","page","type-page","status-publish","hentry"],"acf":[],"_links":{"self":[{"href":"https:\/\/www.ufsm.br\/orgaos-suplementares\/biblioteca\/wp-json\/wp\/v2\/pages\/2397","targetHints":{"allow":["GET"]}}],"collection":[{"href":"https:\/\/www.ufsm.br\/orgaos-suplementares\/biblioteca\/wp-json\/wp\/v2\/pages"}],"about":[{"href":"https:\/\/www.ufsm.br\/orgaos-suplementares\/biblioteca\/wp-json\/wp\/v2\/types\/page"}],"author":[{"embeddable":true,"href":"https:\/\/www.ufsm.br\/orgaos-suplementares\/biblioteca\/wp-json\/wp\/v2\/users\/260"}],"replies":[{"embeddable":true,"href":"https:\/\/www.ufsm.br\/orgaos-suplementares\/biblioteca\/wp-json\/wp\/v2\/comments?post=2397"}],"version-history":[{"count":0,"href":"https:\/\/www.ufsm.br\/orgaos-suplementares\/biblioteca\/wp-json\/wp\/v2\/pages\/2397\/revisions"}],"wp:attachment":[{"href":"https:\/\/www.ufsm.br\/orgaos-suplementares\/biblioteca\/wp-json\/wp\/v2\/media?parent=2397"}],"wp:term":[{"taxonomy":"category","embeddable":true,"href":"https:\/\/www.ufsm.br\/orgaos-suplementares\/biblioteca\/wp-json\/wp\/v2\/categories?post=2397"},{"taxonomy":"post_tag","embeddable":true,"href":"https:\/\/www.ufsm.br\/orgaos-suplementares\/biblioteca\/wp-json\/wp\/v2\/tags?post=2397"}],"curies":[{"name":"wp","href":"https:\/\/api.w.org\/{rel}","templated":true}]}}