{"id":3268,"date":"2024-04-22T17:32:11","date_gmt":"2024-04-22T20:32:11","guid":{"rendered":"https:\/\/www.ufsm.br\/orgaos-suplementares\/biblioteca\/?page_id=3268"},"modified":"2024-10-22T16:26:05","modified_gmt":"2024-10-22T19:26:05","slug":"pagamento-de-taxa-de-atraso-gru","status":"publish","type":"page","link":"https:\/\/www.ufsm.br\/orgaos-suplementares\/biblioteca\/pagamento-de-taxa-de-atraso-gru","title":{"rendered":"Pagamento de taxa de atraso &#8211; Passos para emiss\u00e3o da Guia de Recolhimento da Uni\u00e3o-GRU"},"content":{"rendered":"\t\t<div data-elementor-type=\"wp-page\" data-elementor-id=\"3268\" class=\"elementor elementor-3268\">\n\t\t\t\t\t\t<section class=\"elementor-section elementor-top-section elementor-element elementor-element-62303219 elementor-section-boxed elementor-section-height-default elementor-section-height-default\" data-id=\"62303219\" data-element_type=\"section\">\n\t\t\t\t\t\t<div class=\"elementor-container elementor-column-gap-default\">\n\t\t\t\t\t<div class=\"elementor-column elementor-col-100 elementor-top-column elementor-element elementor-element-1b5a6f0a\" data-id=\"1b5a6f0a\" data-element_type=\"column\">\n\t\t\t<div class=\"elementor-widget-wrap elementor-element-populated\">\n\t\t\t\t\t\t<div class=\"elementor-element elementor-element-645f5919 elementor-widget elementor-widget-text-editor\" data-id=\"645f5919\" data-element_type=\"widget\" data-widget_type=\"text-editor.default\">\n\t\t\t\t<div class=\"elementor-widget-container\">\n\t\t\t\t\t\t\t<!-- wp:tadv\/classic-paragraph -->\n<p>A GRU pode ser emitida, apenas, ap\u00f3s a devolu\u00e7\u00e3o do material. Com os itens entregues, o valor gerado poder\u00e1 ser acessado. Para saber o valor da taxa de atraso e a biblioteca correspondente, entrar com login e senha no <a href=\"https:\/\/portal.ufsm.br\/biblioteca\/pesquisa\/index.html\">Portal Biblioteca<\/a>, no menu <strong>\u201cMeus Empr\u00e9stimos\u201d<\/strong> no submenu <a href=\"https:\/\/portal.ufsm.br\/biblioteca\/leitor\/historicoMultas.html;jsessionid=7781791fefe08ad08b4544ecd603\">Hist\u00f3rico de Taxas de Atraso.<\/a><\/p>\n<p><img fetchpriority=\"high\" decoding=\"async\" class=\"aligncenter  wp-image-3279\" src=\"https:\/\/www.ufsm.br\/app\/uploads\/sites\/362\/2024\/05\/ilustracoes-GRU-1-1024x576.jpg\" alt=\"\" width=\"695\" height=\"391\" srcset=\"https:\/\/www.ufsm.br\/app\/uploads\/sites\/362\/2024\/05\/ilustracoes-GRU-1-1024x576.jpg 1024w, https:\/\/www.ufsm.br\/app\/uploads\/sites\/362\/2024\/05\/ilustracoes-GRU-1-300x169.jpg 300w, https:\/\/www.ufsm.br\/app\/uploads\/sites\/362\/2024\/05\/ilustracoes-GRU-1-768x432.jpg 768w, https:\/\/www.ufsm.br\/app\/uploads\/sites\/362\/2024\/05\/ilustracoes-GRU-1-1536x864.jpg 1536w, https:\/\/www.ufsm.br\/app\/uploads\/sites\/362\/2024\/05\/ilustracoes-GRU-1.jpg 1920w\" sizes=\"(max-width: 695px) 100vw, 695px\" \/><\/p>\n<p>\u00a0<\/p>\n<p>\u00a0<\/p>\n<ul>\n<li style=\"font-weight: 400\"><span style=\"font-weight: 400\">Aten\u00e7\u00e3o ao gerar a GRU quanto \u00e0s informa\u00e7\u00f5es a serem inseridas, no caso de erros o comprovante de pagamento poder\u00e1 n\u00e3o ser aceito. Caso tenha d\u00favidas solicite a GRU na biblioteca em que consta a pend\u00eancia. Verifique os <\/span><a href=\"https:\/\/www.ufsm.br\/orgaos-suplementares\/biblioteca\/contato\/\"><span style=\"font-weight: 400\">contatos<\/span><\/a><span style=\"font-weight: 400\">.<\/span><\/li>\n<li style=\"font-weight: 400\"><span style=\"font-weight: 400\">O boleto gerado poder\u00e1 ser pago somente em ag\u00eancias do<strong> Banco do Brasil.<\/strong> Clientes do Banco do Brasil podem efetuar o pagamento por meio dos Terminais de Auto-Atendimento, aplicativo ou Internet.\u00a0<\/span><\/li>\n<li style=\"font-weight: 400\"><span style=\"font-weight: 400\">Ap\u00f3s o pagamento, n\u00e3o esque\u00e7a de <strong>apresentar ou enviar o comprovante para a biblioteca.<\/strong> Para baixa imediata, n\u00e3o ser\u00e1 aceito recibo de agendamento de pagamento. \u00c9 imprescind\u00edvel que o usu\u00e1rio apresente o<strong> comprovante e boleto (GRU)<\/strong>, na biblioteca correspondente, para ter sua taxa quitada.<\/span><\/li>\n<li style=\"font-weight: 400\"><span style=\"font-weight: 400\">Caso o <strong>pagamento seja realizado pela Internet<\/strong>, por meio do c\u00f3digo de barras ou n\u00famero respectivo, enviar o comprovante de pagamento e boleto em formato .pdf para o e-mail da biblioteca e solicitar a baixa da taxa. <strong>A baixa na taxa de atraso no sistema ser\u00e1 realizada em at\u00e9 3 dias \u00fateis nesta modalidade de pagamento.<\/strong><\/span><\/li>\n<\/ul>\n<p>\u00a0<\/p>\n<p><strong>Passos para emiss\u00e3o da Guia de Recolhimento da Uni\u00e3o \u2013 GRU<\/strong><\/p>\n<ol>\n<li><span style=\"font-weight: 400\">Acesse o <strong>link: <\/strong><\/span><a href=\"https:\/\/pagtesouro.tesouro.gov.br\/portal-gru\/#\/emissao-gru\"><span style=\"font-weight: 400\">https:\/\/pagtesouro.tesouro.gov.br\/portal-gru\/#\/emissao-gru<\/span><\/a><\/li>\n<\/ol>\n<ol start=\"2\">\n<li><span style=\"font-weight: 400\"> Selecione a <strong>Unidade Gestora Arrecadadora<\/strong> e uma das op\u00e7\u00f5es no campo<strong> C\u00f3digo de Recolhimento<\/strong>. A pesquisa pode ser efetuada por parte do c\u00f3digo ou da descri\u00e7\u00e3o. (Verifique as instru\u00e7\u00f5es nas ilustra\u00e7\u00f5es abaixo)<\/span><\/li>\n<\/ol>\n<p><b>Unidade Gestora Arrecadadora: <\/b><span style=\"font-weight: 400\">153164 &#8211; Universidade Federal De Santa Maria<\/span><\/p>\n<p><b>C\u00f3digo de Recolhimento da Biblioteca Central:<\/b><span style=\"font-weight: 400\"> 28818-7- SERV.COMERC.LIVROS,PERIOD,MAT ESC E DE PUBLIC<\/span><\/p>\n<p>\u00a0<\/p>\n<p><b>C\u00f3digo de Recolhimento das Bibliotecas Setoriais: <\/b><span style=\"font-weight: 400\">28835-7 &#8211; SERVI\u00c7OS RECREATIVOS E CULTURAIS<\/span><\/p>\n<p><img decoding=\"async\" class=\"aligncenter  wp-image-3289\" src=\"https:\/\/www.ufsm.br\/app\/uploads\/sites\/362\/2024\/05\/ilustracoes-GRU-3-3.jpg\" alt=\"\" width=\"908\" height=\"511\" srcset=\"https:\/\/www.ufsm.br\/app\/uploads\/sites\/362\/2024\/05\/ilustracoes-GRU-3-3.jpg 1920w, https:\/\/www.ufsm.br\/app\/uploads\/sites\/362\/2024\/05\/ilustracoes-GRU-3-3-300x169.jpg 300w, https:\/\/www.ufsm.br\/app\/uploads\/sites\/362\/2024\/05\/ilustracoes-GRU-3-3-1024x576.jpg 1024w, https:\/\/www.ufsm.br\/app\/uploads\/sites\/362\/2024\/05\/ilustracoes-GRU-3-3-768x432.jpg 768w, https:\/\/www.ufsm.br\/app\/uploads\/sites\/362\/2024\/05\/ilustracoes-GRU-3-3-1536x864.jpg 1536w\" sizes=\"(max-width: 908px) 100vw, 908px\" \/><\/p>\n<p><span style=\"color: initial\">3. Ap\u00f3s preencher todos os campos, clique em<\/span><strong style=\"color: initial\"> &#8220;Avan\u00e7ar&#8221;<\/strong><span style=\"color: initial\">.<\/span><\/p>\n<p><img decoding=\"async\" class=\"wp-image-3281  alignright\" src=\"https:\/\/www.ufsm.br\/app\/uploads\/sites\/362\/2024\/05\/Copia-de-Passos-para-emissao-da-Guia-de-Recolhimeto-da-Uniao-GRU-1-e1716399809189.jpg\" alt=\"\" width=\"560\" height=\"522\" srcset=\"https:\/\/www.ufsm.br\/app\/uploads\/sites\/362\/2024\/05\/Copia-de-Passos-para-emissao-da-Guia-de-Recolhimeto-da-Uniao-GRU-1-e1716399809189.jpg 1161w, https:\/\/www.ufsm.br\/app\/uploads\/sites\/362\/2024\/05\/Copia-de-Passos-para-emissao-da-Guia-de-Recolhimeto-da-Uniao-GRU-1-e1716399809189-300x279.jpg 300w, https:\/\/www.ufsm.br\/app\/uploads\/sites\/362\/2024\/05\/Copia-de-Passos-para-emissao-da-Guia-de-Recolhimeto-da-Uniao-GRU-1-e1716399809189-1024x953.jpg 1024w, https:\/\/www.ufsm.br\/app\/uploads\/sites\/362\/2024\/05\/Copia-de-Passos-para-emissao-da-Guia-de-Recolhimeto-da-Uniao-GRU-1-e1716399809189-768x715.jpg 768w\" sizes=\"(max-width: 560px) 100vw, 560px\" \/><\/p>\n<p>\u00a0<\/p>\n<p><span style=\"color: initial\">4. Ser\u00e1 apresentada outra tela com os dados informados anteriormente, junto a outros campos a serem preenchidos.<\/span><\/p>\n<p><span style=\"font-weight: 400\"><strong>Compet\u00eancia<\/strong>: insira m\u00eas e ano corrente;<\/span><\/p>\n<p><span style=\"font-weight: 400\"><strong>CPF do contribuinte:<\/strong> CPF do usu\u00e1rio com pend\u00eancia;<\/span><\/p>\n<p><span style=\"font-weight: 400\"><strong>Nome do contribuinte:<\/strong> nome completo do usu\u00e1rio com pend\u00eancia;<\/span><\/p>\n<p><span style=\"font-weight: 400\"><strong>Valor principal:<\/strong> valor total da taxa de atraso ;<\/span><\/p>\n<p><span style=\"font-weight: 400\"><strong>Valor Total:<\/strong> repetir o mesmo valor do principal;<\/span><\/p>\n<p><span style=\"font-weight: 400\">Antes de preencher o campo<strong> \u201cN\u00famero de Refer\u00eancia\u201d<\/strong>, consulte a tabela abaixo:<\/span><\/p>\n<table style=\"width: 100%;height: 816px\">\n<tbody>\n<tr style=\"height: 68px\">\n<td style=\"height: 68px\">\n<p><span style=\"font-weight: 400\">Biblioteca Central<\/span><\/p>\n<\/td>\n<td style=\"height: 68px\">\n<p><span style=\"font-weight: 400\">4346<\/span><\/p>\n<\/td>\n<\/tr>\n<tr style=\"height: 68px\">\n<td style=\"height: 68px\">\n<p><span style=\"font-weight: 400\">BSCCR<\/span><\/p>\n<\/td>\n<td style=\"height: 68px\">\n<p><span style=\"font-weight: 400\">4524<\/span><\/p>\n<\/td>\n<\/tr>\n<tr style=\"height: 68px\">\n<td style=\"height: 68px\">\n<p><span style=\"font-weight: 400\">BSCCSH<\/span><\/p>\n<\/td>\n<td style=\"height: 68px\">\n<p><span style=\"font-weight: 400\">4354<\/span><\/p>\n<\/td>\n<\/tr>\n<tr style=\"height: 68px\">\n<td style=\"height: 68px\">\n<p><span style=\"font-weight: 400\">BSCCNE<\/span><\/p>\n<\/td>\n<td style=\"height: 68px\">\n<p><span style=\"font-weight: 400\">153602<\/span><\/p>\n<\/td>\n<\/tr>\n<tr style=\"height: 68px\">\n<td style=\"height: 68px\">\n<p><span style=\"font-weight: 400\">BSCE<\/span><\/p>\n<\/td>\n<td style=\"height: 68px\">\n<p><span style=\"font-weight: 400\">153605<\/span><\/p>\n<\/td>\n<\/tr>\n<tr style=\"height: 68px\">\n<td style=\"height: 68px\">\n<p><span style=\"font-weight: 400\">BSCEFD<\/span><\/p>\n<\/td>\n<td style=\"height: 68px\">\n<p><span style=\"font-weight: 400\">153609<\/span><\/p>\n<\/td>\n<\/tr>\n<tr style=\"height: 68px\">\n<td style=\"height: 68px\">\n<p><span style=\"font-weight: 400\">BSCS<\/span><\/p>\n<\/td>\n<td style=\"height: 68px\">\n<p><span style=\"font-weight: 400\">3110<\/span><\/p>\n<\/td>\n<\/tr>\n<tr style=\"height: 68px\">\n<td style=\"height: 68px\">\n<p><span style=\"font-weight: 400\">BSCT<\/span><\/p>\n<\/td>\n<td style=\"height: 68px\">\n<p><span style=\"font-weight: 400\">4516<\/span><\/p>\n<\/td>\n<\/tr>\n<tr style=\"height: 68px\">\n<td style=\"height: 68px\">\n<p><span style=\"font-weight: 400\">BSFW<\/span><\/p>\n<\/td>\n<td style=\"height: 68px\">\n<p><span style=\"font-weight: 400\">154611<\/span><\/p>\n<\/td>\n<\/tr>\n<tr style=\"height: 68px\">\n<td style=\"height: 68px\">\n<p><span style=\"font-weight: 400\">BSPM<\/span><\/p>\n<\/td>\n<td style=\"height: 68px\">\n<p><span style=\"font-weight: 400\">153621<\/span><\/p>\n<\/td>\n<\/tr>\n<tr style=\"height: 68px\">\n<td style=\"height: 68px\">\n<p><span style=\"font-weight: 400\">BSCP<\/span><\/p>\n<\/td>\n<td style=\"height: 68px\">\n<p><span style=\"font-weight: 400\">153612<\/span><\/p>\n<\/td>\n<\/tr>\n<tr style=\"height: 68px\">\n<td style=\"height: 68px\">\n<p><span style=\"font-weight: 400\">BSCITSM<\/span><\/p>\n<\/td>\n<td style=\"height: 68px\">\n<p><span style=\"font-weight: 400\">153613<\/span><\/p>\n<\/td>\n<\/tr>\n<\/tbody>\n<\/table>\n<p><img loading=\"lazy\" decoding=\"async\" class=\"aligncenter size-full wp-image-3277\" src=\"https:\/\/www.ufsm.br\/app\/uploads\/sites\/362\/2024\/04\/ilustracoes-GRU-4.jpg\" alt=\"\" width=\"1920\" height=\"1080\" srcset=\"https:\/\/www.ufsm.br\/app\/uploads\/sites\/362\/2024\/04\/ilustracoes-GRU-4.jpg 1920w, https:\/\/www.ufsm.br\/app\/uploads\/sites\/362\/2024\/04\/ilustracoes-GRU-4-300x169.jpg 300w, https:\/\/www.ufsm.br\/app\/uploads\/sites\/362\/2024\/04\/ilustracoes-GRU-4-1024x576.jpg 1024w, https:\/\/www.ufsm.br\/app\/uploads\/sites\/362\/2024\/04\/ilustracoes-GRU-4-768x432.jpg 768w, https:\/\/www.ufsm.br\/app\/uploads\/sites\/362\/2024\/04\/ilustracoes-GRU-4-1536x864.jpg 1536w\" sizes=\"(max-width: 1920px) 100vw, 1920px\" \/><\/p>\n<p>\u00a0<\/p>\n<ol start=\"5\">\n<li><span style=\"font-weight: 400\"> Ap\u00f3s preencher todos os campos, clique em <strong>\u201cEmitir GRU\u201d.<\/strong><\/span><\/li>\n<li><img loading=\"lazy\" decoding=\"async\" class=\"alignright wp-image-3280\" src=\"https:\/\/www.ufsm.br\/app\/uploads\/sites\/362\/2024\/05\/Copia-de-Passos-para-emissao-da-Guia-de-Recolhimeto-da-Uniao-GRU-e1716399953927.jpg\" alt=\"\" width=\"433\" height=\"504\" \/><strong><span style=\"color: initial\"> Ser\u00e1 gerado um boleto conforme o exemplo ilustrado pela figura ao lado:<\/span><\/strong>\n<p class=\"cvGsUA direction-ltr align-start para-style-body\"><span class=\"OYPEnA text-decoration-none text-strikethrough-none\">7. <\/span><span class=\"OYPEnA text-decoration-none text-strikethrough-none\">O boleto gerado poder\u00e1 ser pago somente no<\/span><strong><span class=\"OYPEnA text-decoration-none text-strikethrough-none\"> Banco do Brasil. <\/span><\/strong><span class=\"OYPEnA text-decoration-none text-strikethrough-none\">Caso n\u00e3o seja cliente do Banco do Brasil, o pagamento <strong>dever\u00e1 ser <\/strong><\/span><span class=\"OYPEnA text-decoration-none text-strikethrough-none\"><strong>efetuado em uma ag\u00eancia do Banco do Brasil ou em uma ag\u00eancia do banco de sua preferencia<\/strong>,<\/span><span class=\"OYPEnA text-decoration-none text-strikethrough-none\"> durante o hor\u00e1rio comercial banc\u00e1rio.<\/span><\/p>\n<p class=\"cvGsUA direction-ltr align-start para-style-body\"><span class=\"OYPEnA text-decoration-none text-strikethrough-none\">Em caso de problemas no pagamento da GRU, entre em contato com o \u00f3rg\u00e3o P\u00fablico favorecido pelo pagamento<\/span><\/p>\n<p class=\"cvGsUA direction-ltr align-start para-style-body\"><span class=\"OYPEnA text-decoration-none text-strikethrough-none\">8. <\/span><span class=\"OYPEnA text-decoration-none text-strikethrough-none\">Para regulariza\u00e7\u00e3o de situa\u00e7\u00e3o no sistema das bibliotecas \u00e9 necess\u00e1rio <\/span><strong><span class=\"OYPEnA text-decoration-none text-strikethrough-none\">apresentar o comprovante de pagamento para a biblioteca correspondente.<\/span><\/strong><\/p>\n<\/li>\n<\/ol>\n<!-- \/wp:tadv\/classic-paragraph -->\t\t\t\t\t\t<\/div>\n\t\t\t\t<\/div>\n\t\t\t\t\t<\/div>\n\t\t<\/div>\n\t\t\t\t\t<\/div>\n\t\t<\/section>\n\t\t\t\t<section class=\"elementor-section elementor-top-section elementor-element elementor-element-f6bba64 elementor-section-boxed elementor-section-height-default elementor-section-height-default\" data-id=\"f6bba64\" data-element_type=\"section\">\n\t\t\t\t\t\t<div class=\"elementor-container elementor-column-gap-default\">\n\t\t\t\t\t<div class=\"elementor-column elementor-col-100 elementor-top-column elementor-element elementor-element-20ab447\" data-id=\"20ab447\" data-element_type=\"column\">\n\t\t\t<div class=\"elementor-widget-wrap elementor-element-populated\">\n\t\t\t\t\t\t<section class=\"elementor-section elementor-inner-section elementor-element elementor-element-99fec7b elementor-section-boxed elementor-section-height-default elementor-section-height-default\" data-id=\"99fec7b\" data-element_type=\"section\">\n\t\t\t\t\t\t<div class=\"elementor-container elementor-column-gap-default\">\n\t\t\t\t\t<div class=\"elementor-column elementor-col-50 elementor-inner-column elementor-element elementor-element-cedefe6\" data-id=\"cedefe6\" data-element_type=\"column\">\n\t\t\t<div class=\"elementor-widget-wrap\">\n\t\t\t\t\t\t\t<\/div>\n\t\t<\/div>\n\t\t\t\t<div class=\"elementor-column elementor-col-50 elementor-inner-column elementor-element elementor-element-2d2cf78\" data-id=\"2d2cf78\" data-element_type=\"column\">\n\t\t\t<div class=\"elementor-widget-wrap\">\n\t\t\t\t\t\t\t<\/div>\n\t\t<\/div>\n\t\t\t\t\t<\/div>\n\t\t<\/section>\n\t\t\t\t\t<\/div>\n\t\t<\/div>\n\t\t\t\t\t<\/div>\n\t\t<\/section>\n\t\t\t\t<\/div>\n\t\t","protected":false},"excerpt":{"rendered":"<p>A GRU pode ser emitida, apenas, ap\u00f3s a devolu\u00e7\u00e3o do material. Com os itens entregues, o valor gerado poder\u00e1 ser acessado. Para saber o valor da taxa de atraso e a biblioteca correspondente, entrar com login e senha no Portal Biblioteca, no menu \u201cMeus Empr\u00e9stimos\u201d no submenu Hist\u00f3rico de Taxas de Atraso. \u00a0 \u00a0 Aten\u00e7\u00e3o [&hellip;]<\/p>\n","protected":false},"author":6335,"featured_media":0,"parent":0,"menu_order":0,"comment_status":"closed","ping_status":"closed","template":"","meta":{"footnotes":""},"categories":[],"tags":[155],"class_list":["post-3268","page","type-page","status-publish","hentry","tag-biblioteca-central"],"acf":[],"_links":{"self":[{"href":"https:\/\/www.ufsm.br\/orgaos-suplementares\/biblioteca\/wp-json\/wp\/v2\/pages\/3268","targetHints":{"allow":["GET"]}}],"collection":[{"href":"https:\/\/www.ufsm.br\/orgaos-suplementares\/biblioteca\/wp-json\/wp\/v2\/pages"}],"about":[{"href":"https:\/\/www.ufsm.br\/orgaos-suplementares\/biblioteca\/wp-json\/wp\/v2\/types\/page"}],"author":[{"embeddable":true,"href":"https:\/\/www.ufsm.br\/orgaos-suplementares\/biblioteca\/wp-json\/wp\/v2\/users\/6335"}],"replies":[{"embeddable":true,"href":"https:\/\/www.ufsm.br\/orgaos-suplementares\/biblioteca\/wp-json\/wp\/v2\/comments?post=3268"}],"version-history":[{"count":0,"href":"https:\/\/www.ufsm.br\/orgaos-suplementares\/biblioteca\/wp-json\/wp\/v2\/pages\/3268\/revisions"}],"wp:attachment":[{"href":"https:\/\/www.ufsm.br\/orgaos-suplementares\/biblioteca\/wp-json\/wp\/v2\/media?parent=3268"}],"wp:term":[{"taxonomy":"category","embeddable":true,"href":"https:\/\/www.ufsm.br\/orgaos-suplementares\/biblioteca\/wp-json\/wp\/v2\/categories?post=3268"},{"taxonomy":"post_tag","embeddable":true,"href":"https:\/\/www.ufsm.br\/orgaos-suplementares\/biblioteca\/wp-json\/wp\/v2\/tags?post=3268"}],"curies":[{"name":"wp","href":"https:\/\/api.w.org\/{rel}","templated":true}]}}